{"version":"1.0","provider_name":"Das NSU-Prozess-Blog","provider_url":"https:\/\/blog.zeit.de\/nsu-prozess-blog","author_name":"Tom Sundermann","author_url":"https:\/\/blog.zeit.de\/nsu-prozess-blog\/author\/tsundermann\/","title":"So naiv dachten die Ermittler \u2013 Das Medienlog vom Mittwoch, 4. November 2015 - Das NSU-Prozess-Blog","type":"rich","width":600,"height":338,"html":"<blockquote class=\"wp-embedded-content\" data-secret=\"aMPuTBH3W1\"><a href=\"https:\/\/blog.zeit.de\/nsu-prozess-blog\/2015\/11\/04\/medienlog-4-november-auffliegen-nsu\/\">So naiv dachten die Ermittler \u2013 Das Medienlog vom Mittwoch, 4. November 2015<\/a><\/blockquote><iframe sandbox=\"allow-scripts\" security=\"restricted\" src=\"https:\/\/blog.zeit.de\/nsu-prozess-blog\/2015\/11\/04\/medienlog-4-november-auffliegen-nsu\/embed\/#?secret=aMPuTBH3W1\" width=\"600\" height=\"338\" title=\"&#8222;So naiv dachten die Ermittler \u2013 Das Medienlog vom Mittwoch, 4. November 2015&#8220; &#8212; Das NSU-Prozess-Blog\" data-secret=\"aMPuTBH3W1\" frameborder=\"0\" marginwidth=\"0\" marginheight=\"0\" scrolling=\"no\" class=\"wp-embedded-content\"><\/iframe><script type=\"text\/javascript\">\n\/* <![CDATA[ *\/\n\/*! This file is auto-generated *\/\n!function(d,l){\"use strict\";l.querySelector&&d.addEventListener&&\"undefined\"!=typeof URL&&(d.wp=d.wp||{},d.wp.receiveEmbedMessage||(d.wp.receiveEmbedMessage=function(e){var t=e.data;if((t||t.secret||t.message||t.value)&&!\/[^a-zA-Z0-9]\/.test(t.secret)){for(var s,r,n,a=l.querySelectorAll('iframe[data-secret=\"'+t.secret+'\"]'),o=l.querySelectorAll('blockquote[data-secret=\"'+t.secret+'\"]'),c=new RegExp(\"^https?:$\",\"i\"),i=0;i<o.length;i++)o[i].style.display=\"none\";for(i=0;i<a.length;i++)s=a[i],e.source===s.contentWindow&&(s.removeAttribute(\"style\"),\"height\"===t.message?(1e3<(r=parseInt(t.value,10))?r=1e3:~~r<200&&(r=200),s.height=r):\"link\"===t.message&&(r=new URL(s.getAttribute(\"src\")),n=new URL(t.value),c.test(n.protocol))&&n.host===r.host&&l.activeElement===s&&(d.top.location.href=t.value))}},d.addEventListener(\"message\",d.wp.receiveEmbedMessage,!1),l.addEventListener(\"DOMContentLoaded\",function(){for(var e,t,s=l.querySelectorAll(\"iframe.wp-embedded-content\"),r=0;r<s.length;r++)(t=(e=s[r]).getAttribute(\"data-secret\"))||(t=Math.random().toString(36).substring(2,12),e.src+=\"#?secret=\"+t,e.setAttribute(\"data-secret\",t)),e.contentWindow.postMessage({message:\"ready\",secret:t},\"*\")},!1)))}(window,document);\n\/* ]]> *\/\n<\/script>\n","description":"Heute vor vier Jahren flog der NSU auf, als sich Uwe Mundlos und Uwe B\u00f6hnhardt nach einem gescheiterten Bank\u00fcberfall in einem Wohnmobil erschossen und Beate Zsch\u00e4pe das Haus des NSU in Zwickau anz\u00fcndete. Doch trotz tiefgehender Ermittlungen sind zu der Terrorzelle, die f\u00fcr zehn Morde verantwortlich sein soll, noch immer etliche Fragen offen. Damit besch\u00e4ftigen [&hellip;]"}

Heute vor vier Jahren flog der NSU auf, als sich Uwe Mundlos und Uwe Böhnhardt nach einem gescheiterten Banküberfall in einem Wohnmobil erschossen und Beate Zschäpe das Haus des NSU in Zwickau anzündete. Doch trotz tiefgehender Ermittlungen sind zu der Terrorzelle, die für zehn Morde verantwortlich sein soll, noch immer etliche Fragen offen. Damit beschäftigen [&hellip;]
