{"version":"1.0","provider_name":"Das NSU-Prozess-Blog","provider_url":"https:\/\/blog.zeit.de\/nsu-prozess-blog","author_name":"Tom Sundermann","author_url":"https:\/\/blog.zeit.de\/nsu-prozess-blog\/author\/tsundermann\/","title":"Das Pl\u00e4doyer ist gehalten - Das NSU-Prozess-Blog","type":"rich","width":600,"height":338,"html":"<blockquote class=\"wp-embedded-content\" data-secret=\"Pn7Qk4nP5w\"><a href=\"https:\/\/blog.zeit.de\/nsu-prozess-blog\/2016\/07\/05\/das-plaedoyer-ist-gehalten\/\">Das Pl\u00e4doyer ist gehalten<\/a><\/blockquote><iframe sandbox=\"allow-scripts\" security=\"restricted\" src=\"https:\/\/blog.zeit.de\/nsu-prozess-blog\/2016\/07\/05\/das-plaedoyer-ist-gehalten\/embed\/#?secret=Pn7Qk4nP5w\" width=\"600\" height=\"338\" title=\"&#8222;Das Pl\u00e4doyer ist gehalten&#8220; &#8212; Das NSU-Prozess-Blog\" data-secret=\"Pn7Qk4nP5w\" frameborder=\"0\" marginwidth=\"0\" marginheight=\"0\" scrolling=\"no\" class=\"wp-embedded-content\"><\/iframe><script type=\"text\/javascript\">\n\/* <![CDATA[ *\/\n\/*! This file is auto-generated *\/\n!function(d,l){\"use strict\";l.querySelector&&d.addEventListener&&\"undefined\"!=typeof URL&&(d.wp=d.wp||{},d.wp.receiveEmbedMessage||(d.wp.receiveEmbedMessage=function(e){var t=e.data;if((t||t.secret||t.message||t.value)&&!\/[^a-zA-Z0-9]\/.test(t.secret)){for(var s,r,n,a=l.querySelectorAll('iframe[data-secret=\"'+t.secret+'\"]'),o=l.querySelectorAll('blockquote[data-secret=\"'+t.secret+'\"]'),c=new RegExp(\"^https?:$\",\"i\"),i=0;i<o.length;i++)o[i].style.display=\"none\";for(i=0;i<a.length;i++)s=a[i],e.source===s.contentWindow&&(s.removeAttribute(\"style\"),\"height\"===t.message?(1e3<(r=parseInt(t.value,10))?r=1e3:~~r<200&&(r=200),s.height=r):\"link\"===t.message&&(r=new URL(s.getAttribute(\"src\")),n=new URL(t.value),c.test(n.protocol))&&n.host===r.host&&l.activeElement===s&&(d.top.location.href=t.value))}},d.addEventListener(\"message\",d.wp.receiveEmbedMessage,!1),l.addEventListener(\"DOMContentLoaded\",function(){for(var e,t,s=l.querySelectorAll(\"iframe.wp-embedded-content\"),r=0;r<s.length;r++)(t=(e=s[r]).getAttribute(\"data-secret\"))||(t=Math.random().toString(36).substring(2,12),e.src+=\"#?secret=\"+t,e.setAttribute(\"data-secret\",t)),e.contentWindow.postMessage({message:\"ready\",secret:t},\"*\")},!1)))}(window,document);\n\/* ]]> *\/\n<\/script>\n","description":"Im NSU-Prozess haben sich die Verteidiger des Mitangeklagten Ralf Wohlleben auf eine Verteidigungslinie festgelegt: Ihr Mandant sei das Opfer. Stimmig wirkt das nicht. Eigentlich folgt das Pl\u00e4doyer der Verteidiger erst nach der Beweisaufnahme, wenn also alle Zeugen geh\u00f6rt und alle Beweisst\u00fccke gesichtet sind. Es ist der letzte Appell ans Gericht, die letzte Chance, noch einmal [&hellip;]"}

Das Plädoyer ist gehalten - Das NSU-Prozess-Blog

<blockquote class="wp-embedded-content" data-secret="Pn7Qk4nP5w"><a href="https://blog.zeit.de/nsu-prozess-blog/2016/07/05/das-plaedoyer-ist-gehalten/">Das Plädoyer ist gehalten</a></blockquote><iframe sandbox="allow-scripts" security="restricted" src="https://blog.zeit.de/nsu-prozess-blog/2016/07/05/das-plaedoyer-ist-gehalten/embed/#?secret=Pn7Qk4nP5w" width="600" height="338" title="&#8222;Das Plädoyer ist gehalten&#8220; &#8212; Das NSU-Prozess-Blog" data-secret="Pn7Qk4nP5w" frameborder="0" marginwidth="0" marginheight="0" scrolling="no" class="wp-embedded-content"></iframe><script type="text/javascript">
/* <![CDATA[ */
/*! This file is auto-generated */
!function(d,l){"use strict";l.querySelector&&d.addEventListener&&"undefined"!=typeof URL&&(d.wp=d.wp||{},d.wp.receiveEmbedMessage||(d.wp.receiveEmbedMessage=function(e){var t=e.data;if((t||t.secret||t.message||t.value)&&!/[^a-zA-Z0-9]/.test(t.secret)){for(var s,r,n,a=l.querySelectorAll('iframe[data-secret="'+t.secret+'"]'),o=l.querySelectorAll('blockquote[data-secret="'+t.secret+'"]'),c=new RegExp("^https?:$","i"),i=0;i<o.length;i++)o[i].style.display="none";for(i=0;i<a.length;i++)s=a[i],e.source===s.contentWindow&&(s.removeAttribute("style"),"height"===t.message?(1e3<(r=parseInt(t.value,10))?r=1e3:~~r<200&&(r=200),s.height=r):"link"===t.message&&(r=new URL(s.getAttribute("src")),n=new URL(t.value),c.test(n.protocol))&&n.host===r.host&&l.activeElement===s&&(d.top.location.href=t.value))}},d.addEventListener("message",d.wp.receiveEmbedMessage,!1),l.addEventListener("DOMContentLoaded",function(){for(var e,t,s=l.querySelectorAll("iframe.wp-embedded-content"),r=0;r<s.length;r++)(t=(e=s[r]).getAttribute("data-secret"))||(t=Math.random().toString(36).substring(2,12),e.src+="#?secret="+t,e.setAttribute("data-secret",t)),e.contentWindow.postMessage({message:"ready",secret:t},"*")},!1)))}(window,document);
/* ]]> */
</script>

Im NSU-Prozess haben sich die Verteidiger des Mitangeklagten Ralf Wohlleben auf eine Verteidigungslinie festgelegt: Ihr Mandant sei das Opfer. Stimmig wirkt das nicht. Eigentlich folgt das Plädoyer der Verteidiger erst nach der Beweisaufnahme, wenn also alle Zeugen gehört und alle Beweisstücke gesichtet sind. Es ist der letzte Appell ans Gericht, die letzte Chance, noch einmal [&hellip;]
