{"version":"1.0","provider_name":"Das NSU-Prozess-Blog","provider_url":"https:\/\/blog.zeit.de\/nsu-prozess-blog","author_name":"Tom Sundermann","author_url":"https:\/\/blog.zeit.de\/nsu-prozess-blog\/author\/tsundermann\/","title":"Wenn Anw\u00e4lte um Notizen streiten \u2013 Das Medienlog vom Mittwoch, 8. Februar 2017 - Das NSU-Prozess-Blog","type":"rich","width":600,"height":338,"html":"<blockquote class=\"wp-embedded-content\" data-secret=\"osxvSQFlOv\"><a href=\"https:\/\/blog.zeit.de\/nsu-prozess-blog\/2017\/02\/08\/medienlog-zschaepe-notizen-gutachten-nsu\/\">Wenn Anw\u00e4lte um Notizen streiten \u2013 Das Medienlog vom Mittwoch, 8. Februar 2017<\/a><\/blockquote><iframe sandbox=\"allow-scripts\" security=\"restricted\" src=\"https:\/\/blog.zeit.de\/nsu-prozess-blog\/2017\/02\/08\/medienlog-zschaepe-notizen-gutachten-nsu\/embed\/#?secret=osxvSQFlOv\" width=\"600\" height=\"338\" title=\"&#8222;Wenn Anw\u00e4lte um Notizen streiten \u2013 Das Medienlog vom Mittwoch, 8. Februar 2017&#8220; &#8212; Das NSU-Prozess-Blog\" data-secret=\"osxvSQFlOv\" frameborder=\"0\" marginwidth=\"0\" marginheight=\"0\" scrolling=\"no\" class=\"wp-embedded-content\"><\/iframe><script type=\"text\/javascript\">\n\/* <![CDATA[ *\/\n\/*! This file is auto-generated *\/\n!function(d,l){\"use strict\";l.querySelector&&d.addEventListener&&\"undefined\"!=typeof URL&&(d.wp=d.wp||{},d.wp.receiveEmbedMessage||(d.wp.receiveEmbedMessage=function(e){var t=e.data;if((t||t.secret||t.message||t.value)&&!\/[^a-zA-Z0-9]\/.test(t.secret)){for(var s,r,n,a=l.querySelectorAll('iframe[data-secret=\"'+t.secret+'\"]'),o=l.querySelectorAll('blockquote[data-secret=\"'+t.secret+'\"]'),c=new RegExp(\"^https?:$\",\"i\"),i=0;i<o.length;i++)o[i].style.display=\"none\";for(i=0;i<a.length;i++)s=a[i],e.source===s.contentWindow&&(s.removeAttribute(\"style\"),\"height\"===t.message?(1e3<(r=parseInt(t.value,10))?r=1e3:~~r<200&&(r=200),s.height=r):\"link\"===t.message&&(r=new URL(s.getAttribute(\"src\")),n=new URL(t.value),c.test(n.protocol))&&n.host===r.host&&l.activeElement===s&&(d.top.location.href=t.value))}},d.addEventListener(\"message\",d.wp.receiveEmbedMessage,!1),l.addEventListener(\"DOMContentLoaded\",function(){for(var e,t,s=l.querySelectorAll(\"iframe.wp-embedded-content\"),r=0;r<s.length;r++)(t=(e=s[r]).getAttribute(\"data-secret\"))||(t=Math.random().toString(36).substring(2,12),e.src+=\"#?secret=\"+t,e.setAttribute(\"data-secret\",t)),e.contentWindow.postMessage({message:\"ready\",secret:t},\"*\")},!1)))}(window,document);\n\/* ]]> *\/\n<\/script>\n","description":"Der Psychiater Henning Sa\u00df stand am Dienstag erneut im Fokus des NSU-Verfahrens. Um sein Gutachten, in dem er Zsch\u00e4pe die Schuldf\u00e4higkeit bescheinigt hatte, ging es jedoch nur am Rande. Der Prozesstag kreiste um die Frage, ob der Sachverst\u00e4ndige Zsch\u00e4pes Verteidigern aus seinen Notizen zu berichten habe. Das Gericht lehnte diesen Wunsch der Anw\u00e4lte ab. Der [&hellip;]"}

Wenn Anwälte um Notizen streiten – Das Medienlog vom Mittwoch, 8. Februar 2017 - Das NSU-Prozess-Blog

<blockquote class="wp-embedded-content" data-secret="osxvSQFlOv"><a href="https://blog.zeit.de/nsu-prozess-blog/2017/02/08/medienlog-zschaepe-notizen-gutachten-nsu/">Wenn Anwälte um Notizen streiten – Das Medienlog vom Mittwoch, 8. Februar 2017</a></blockquote><iframe sandbox="allow-scripts" security="restricted" src="https://blog.zeit.de/nsu-prozess-blog/2017/02/08/medienlog-zschaepe-notizen-gutachten-nsu/embed/#?secret=osxvSQFlOv" width="600" height="338" title="&#8222;Wenn Anwälte um Notizen streiten – Das Medienlog vom Mittwoch, 8. Februar 2017&#8220; &#8212; Das NSU-Prozess-Blog" data-secret="osxvSQFlOv" frameborder="0" marginwidth="0" marginheight="0" scrolling="no" class="wp-embedded-content"></iframe><script type="text/javascript">
/* <![CDATA[ */
/*! This file is auto-generated */
!function(d,l){"use strict";l.querySelector&&d.addEventListener&&"undefined"!=typeof URL&&(d.wp=d.wp||{},d.wp.receiveEmbedMessage||(d.wp.receiveEmbedMessage=function(e){var t=e.data;if((t||t.secret||t.message||t.value)&&!/[^a-zA-Z0-9]/.test(t.secret)){for(var s,r,n,a=l.querySelectorAll('iframe[data-secret="'+t.secret+'"]'),o=l.querySelectorAll('blockquote[data-secret="'+t.secret+'"]'),c=new RegExp("^https?:$","i"),i=0;i<o.length;i++)o[i].style.display="none";for(i=0;i<a.length;i++)s=a[i],e.source===s.contentWindow&&(s.removeAttribute("style"),"height"===t.message?(1e3<(r=parseInt(t.value,10))?r=1e3:~~r<200&&(r=200),s.height=r):"link"===t.message&&(r=new URL(s.getAttribute("src")),n=new URL(t.value),c.test(n.protocol))&&n.host===r.host&&l.activeElement===s&&(d.top.location.href=t.value))}},d.addEventListener("message",d.wp.receiveEmbedMessage,!1),l.addEventListener("DOMContentLoaded",function(){for(var e,t,s=l.querySelectorAll("iframe.wp-embedded-content"),r=0;r<s.length;r++)(t=(e=s[r]).getAttribute("data-secret"))||(t=Math.random().toString(36).substring(2,12),e.src+="#?secret="+t,e.setAttribute("data-secret",t)),e.contentWindow.postMessage({message:"ready",secret:t},"*")},!1)))}(window,document);
/* ]]> */
</script>

Der Psychiater Henning Saß stand am Dienstag erneut im Fokus des NSU-Verfahrens. Um sein Gutachten, in dem er Zschäpe die Schuldfähigkeit bescheinigt hatte, ging es jedoch nur am Rande. Der Prozesstag kreiste um die Frage, ob der Sachverständige Zschäpes Verteidigern aus seinen Notizen zu berichten habe. Das Gericht lehnte diesen Wunsch der Anwälte ab. Der [&hellip;]
