{"version":"1.0","provider_name":"Das NSU-Prozess-Blog","provider_url":"https:\/\/blog.zeit.de\/nsu-prozess-blog","author_name":"Tom Sundermann","author_url":"https:\/\/blog.zeit.de\/nsu-prozess-blog\/author\/tsundermann\/","title":"Ein letztes Mal Macht - Das NSU-Prozess-Blog","type":"rich","width":600,"height":338,"html":"<blockquote class=\"wp-embedded-content\" data-secret=\"ByyK1Th4do\"><a href=\"https:\/\/blog.zeit.de\/nsu-prozess-blog\/2017\/03\/29\/ein-letztes-mal-macht\/\">Ein letztes Mal Macht<\/a><\/blockquote><iframe sandbox=\"allow-scripts\" security=\"restricted\" src=\"https:\/\/blog.zeit.de\/nsu-prozess-blog\/2017\/03\/29\/ein-letztes-mal-macht\/embed\/#?secret=ByyK1Th4do\" width=\"600\" height=\"338\" title=\"&#8222;Ein letztes Mal Macht&#8220; &#8212; Das NSU-Prozess-Blog\" data-secret=\"ByyK1Th4do\" frameborder=\"0\" marginwidth=\"0\" marginheight=\"0\" scrolling=\"no\" class=\"wp-embedded-content\"><\/iframe><script type=\"text\/javascript\">\n\/* <![CDATA[ *\/\n\/*! This file is auto-generated *\/\n!function(d,l){\"use strict\";l.querySelector&&d.addEventListener&&\"undefined\"!=typeof URL&&(d.wp=d.wp||{},d.wp.receiveEmbedMessage||(d.wp.receiveEmbedMessage=function(e){var t=e.data;if((t||t.secret||t.message||t.value)&&!\/[^a-zA-Z0-9]\/.test(t.secret)){for(var s,r,n,a=l.querySelectorAll('iframe[data-secret=\"'+t.secret+'\"]'),o=l.querySelectorAll('blockquote[data-secret=\"'+t.secret+'\"]'),c=new RegExp(\"^https?:$\",\"i\"),i=0;i<o.length;i++)o[i].style.display=\"none\";for(i=0;i<a.length;i++)s=a[i],e.source===s.contentWindow&&(s.removeAttribute(\"style\"),\"height\"===t.message?(1e3<(r=parseInt(t.value,10))?r=1e3:~~r<200&&(r=200),s.height=r):\"link\"===t.message&&(r=new URL(s.getAttribute(\"src\")),n=new URL(t.value),c.test(n.protocol))&&n.host===r.host&&l.activeElement===s&&(d.top.location.href=t.value))}},d.addEventListener(\"message\",d.wp.receiveEmbedMessage,!1),l.addEventListener(\"DOMContentLoaded\",function(){for(var e,t,s=l.querySelectorAll(\"iframe.wp-embedded-content\"),r=0;r<s.length;r++)(t=(e=s[r]).getAttribute(\"data-secret\"))||(t=Math.random().toString(36).substring(2,12),e.src+=\"#?secret=\"+t,e.setAttribute(\"data-secret\",t)),e.contentWindow.postMessage({message:\"ready\",secret:t},\"*\")},!1)))}(window,document);\n\/* ]]> *\/\n<\/script>\n","thumbnail_url":"https:\/\/blog.zeit.de\/nsu-prozess-blog\/files\/2017\/02\/beates-anwaelte.jpg","thumbnail_width":1000,"thumbnail_height":648,"description":"Zwischen den Verteidigern von Beate Zsch\u00e4pe tobt ein Streit, entfacht von der Angeklagten. Das Urteil im NSU-Prozess vor Augen will sie noch einmal die Kontrolle haben. Beate Zsch\u00e4pe: eine Pers\u00f6nlichkeit, die mit Vorliebe andere Menschen manipuliert. Eine, die die M\u00e4nner um sich herum im Griff hat. So wurde die Hauptangeklagte im NSU-Prozess immer wieder beschrieben, [&hellip;]"}

Zwischen den Verteidigern von Beate Zschäpe tobt ein Streit, entfacht von der Angeklagten. Das Urteil im NSU-Prozess vor Augen will sie noch einmal die Kontrolle haben. Beate Zschäpe: eine Persönlichkeit, die mit Vorliebe andere Menschen manipuliert. Eine, die die Männer um sich herum im Griff hat. So wurde die Hauptangeklagte im NSU-Prozess immer wieder beschrieben, [&hellip;]
