{"version":"1.0","provider_name":"Das NSU-Prozess-Blog","provider_url":"https:\/\/blog.zeit.de\/nsu-prozess-blog","author_name":"Tom Sundermann","author_url":"https:\/\/blog.zeit.de\/nsu-prozess-blog\/author\/tsundermann\/","title":"Eine Endphase, die nicht endet \u2013 Das Medienlog vom Freitag, 30. Juni 2017 - Das NSU-Prozess-Blog","type":"rich","width":600,"height":338,"html":"<blockquote class=\"wp-embedded-content\" data-secret=\"y2k74Ox0fG\"><a href=\"https:\/\/blog.zeit.de\/nsu-prozess-blog\/2017\/06\/30\/medienlog-antrag-gutachter-endphase-nsu\/\">Eine Endphase, die nicht endet \u2013 Das Medienlog vom Freitag, 30. Juni 2017<\/a><\/blockquote><iframe sandbox=\"allow-scripts\" security=\"restricted\" src=\"https:\/\/blog.zeit.de\/nsu-prozess-blog\/2017\/06\/30\/medienlog-antrag-gutachter-endphase-nsu\/embed\/#?secret=y2k74Ox0fG\" width=\"600\" height=\"338\" title=\"&#8222;Eine Endphase, die nicht endet \u2013 Das Medienlog vom Freitag, 30. Juni 2017&#8220; &#8212; Das NSU-Prozess-Blog\" data-secret=\"y2k74Ox0fG\" frameborder=\"0\" marginwidth=\"0\" marginheight=\"0\" scrolling=\"no\" class=\"wp-embedded-content\"><\/iframe><script type=\"text\/javascript\">\n\/* <![CDATA[ *\/\n\/*! This file is auto-generated *\/\n!function(d,l){\"use strict\";l.querySelector&&d.addEventListener&&\"undefined\"!=typeof URL&&(d.wp=d.wp||{},d.wp.receiveEmbedMessage||(d.wp.receiveEmbedMessage=function(e){var t=e.data;if((t||t.secret||t.message||t.value)&&!\/[^a-zA-Z0-9]\/.test(t.secret)){for(var s,r,n,a=l.querySelectorAll('iframe[data-secret=\"'+t.secret+'\"]'),o=l.querySelectorAll('blockquote[data-secret=\"'+t.secret+'\"]'),c=new RegExp(\"^https?:$\",\"i\"),i=0;i<o.length;i++)o[i].style.display=\"none\";for(i=0;i<a.length;i++)s=a[i],e.source===s.contentWindow&&(s.removeAttribute(\"style\"),\"height\"===t.message?(1e3<(r=parseInt(t.value,10))?r=1e3:~~r<200&&(r=200),s.height=r):\"link\"===t.message&&(r=new URL(s.getAttribute(\"src\")),n=new URL(t.value),c.test(n.protocol))&&n.host===r.host&&l.activeElement===s&&(d.top.location.href=t.value))}},d.addEventListener(\"message\",d.wp.receiveEmbedMessage,!1),l.addEventListener(\"DOMContentLoaded\",function(){for(var e,t,s=l.querySelectorAll(\"iframe.wp-embedded-content\"),r=0;r<s.length;r++)(t=(e=s[r]).getAttribute(\"data-secret\"))||(t=Math.random().toString(36).substring(2,12),e.src+=\"#?secret=\"+t,e.setAttribute(\"data-secret\",t)),e.contentWindow.postMessage({message:\"ready\",secret:t},\"*\")},!1)))}(window,document);\n\/* ]]> *\/\n<\/script>\n","thumbnail_url":"https:\/\/blog.zeit.de\/nsu-prozess-blog\/files\/2017\/06\/goetzl.jpg","thumbnail_width":3452,"thumbnail_height":2464,"description":"Auf die geplante Befragung von Beate Zsch\u00e4pes Gutachter Henning Sa\u00df verzichteten die Verteidiger der Hauptangeklagten am Donnerstag \u2013 stattdessen behielten sie sich vor, in der kommenden Woche die Beiziehung eines weiteren Sachverst\u00e4ndigen zu beantragen. So blieb vor allem ein Satz im Ged\u00e4chtnis, gesprochen von Richter Manfred G\u00f6tzl: &#8222;Die Hauptverhandlung befindet sich in der Endphase.&#8220; Dennoch [&hellip;]"}

Auf die geplante Befragung von Beate Zschäpes Gutachter Henning Saß verzichteten die Verteidiger der Hauptangeklagten am Donnerstag – stattdessen behielten sie sich vor, in der kommenden Woche die Beiziehung eines weiteren Sachverständigen zu beantragen. So blieb vor allem ein Satz im Gedächtnis, gesprochen von Richter Manfred Götzl: &#8222;Die Hauptverhandlung befindet sich in der Endphase.&#8220; Dennoch [&hellip;]
