{"version":"1.0","provider_name":"Das NSU-Prozess-Blog","provider_url":"https:\/\/blog.zeit.de\/nsu-prozess-blog","author_name":"Tom Sundermann","author_url":"https:\/\/blog.zeit.de\/nsu-prozess-blog\/author\/tsundermann\/","title":"Kampfeslustige Verteidiger und ein unbeirrter Richter \u2013 Das Medienlog vom Donnerstag, 5. Oktober 2017 - Das NSU-Prozess-Blog","type":"rich","width":600,"height":338,"html":"<blockquote class=\"wp-embedded-content\" data-secret=\"0nGJZAre3O\"><a href=\"https:\/\/blog.zeit.de\/nsu-prozess-blog\/2017\/10\/05\/medienlog-befangenheitsantraege-goetzl-nsu\/\">Kampfeslustige Verteidiger und ein unbeirrter Richter \u2013 Das Medienlog vom Donnerstag, 5. Oktober 2017<\/a><\/blockquote><iframe sandbox=\"allow-scripts\" security=\"restricted\" src=\"https:\/\/blog.zeit.de\/nsu-prozess-blog\/2017\/10\/05\/medienlog-befangenheitsantraege-goetzl-nsu\/embed\/#?secret=0nGJZAre3O\" width=\"600\" height=\"338\" title=\"&#8222;Kampfeslustige Verteidiger und ein unbeirrter Richter \u2013 Das Medienlog vom Donnerstag, 5. Oktober 2017&#8220; &#8212; Das NSU-Prozess-Blog\" data-secret=\"0nGJZAre3O\" frameborder=\"0\" marginwidth=\"0\" marginheight=\"0\" scrolling=\"no\" class=\"wp-embedded-content\"><\/iframe><script type=\"text\/javascript\">\n\/* <![CDATA[ *\/\n\/*! This file is auto-generated *\/\n!function(d,l){\"use strict\";l.querySelector&&d.addEventListener&&\"undefined\"!=typeof URL&&(d.wp=d.wp||{},d.wp.receiveEmbedMessage||(d.wp.receiveEmbedMessage=function(e){var t=e.data;if((t||t.secret||t.message||t.value)&&!\/[^a-zA-Z0-9]\/.test(t.secret)){for(var s,r,n,a=l.querySelectorAll('iframe[data-secret=\"'+t.secret+'\"]'),o=l.querySelectorAll('blockquote[data-secret=\"'+t.secret+'\"]'),c=new RegExp(\"^https?:$\",\"i\"),i=0;i<o.length;i++)o[i].style.display=\"none\";for(i=0;i<a.length;i++)s=a[i],e.source===s.contentWindow&&(s.removeAttribute(\"style\"),\"height\"===t.message?(1e3<(r=parseInt(t.value,10))?r=1e3:~~r<200&&(r=200),s.height=r):\"link\"===t.message&&(r=new URL(s.getAttribute(\"src\")),n=new URL(t.value),c.test(n.protocol))&&n.host===r.host&&l.activeElement===s&&(d.top.location.href=t.value))}},d.addEventListener(\"message\",d.wp.receiveEmbedMessage,!1),l.addEventListener(\"DOMContentLoaded\",function(){for(var e,t,s=l.querySelectorAll(\"iframe.wp-embedded-content\"),r=0;r<s.length;r++)(t=(e=s[r]).getAttribute(\"data-secret\"))||(t=Math.random().toString(36).substring(2,12),e.src+=\"#?secret=\"+t,e.setAttribute(\"data-secret\",t)),e.contentWindow.postMessage({message:\"ready\",secret:t},\"*\")},!1)))}(window,document);\n\/* ]]> *\/\n<\/script>\n","description":"Der NSU-Prozess stockt: Drei Wochen pausierte das Verfahren, weil die Verteidiger der Mitangeklagten Andr\u00e9 E. und Ralf Wohlleben mehrere Befangenheitsantr\u00e4ge gegen die Richter gestellt hatten. In der Sitzung am Mittwoch kamen f\u00fcnf neue hinzu, zwei weitere wurden angek\u00fcndigt. Daraufhin setzte Richter Manfred G\u00f6tzl den Prozess f\u00fcr weitere drei Wochen aus. Am 24. Oktober soll der [&hellip;]"}

Der NSU-Prozess stockt: Drei Wochen pausierte das Verfahren, weil die Verteidiger der Mitangeklagten André E. und Ralf Wohlleben mehrere Befangenheitsanträge gegen die Richter gestellt hatten. In der Sitzung am Mittwoch kamen fünf neue hinzu, zwei weitere wurden angekündigt. Daraufhin setzte Richter Manfred Götzl den Prozess für weitere drei Wochen aus. Am 24. Oktober soll der [&hellip;]
