{"version":"1.0","provider_name":"Das NSU-Prozess-Blog","provider_url":"https:\/\/blog.zeit.de\/nsu-prozess-blog","author_name":"Tom Sundermann","author_url":"https:\/\/blog.zeit.de\/nsu-prozess-blog\/author\/tsundermann\/","title":"Richter schleichen auf Samtpf\u00f6tchen \u2013 Das Medienlog vom Montag, 6. November 2017 - Das NSU-Prozess-Blog","type":"rich","width":600,"height":338,"html":"<blockquote class=\"wp-embedded-content\" data-secret=\"Dewct7NhkX\"><a href=\"https:\/\/blog.zeit.de\/nsu-prozess-blog\/2017\/11\/06\/medienlog-nsu-prozess-dauer\/\">Richter schleichen auf Samtpf\u00f6tchen \u2013 Das Medienlog vom Montag, 6. November 2017<\/a><\/blockquote><iframe sandbox=\"allow-scripts\" security=\"restricted\" src=\"https:\/\/blog.zeit.de\/nsu-prozess-blog\/2017\/11\/06\/medienlog-nsu-prozess-dauer\/embed\/#?secret=Dewct7NhkX\" width=\"600\" height=\"338\" title=\"&#8222;Richter schleichen auf Samtpf\u00f6tchen \u2013 Das Medienlog vom Montag, 6. November 2017&#8220; &#8212; Das NSU-Prozess-Blog\" data-secret=\"Dewct7NhkX\" frameborder=\"0\" marginwidth=\"0\" marginheight=\"0\" scrolling=\"no\" class=\"wp-embedded-content\"><\/iframe><script type=\"text\/javascript\">\n\/* <![CDATA[ *\/\n\/*! This file is auto-generated *\/\n!function(d,l){\"use strict\";l.querySelector&&d.addEventListener&&\"undefined\"!=typeof URL&&(d.wp=d.wp||{},d.wp.receiveEmbedMessage||(d.wp.receiveEmbedMessage=function(e){var t=e.data;if((t||t.secret||t.message||t.value)&&!\/[^a-zA-Z0-9]\/.test(t.secret)){for(var s,r,n,a=l.querySelectorAll('iframe[data-secret=\"'+t.secret+'\"]'),o=l.querySelectorAll('blockquote[data-secret=\"'+t.secret+'\"]'),c=new RegExp(\"^https?:$\",\"i\"),i=0;i<o.length;i++)o[i].style.display=\"none\";for(i=0;i<a.length;i++)s=a[i],e.source===s.contentWindow&&(s.removeAttribute(\"style\"),\"height\"===t.message?(1e3<(r=parseInt(t.value,10))?r=1e3:~~r<200&&(r=200),s.height=r):\"link\"===t.message&&(r=new URL(s.getAttribute(\"src\")),n=new URL(t.value),c.test(n.protocol))&&n.host===r.host&&l.activeElement===s&&(d.top.location.href=t.value))}},d.addEventListener(\"message\",d.wp.receiveEmbedMessage,!1),l.addEventListener(\"DOMContentLoaded\",function(){for(var e,t,s=l.querySelectorAll(\"iframe.wp-embedded-content\"),r=0;r<s.length;r++)(t=(e=s[r]).getAttribute(\"data-secret\"))||(t=Math.random().toString(36).substring(2,12),e.src+=\"#?secret=\"+t,e.setAttribute(\"data-secret\",t)),e.contentWindow.postMessage({message:\"ready\",secret:t},\"*\")},!1)))}(window,document);\n\/* ]]> *\/\n<\/script>\n","description":"Der NSU-Prozess ist in seiner Schlussphase \u2013 doch deshalb noch lange nicht am Ende. Tats\u00e4chlich zieht sich das Verfahren immer weiter in die L\u00e4nge, derzeit wegen einer Serie von Befangenheitsantr\u00e4gen des Mitangeklagten Andr\u00e9 E. Sind viereinhalb Jahre zu lang? Dar\u00fcber debattieren die S\u00fcddeutsche-Autoren Heribert Prantl und Annette Ramelsberger. Der Prozess m\u00fcsse zum Schluss kommen, meint [&hellip;]"}

Richter schleichen auf Samtpfötchen – Das Medienlog vom Montag, 6. November 2017 - Das NSU-Prozess-Blog

<blockquote class="wp-embedded-content" data-secret="Dewct7NhkX"><a href="https://blog.zeit.de/nsu-prozess-blog/2017/11/06/medienlog-nsu-prozess-dauer/">Richter schleichen auf Samtpfötchen – Das Medienlog vom Montag, 6. November 2017</a></blockquote><iframe sandbox="allow-scripts" security="restricted" src="https://blog.zeit.de/nsu-prozess-blog/2017/11/06/medienlog-nsu-prozess-dauer/embed/#?secret=Dewct7NhkX" width="600" height="338" title="&#8222;Richter schleichen auf Samtpfötchen – Das Medienlog vom Montag, 6. November 2017&#8220; &#8212; Das NSU-Prozess-Blog" data-secret="Dewct7NhkX" frameborder="0" marginwidth="0" marginheight="0" scrolling="no" class="wp-embedded-content"></iframe><script type="text/javascript">
/* <![CDATA[ */
/*! This file is auto-generated */
!function(d,l){"use strict";l.querySelector&&d.addEventListener&&"undefined"!=typeof URL&&(d.wp=d.wp||{},d.wp.receiveEmbedMessage||(d.wp.receiveEmbedMessage=function(e){var t=e.data;if((t||t.secret||t.message||t.value)&&!/[^a-zA-Z0-9]/.test(t.secret)){for(var s,r,n,a=l.querySelectorAll('iframe[data-secret="'+t.secret+'"]'),o=l.querySelectorAll('blockquote[data-secret="'+t.secret+'"]'),c=new RegExp("^https?:$","i"),i=0;i<o.length;i++)o[i].style.display="none";for(i=0;i<a.length;i++)s=a[i],e.source===s.contentWindow&&(s.removeAttribute("style"),"height"===t.message?(1e3<(r=parseInt(t.value,10))?r=1e3:~~r<200&&(r=200),s.height=r):"link"===t.message&&(r=new URL(s.getAttribute("src")),n=new URL(t.value),c.test(n.protocol))&&n.host===r.host&&l.activeElement===s&&(d.top.location.href=t.value))}},d.addEventListener("message",d.wp.receiveEmbedMessage,!1),l.addEventListener("DOMContentLoaded",function(){for(var e,t,s=l.querySelectorAll("iframe.wp-embedded-content"),r=0;r<s.length;r++)(t=(e=s[r]).getAttribute("data-secret"))||(t=Math.random().toString(36).substring(2,12),e.src+="#?secret="+t,e.setAttribute("data-secret",t)),e.contentWindow.postMessage({message:"ready",secret:t},"*")},!1)))}(window,document);
/* ]]> */
</script>

Der NSU-Prozess ist in seiner Schlussphase – doch deshalb noch lange nicht am Ende. Tatsächlich zieht sich das Verfahren immer weiter in die Länge, derzeit wegen einer Serie von Befangenheitsanträgen des Mitangeklagten André E. Sind viereinhalb Jahre zu lang? Darüber debattieren die Süddeutsche-Autoren Heribert Prantl und Annette Ramelsberger. Der Prozess müsse zum Schluss kommen, meint [&hellip;]
