{"version":"1.0","provider_name":"Das NSU-Prozess-Blog","provider_url":"https:\/\/blog.zeit.de\/nsu-prozess-blog","author_name":"Tom Sundermann","author_url":"https:\/\/blog.zeit.de\/nsu-prozess-blog\/author\/tsundermann\/","title":"Plante der NSU weitere Anschl\u00e4ge? \u2013 Das Medienlog vom Mittwoch, 20. Dezember 2017 - Das NSU-Prozess-Blog","type":"rich","width":600,"height":338,"html":"<blockquote class=\"wp-embedded-content\" data-secret=\"lZbgw2TmTn\"><a href=\"https:\/\/blog.zeit.de\/nsu-prozess-blog\/2017\/12\/20\/medienlog-anschlagsplaene-video-nsu\/\">Plante der NSU weitere Anschl\u00e4ge? \u2013 Das Medienlog vom Mittwoch, 20. Dezember 2017<\/a><\/blockquote><iframe sandbox=\"allow-scripts\" security=\"restricted\" src=\"https:\/\/blog.zeit.de\/nsu-prozess-blog\/2017\/12\/20\/medienlog-anschlagsplaene-video-nsu\/embed\/#?secret=lZbgw2TmTn\" width=\"600\" height=\"338\" title=\"&#8222;Plante der NSU weitere Anschl\u00e4ge? \u2013 Das Medienlog vom Mittwoch, 20. Dezember 2017&#8220; &#8212; Das NSU-Prozess-Blog\" data-secret=\"lZbgw2TmTn\" frameborder=\"0\" marginwidth=\"0\" marginheight=\"0\" scrolling=\"no\" class=\"wp-embedded-content\"><\/iframe><script type=\"text\/javascript\">\n\/* <![CDATA[ *\/\n\/*! This file is auto-generated *\/\n!function(d,l){\"use strict\";l.querySelector&&d.addEventListener&&\"undefined\"!=typeof URL&&(d.wp=d.wp||{},d.wp.receiveEmbedMessage||(d.wp.receiveEmbedMessage=function(e){var t=e.data;if((t||t.secret||t.message||t.value)&&!\/[^a-zA-Z0-9]\/.test(t.secret)){for(var s,r,n,a=l.querySelectorAll('iframe[data-secret=\"'+t.secret+'\"]'),o=l.querySelectorAll('blockquote[data-secret=\"'+t.secret+'\"]'),c=new RegExp(\"^https?:$\",\"i\"),i=0;i<o.length;i++)o[i].style.display=\"none\";for(i=0;i<a.length;i++)s=a[i],e.source===s.contentWindow&&(s.removeAttribute(\"style\"),\"height\"===t.message?(1e3<(r=parseInt(t.value,10))?r=1e3:~~r<200&&(r=200),s.height=r):\"link\"===t.message&&(r=new URL(s.getAttribute(\"src\")),n=new URL(t.value),c.test(n.protocol))&&n.host===r.host&&l.activeElement===s&&(d.top.location.href=t.value))}},d.addEventListener(\"message\",d.wp.receiveEmbedMessage,!1),l.addEventListener(\"DOMContentLoaded\",function(){for(var e,t,s=l.querySelectorAll(\"iframe.wp-embedded-content\"),r=0;r<s.length;r++)(t=(e=s[r]).getAttribute(\"data-secret\"))||(t=Math.random().toString(36).substring(2,12),e.src+=\"#?secret=\"+t,e.setAttribute(\"data-secret\",t)),e.contentWindow.postMessage({message:\"ready\",secret:t},\"*\")},!1)))}(window,document);\n\/* ]]> *\/\n<\/script>\n","description":"Am Dienstag setzte der Nebenklageanwalt Eberhard Reinecke sein Pl\u00e4doyer fort \u2013 und stellte darin eine be\u00e4ngstigende These auf: Der NSU habe einen weiteren gro\u00dfen Terrorakt geplant. Als Anhaltspunkt zieht er das Bekennervideo der Gruppe heran, das nach Aussage von Beate Zsch\u00e4pe nur zur Ver\u00f6ffentlichung nach dem Ende der Terrorzelle gedacht war. Dem widerspricht Reinecke, wie [&hellip;]"}

Plante der NSU weitere Anschläge? – Das Medienlog vom Mittwoch, 20. Dezember 2017 - Das NSU-Prozess-Blog

<blockquote class="wp-embedded-content" data-secret="lZbgw2TmTn"><a href="https://blog.zeit.de/nsu-prozess-blog/2017/12/20/medienlog-anschlagsplaene-video-nsu/">Plante der NSU weitere Anschläge? – Das Medienlog vom Mittwoch, 20. Dezember 2017</a></blockquote><iframe sandbox="allow-scripts" security="restricted" src="https://blog.zeit.de/nsu-prozess-blog/2017/12/20/medienlog-anschlagsplaene-video-nsu/embed/#?secret=lZbgw2TmTn" width="600" height="338" title="&#8222;Plante der NSU weitere Anschläge? – Das Medienlog vom Mittwoch, 20. Dezember 2017&#8220; &#8212; Das NSU-Prozess-Blog" data-secret="lZbgw2TmTn" frameborder="0" marginwidth="0" marginheight="0" scrolling="no" class="wp-embedded-content"></iframe><script type="text/javascript">
/* <![CDATA[ */
/*! This file is auto-generated */
!function(d,l){"use strict";l.querySelector&&d.addEventListener&&"undefined"!=typeof URL&&(d.wp=d.wp||{},d.wp.receiveEmbedMessage||(d.wp.receiveEmbedMessage=function(e){var t=e.data;if((t||t.secret||t.message||t.value)&&!/[^a-zA-Z0-9]/.test(t.secret)){for(var s,r,n,a=l.querySelectorAll('iframe[data-secret="'+t.secret+'"]'),o=l.querySelectorAll('blockquote[data-secret="'+t.secret+'"]'),c=new RegExp("^https?:$","i"),i=0;i<o.length;i++)o[i].style.display="none";for(i=0;i<a.length;i++)s=a[i],e.source===s.contentWindow&&(s.removeAttribute("style"),"height"===t.message?(1e3<(r=parseInt(t.value,10))?r=1e3:~~r<200&&(r=200),s.height=r):"link"===t.message&&(r=new URL(s.getAttribute("src")),n=new URL(t.value),c.test(n.protocol))&&n.host===r.host&&l.activeElement===s&&(d.top.location.href=t.value))}},d.addEventListener("message",d.wp.receiveEmbedMessage,!1),l.addEventListener("DOMContentLoaded",function(){for(var e,t,s=l.querySelectorAll("iframe.wp-embedded-content"),r=0;r<s.length;r++)(t=(e=s[r]).getAttribute("data-secret"))||(t=Math.random().toString(36).substring(2,12),e.src+="#?secret="+t,e.setAttribute("data-secret",t)),e.contentWindow.postMessage({message:"ready",secret:t},"*")},!1)))}(window,document);
/* ]]> */
</script>

Am Dienstag setzte der Nebenklageanwalt Eberhard Reinecke sein Plädoyer fort – und stellte darin eine beängstigende These auf: Der NSU habe einen weiteren großen Terrorakt geplant. Als Anhaltspunkt zieht er das Bekennervideo der Gruppe heran, das nach Aussage von Beate Zschäpe nur zur Veröffentlichung nach dem Ende der Terrorzelle gedacht war. Dem widerspricht Reinecke, wie [&hellip;]
