{"id":10,"date":"2013-05-03T14:09:22","date_gmt":"2013-05-03T12:09:22","guid":{"rendered":"http:\/\/blog.zeit.de\/nsu-prozess-blog\/?page_id=10"},"modified":"2017-07-25T17:30:36","modified_gmt":"2017-07-25T15:30:36","slug":"die-mord-opfer","status":"publish","type":"page","link":"https:\/\/blog.zeit.de\/nsu-prozess-blog\/die-mord-opfer\/","title":{"rendered":"Die Opfer"},"content":{"rendered":"<p>&nbsp;<\/p>\n<p>9. September 2000, N\u00fcrnberg: Der Blumenh\u00e4ndler Enver \u015eim\u015fek (38) wird beim Arbeiten an einer Ausfallstra\u00dfe erschossen. Er hinterl\u00e4sst eine Frau und zwei Kinder. <a href=\"http:\/\/www.tagesspiegel.de\/politik\/semiya-simsek-klagt-an-das-erste-buch-der-neonazi-opfer\/7892580.html\">Semiya \u015eim\u015fek ver\u00f6ffentlicht sp\u00e4ter ein Buch \u00fcber die Erlebnisse ihrer Familie. <\/a><\/p>\n<p>19. Januar 2001, K\u00f6ln: In einem iranischen Lebensmittelgesch\u00e4ft explodiert ein Sprengsatz. Die 19-j\u00e4hrige Tochter des Inhabers wird schwer verletzt. Sie liegt Monate im Koma.<\/p>\n<p>13. Juni 2001, N\u00fcrnberg: Mundlos und B\u00f6hnhardt erschie\u00dfen den 49-j\u00e4hrigen Abdurrahim \u00d6z\u00fcdo\u011fru in seiner \u00c4nderungsschneiderei.<\/p>\n<p>27. Juni 2001, Hamburg: Der 31-j\u00e4hrige H\u00e4ndler S\u00fcleyman Ta\u015fk\u00f6pr\u00fc stirbt durch mehrere Kopfsch\u00fcsse in seinem Lebensmittelladen.<\/p>\n<p>29. August 2001, M\u00fcnchen: Der 38-j\u00e4hrige Gem\u00fcseh\u00e4ndler Habil Kili\u00e7 wird in seinem Gesch\u00e4ft erschossen.<\/p>\n<p>25. Februar 2004, Rostock: Durch drei Sch\u00fcsse stirbt der 25-j\u00e4hrige Imbissverk\u00e4ufer Mehmet Turgut. Er war erst seit wenigen Tagen in Deutschland.<\/p>\n<p>9. Juni 2004, K\u00f6ln: Die mutma\u00dflichen Terroristen z\u00fcnden eine Nagelbombe vor einem t\u00fcrkischen Friseursalon in der Keupstra\u00dfe. 22 Menschen werden zum Teil lebensgef\u00e4hrlich verletzt.<\/p>\n<p>9. Juni 2005, N\u00fcrnberg: Der 50-j\u00e4hrige Ismail Ya\u015far wird in seinem D\u00f6ner-Imbiss get\u00f6tet.<\/p>\n<p>15. Juni 2005, M\u00fcnchen: Der 41-j\u00e4hrige Grieche Theodoros Boulgarides stirbt durch drei Kopfsch\u00fcsse in seinem Schl\u00fcsseldienst-Laden. <a href=\"http:\/\/www.zeit.de\/2012\/48\/Opfer-NSU-Hinterbliebene\">Er hinterl\u00e4sst eine Frau und zwei Kinder.<\/a><\/p>\n<p>4. April 2006, Dortmund: Der 39-j\u00e4hrigen Kioskbetreiber Mehmet Kuba\u015f\u0131k wird erschossen. Er hinterl\u00e4sst eine Frau und drei Kinder.<\/p>\n<p>6. April 2006, Kassel: Der 21-j\u00e4hrige Halit Yozgat stirbt durch Sch\u00fcsse in seinem Internetcaf\u00e9. In Kassel ist auf Initiative seines Vaters hin inzwischen ein Platz nach ihm benannt.<\/p>\n<p>25. April 2007, Heilbronn: Die 22-j\u00e4hrige Polizistin Mich\u00e8le Kiesewetter wird bei einer Pause in ihrem Streifenwagen erschossen, ihr zwei Jahre \u00e4lterer Kollege Martin A. \u00fcberlebt schwer verletzt.<\/p>\n","protected":false},"excerpt":{"rendered":"<p>&nbsp; 9. September 2000, N\u00fcrnberg: Der Blumenh\u00e4ndler Enver \u015eim\u015fek (38) wird beim Arbeiten an einer Ausfallstra\u00dfe erschossen. Er hinterl\u00e4sst eine Frau und zwei Kinder. Semiya \u015eim\u015fek ver\u00f6ffentlicht sp\u00e4ter ein Buch \u00fcber die Erlebnisse ihrer Familie. 19. Januar 2001, K\u00f6ln: In einem iranischen Lebensmittelgesch\u00e4ft explodiert ein Sprengsatz. Die 19-j\u00e4hrige Tochter des Inhabers wird schwer verletzt. Sie [&hellip;]<\/p>\n","protected":false},"author":2,"featured_media":0,"parent":0,"menu_order":0,"comment_status":"open","ping_status":"open","template":"","meta":{"footnotes":""},"class_list":["post-10","page","type-page","status-publish","hentry"],"yoast_head":"<!-- This site is optimized with the Yoast SEO plugin v21.0 - https:\/\/yoast.com\/wordpress\/plugins\/seo\/ -->\n<title>Die Opfer - Das NSU-Prozess-Blog<\/title>\n<meta name=\"robots\" content=\"index, follow, max-snippet:-1, max-image-preview:large, max-video-preview:-1\" \/>\n<link rel=\"canonical\" href=\"https:\/\/blog.zeit.de\/nsu-prozess-blog\/die-mord-opfer\/\" \/>\n<meta property=\"og:locale\" content=\"de_DE\" \/>\n<meta property=\"og:type\" content=\"article\" \/>\n<meta property=\"og:title\" content=\"Die Opfer - Das NSU-Prozess-Blog\" \/>\n<meta property=\"og:description\" content=\"&nbsp; 9. September 2000, N\u00fcrnberg: Der Blumenh\u00e4ndler Enver \u015eim\u015fek (38) wird beim Arbeiten an einer Ausfallstra\u00dfe erschossen. Er hinterl\u00e4sst eine Frau und zwei Kinder. Semiya \u015eim\u015fek ver\u00f6ffentlicht sp\u00e4ter ein Buch \u00fcber die Erlebnisse ihrer Familie. 19. Januar 2001, K\u00f6ln: In einem iranischen Lebensmittelgesch\u00e4ft explodiert ein Sprengsatz. Die 19-j\u00e4hrige Tochter des Inhabers wird schwer verletzt. Sie [&hellip;]\" \/>\n<meta property=\"og:url\" content=\"https:\/\/blog.zeit.de\/nsu-prozess-blog\/die-mord-opfer\/\" \/>\n<meta property=\"og:site_name\" content=\"Das NSU-Prozess-Blog\" \/>\n<meta property=\"article:modified_time\" content=\"2017-07-25T15:30:36+00:00\" \/>\n<meta name=\"twitter:label1\" content=\"Gesch\u00e4tzte Lesezeit\" \/>\n\t<meta name=\"twitter:data1\" content=\"1\u00a0Minute\" \/>\n<script type=\"application\/ld+json\" class=\"yoast-schema-graph\">{\"@context\":\"https:\/\/schema.org\",\"@graph\":[{\"@type\":\"WebPage\",\"@id\":\"https:\/\/blog.zeit.de\/nsu-prozess-blog\/die-mord-opfer\/\",\"url\":\"https:\/\/blog.zeit.de\/nsu-prozess-blog\/die-mord-opfer\/\",\"name\":\"Die Opfer - Das NSU-Prozess-Blog\",\"isPartOf\":{\"@id\":\"https:\/\/blog.zeit.de\/nsu-prozess-blog\/#website\"},\"datePublished\":\"2013-05-03T12:09:22+00:00\",\"dateModified\":\"2017-07-25T15:30:36+00:00\",\"breadcrumb\":{\"@id\":\"https:\/\/blog.zeit.de\/nsu-prozess-blog\/die-mord-opfer\/#breadcrumb\"},\"inLanguage\":\"de\",\"potentialAction\":[{\"@type\":\"ReadAction\",\"target\":[\"https:\/\/blog.zeit.de\/nsu-prozess-blog\/die-mord-opfer\/\"]}]},{\"@type\":\"BreadcrumbList\",\"@id\":\"https:\/\/blog.zeit.de\/nsu-prozess-blog\/die-mord-opfer\/#breadcrumb\",\"itemListElement\":[{\"@type\":\"ListItem\",\"position\":1,\"name\":\"Startseite\",\"item\":\"https:\/\/blog.zeit.de\/nsu-prozess-blog\/\"},{\"@type\":\"ListItem\",\"position\":2,\"name\":\"Die Opfer\"}]},{\"@type\":\"WebSite\",\"@id\":\"https:\/\/blog.zeit.de\/nsu-prozess-blog\/#website\",\"url\":\"https:\/\/blog.zeit.de\/nsu-prozess-blog\/\",\"name\":\"Das NSU-Prozess-Blog\",\"description\":\"Alle Berichte zum Terrorverfahren in M\u00fcnchen\",\"potentialAction\":[{\"@type\":\"SearchAction\",\"target\":{\"@type\":\"EntryPoint\",\"urlTemplate\":\"https:\/\/blog.zeit.de\/nsu-prozess-blog\/?s={search_term_string}\"},\"query-input\":\"required name=search_term_string\"}],\"inLanguage\":\"de\"}]}<\/script>\n<!-- \/ Yoast SEO plugin. -->","yoast_head_json":{"title":"Die Opfer - Das NSU-Prozess-Blog","robots":{"index":"index","follow":"follow","max-snippet":"max-snippet:-1","max-image-preview":"max-image-preview:large","max-video-preview":"max-video-preview:-1"},"canonical":"https:\/\/blog.zeit.de\/nsu-prozess-blog\/die-mord-opfer\/","og_locale":"de_DE","og_type":"article","og_title":"Die Opfer - Das NSU-Prozess-Blog","og_description":"&nbsp; 9. September 2000, N\u00fcrnberg: Der Blumenh\u00e4ndler Enver \u015eim\u015fek (38) wird beim Arbeiten an einer Ausfallstra\u00dfe erschossen. Er hinterl\u00e4sst eine Frau und zwei Kinder. Semiya \u015eim\u015fek ver\u00f6ffentlicht sp\u00e4ter ein Buch \u00fcber die Erlebnisse ihrer Familie. 19. Januar 2001, K\u00f6ln: In einem iranischen Lebensmittelgesch\u00e4ft explodiert ein Sprengsatz. Die 19-j\u00e4hrige Tochter des Inhabers wird schwer verletzt. Sie [&hellip;]","og_url":"https:\/\/blog.zeit.de\/nsu-prozess-blog\/die-mord-opfer\/","og_site_name":"Das NSU-Prozess-Blog","article_modified_time":"2017-07-25T15:30:36+00:00","twitter_misc":{"Gesch\u00e4tzte Lesezeit":"1\u00a0Minute"},"schema":{"@context":"https:\/\/schema.org","@graph":[{"@type":"WebPage","@id":"https:\/\/blog.zeit.de\/nsu-prozess-blog\/die-mord-opfer\/","url":"https:\/\/blog.zeit.de\/nsu-prozess-blog\/die-mord-opfer\/","name":"Die Opfer - Das NSU-Prozess-Blog","isPartOf":{"@id":"https:\/\/blog.zeit.de\/nsu-prozess-blog\/#website"},"datePublished":"2013-05-03T12:09:22+00:00","dateModified":"2017-07-25T15:30:36+00:00","breadcrumb":{"@id":"https:\/\/blog.zeit.de\/nsu-prozess-blog\/die-mord-opfer\/#breadcrumb"},"inLanguage":"de","potentialAction":[{"@type":"ReadAction","target":["https:\/\/blog.zeit.de\/nsu-prozess-blog\/die-mord-opfer\/"]}]},{"@type":"BreadcrumbList","@id":"https:\/\/blog.zeit.de\/nsu-prozess-blog\/die-mord-opfer\/#breadcrumb","itemListElement":[{"@type":"ListItem","position":1,"name":"Startseite","item":"https:\/\/blog.zeit.de\/nsu-prozess-blog\/"},{"@type":"ListItem","position":2,"name":"Die Opfer"}]},{"@type":"WebSite","@id":"https:\/\/blog.zeit.de\/nsu-prozess-blog\/#website","url":"https:\/\/blog.zeit.de\/nsu-prozess-blog\/","name":"Das NSU-Prozess-Blog","description":"Alle Berichte zum Terrorverfahren in M\u00fcnchen","potentialAction":[{"@type":"SearchAction","target":{"@type":"EntryPoint","urlTemplate":"https:\/\/blog.zeit.de\/nsu-prozess-blog\/?s={search_term_string}"},"query-input":"required name=search_term_string"}],"inLanguage":"de"}]}},"jetpack_sharing_enabled":true,"_links":{"self":[{"href":"https:\/\/blog.zeit.de\/nsu-prozess-blog\/wp-json\/wp\/v2\/pages\/10","targetHints":{"allow":["GET"]}}],"collection":[{"href":"https:\/\/blog.zeit.de\/nsu-prozess-blog\/wp-json\/wp\/v2\/pages"}],"about":[{"href":"https:\/\/blog.zeit.de\/nsu-prozess-blog\/wp-json\/wp\/v2\/types\/page"}],"author":[{"embeddable":true,"href":"https:\/\/blog.zeit.de\/nsu-prozess-blog\/wp-json\/wp\/v2\/users\/2"}],"replies":[{"embeddable":true,"href":"https:\/\/blog.zeit.de\/nsu-prozess-blog\/wp-json\/wp\/v2\/comments?post=10"}],"version-history":[{"count":13,"href":"https:\/\/blog.zeit.de\/nsu-prozess-blog\/wp-json\/wp\/v2\/pages\/10\/revisions"}],"predecessor-version":[{"id":13477,"href":"https:\/\/blog.zeit.de\/nsu-prozess-blog\/wp-json\/wp\/v2\/pages\/10\/revisions\/13477"}],"wp:attachment":[{"href":"https:\/\/blog.zeit.de\/nsu-prozess-blog\/wp-json\/wp\/v2\/media?parent=10"}],"curies":[{"name":"wp","href":"https:\/\/api.w.org\/{rel}","templated":true}]}}