{"version":"1.0","provider_name":"Ost-Blog","provider_url":"https:\/\/blog.zeit.de\/ost","author_name":"Dirk Reinhardt","author_url":"https:\/\/blog.zeit.de\/ost\/author\/dreinhardt\/","title":"\"Schwaben, geht zur\u00fcck nach Berlin\" - Ost-Blog","type":"rich","width":600,"height":338,"html":"<blockquote class=\"wp-embedded-content\" data-secret=\"roBzSYOLwd\"><a href=\"https:\/\/blog.zeit.de\/ost\/2013\/01\/25\/schwaben-geht-zuruck-nach-berlin\/\">&#8222;Schwaben, geht zur\u00fcck nach Berlin&#8220;<\/a><\/blockquote><iframe sandbox=\"allow-scripts\" security=\"restricted\" src=\"https:\/\/blog.zeit.de\/ost\/2013\/01\/25\/schwaben-geht-zuruck-nach-berlin\/embed\/#?secret=roBzSYOLwd\" width=\"600\" height=\"338\" title=\"&#8222;&#8222;Schwaben, geht zur\u00fcck nach Berlin&#8220;&#8220; &#8212; Ost-Blog\" data-secret=\"roBzSYOLwd\" frameborder=\"0\" marginwidth=\"0\" marginheight=\"0\" scrolling=\"no\" class=\"wp-embedded-content\"><\/iframe><script type=\"text\/javascript\">\n\/* <![CDATA[ *\/\n\/*! This file is auto-generated *\/\n!function(d,l){\"use strict\";l.querySelector&&d.addEventListener&&\"undefined\"!=typeof URL&&(d.wp=d.wp||{},d.wp.receiveEmbedMessage||(d.wp.receiveEmbedMessage=function(e){var t=e.data;if((t||t.secret||t.message||t.value)&&!\/[^a-zA-Z0-9]\/.test(t.secret)){for(var s,r,n,a=l.querySelectorAll('iframe[data-secret=\"'+t.secret+'\"]'),o=l.querySelectorAll('blockquote[data-secret=\"'+t.secret+'\"]'),c=new RegExp(\"^https?:$\",\"i\"),i=0;i<o.length;i++)o[i].style.display=\"none\";for(i=0;i<a.length;i++)s=a[i],e.source===s.contentWindow&&(s.removeAttribute(\"style\"),\"height\"===t.message?(1e3<(r=parseInt(t.value,10))?r=1e3:~~r<200&&(r=200),s.height=r):\"link\"===t.message&&(r=new URL(s.getAttribute(\"src\")),n=new URL(t.value),c.test(n.protocol))&&n.host===r.host&&l.activeElement===s&&(d.top.location.href=t.value))}},d.addEventListener(\"message\",d.wp.receiveEmbedMessage,!1),l.addEventListener(\"DOMContentLoaded\",function(){for(var e,t,s=l.querySelectorAll(\"iframe.wp-embedded-content\"),r=0;r<s.length;r++)(t=(e=s[r]).getAttribute(\"data-secret\"))||(t=Math.random().toString(36).substring(2,12),e.src+=\"#?secret=\"+t,e.setAttribute(\"data-secret\",t)),e.contentWindow.postMessage({message:\"ready\",secret:t},\"*\")},!1)))}(window,document);\n\/* ]]> *\/\n<\/script>\n","description":"Da hat sich Wolfgang Thierse mit seiner Bemerkung \u00fcber die Schwaben im Prenzlauer Berg ja was eingehandelt. Ein paar Tausend Hassmails hat er als Reaktion auf seine Aussage in einem Zeitungsinterview bekommen, dass er sich dar\u00fcber \u00e4rgere, beim B\u00e4cker in seinem Kiez keine (Berliner) Schrippen mehr zu bekommen, sondern nur (schw\u00e4bische) Wecken. Die Beschimpfungen Thierses [&hellip;]","thumbnail_url":"https:\/\/blog.zeit.de\/ost\/files\/2013\/01\/DSCF0677-300x225.jpg"}

"Schwaben, geht zurück nach Berlin" - Ost-Blog

<blockquote class="wp-embedded-content" data-secret="roBzSYOLwd"><a href="https://blog.zeit.de/ost/2013/01/25/schwaben-geht-zuruck-nach-berlin/">&#8222;Schwaben, geht zurück nach Berlin&#8220;</a></blockquote><iframe sandbox="allow-scripts" security="restricted" src="https://blog.zeit.de/ost/2013/01/25/schwaben-geht-zuruck-nach-berlin/embed/#?secret=roBzSYOLwd" width="600" height="338" title="&#8222;&#8222;Schwaben, geht zurück nach Berlin&#8220;&#8220; &#8212; Ost-Blog" data-secret="roBzSYOLwd" frameborder="0" marginwidth="0" marginheight="0" scrolling="no" class="wp-embedded-content"></iframe><script type="text/javascript">
/* <![CDATA[ */
/*! This file is auto-generated */
!function(d,l){"use strict";l.querySelector&&d.addEventListener&&"undefined"!=typeof URL&&(d.wp=d.wp||{},d.wp.receiveEmbedMessage||(d.wp.receiveEmbedMessage=function(e){var t=e.data;if((t||t.secret||t.message||t.value)&&!/[^a-zA-Z0-9]/.test(t.secret)){for(var s,r,n,a=l.querySelectorAll('iframe[data-secret="'+t.secret+'"]'),o=l.querySelectorAll('blockquote[data-secret="'+t.secret+'"]'),c=new RegExp("^https?:$","i"),i=0;i<o.length;i++)o[i].style.display="none";for(i=0;i<a.length;i++)s=a[i],e.source===s.contentWindow&&(s.removeAttribute("style"),"height"===t.message?(1e3<(r=parseInt(t.value,10))?r=1e3:~~r<200&&(r=200),s.height=r):"link"===t.message&&(r=new URL(s.getAttribute("src")),n=new URL(t.value),c.test(n.protocol))&&n.host===r.host&&l.activeElement===s&&(d.top.location.href=t.value))}},d.addEventListener("message",d.wp.receiveEmbedMessage,!1),l.addEventListener("DOMContentLoaded",function(){for(var e,t,s=l.querySelectorAll("iframe.wp-embedded-content"),r=0;r<s.length;r++)(t=(e=s[r]).getAttribute("data-secret"))||(t=Math.random().toString(36).substring(2,12),e.src+="#?secret="+t,e.setAttribute("data-secret",t)),e.contentWindow.postMessage({message:"ready",secret:t},"*")},!1)))}(window,document);
/* ]]> */
</script>

Da hat sich Wolfgang Thierse mit seiner Bemerkung über die Schwaben im Prenzlauer Berg ja was eingehandelt. Ein paar Tausend Hassmails hat er als Reaktion auf seine Aussage in einem Zeitungsinterview bekommen, dass er sich darüber ärgere, beim Bäcker in seinem Kiez keine (Berliner) Schrippen mehr zu bekommen, sondern nur (schwäbische) Wecken. Die Beschimpfungen Thierses [&hellip;]
