{"version":"1.0","provider_name":"Politik nach Zahlen","provider_url":"https:\/\/blog.zeit.de\/politik-nach-zahlen","author_name":"Thorsten Faas","author_url":"https:\/\/blog.zeit.de\/politik-nach-zahlen\/author\/thorsten-faas","title":"Die Autoren - Politik nach Zahlen","type":"rich","width":600,"height":338,"html":"<blockquote class=\"wp-embedded-content\" data-secret=\"dXaga2oV9o\"><a href=\"https:\/\/blog.zeit.de\/politik-nach-zahlen\/about\">Die Autoren<\/a><\/blockquote><iframe sandbox=\"allow-scripts\" security=\"restricted\" src=\"https:\/\/blog.zeit.de\/politik-nach-zahlen\/about\/embed#?secret=dXaga2oV9o\" width=\"600\" height=\"338\" title=\"&#8222;Die Autoren&#8220; &#8212; Politik nach Zahlen\" data-secret=\"dXaga2oV9o\" frameborder=\"0\" marginwidth=\"0\" marginheight=\"0\" scrolling=\"no\" class=\"wp-embedded-content\"><\/iframe><script type=\"text\/javascript\">\n\/* <![CDATA[ *\/\n\/*! This file is auto-generated *\/\n!function(d,l){\"use strict\";l.querySelector&&d.addEventListener&&\"undefined\"!=typeof URL&&(d.wp=d.wp||{},d.wp.receiveEmbedMessage||(d.wp.receiveEmbedMessage=function(e){var t=e.data;if((t||t.secret||t.message||t.value)&&!\/[^a-zA-Z0-9]\/.test(t.secret)){for(var s,r,n,a=l.querySelectorAll('iframe[data-secret=\"'+t.secret+'\"]'),o=l.querySelectorAll('blockquote[data-secret=\"'+t.secret+'\"]'),c=new RegExp(\"^https?:$\",\"i\"),i=0;i<o.length;i++)o[i].style.display=\"none\";for(i=0;i<a.length;i++)s=a[i],e.source===s.contentWindow&&(s.removeAttribute(\"style\"),\"height\"===t.message?(1e3<(r=parseInt(t.value,10))?r=1e3:~~r<200&&(r=200),s.height=r):\"link\"===t.message&&(r=new URL(s.getAttribute(\"src\")),n=new URL(t.value),c.test(n.protocol))&&n.host===r.host&&l.activeElement===s&&(d.top.location.href=t.value))}},d.addEventListener(\"message\",d.wp.receiveEmbedMessage,!1),l.addEventListener(\"DOMContentLoaded\",function(){for(var e,t,s=l.querySelectorAll(\"iframe.wp-embedded-content\"),r=0;r<s.length;r++)(t=(e=s[r]).getAttribute(\"data-secret\"))||(t=Math.random().toString(36).substring(2,12),e.src+=\"#?secret=\"+t,e.setAttribute(\"data-secret\",t)),e.contentWindow.postMessage({message:\"ready\",secret:t},\"*\")},!1)))}(window,document);\n\/* ]]> *\/\n<\/script>\n","description":"Andrea R\u00f6mmele ist Politikwissenschaftlerin und Professorin f\u00fcr Kommunikation in Politik und Zivilgesellschaft an der Hertie School of Governance, Berlin. Sie ist dar\u00fcber hinaus gesch\u00e4ftsf\u00fchrende Herausgeberin der Zeitschrift f\u00fcr Politikberatung und Mitglied des Pr\u00e4sidiums der Deutschen Gesellschaft f\u00fcr Wahlforschung. Ihre Forschungsschwerpunkte liegen im Bereich der international vergleichenden Wahlkampfforschung, der vergleichenden Parteienforschung sowie der Kommunikationsforschung. Andrea R\u00f6mmele [&hellip;]","thumbnail_url":"https:\/\/blog.zeit.de\/wahlen-nach-zahlen\/files\/2009\/02\/roemmle.jpg"}

Andrea Römmele ist Politikwissenschaftlerin und Professorin für Kommunikation in Politik und Zivilgesellschaft an der Hertie School of Governance, Berlin. Sie ist darüber hinaus geschäftsführende Herausgeberin der Zeitschrift für Politikberatung und Mitglied des Präsidiums der Deutschen Gesellschaft für Wahlforschung. Ihre Forschungsschwerpunkte liegen im Bereich der international vergleichenden Wahlkampfforschung, der vergleichenden Parteienforschung sowie der Kommunikationsforschung. Andrea Römmele [&hellip;]
