{"version":"1.0","provider_name":"Radikale Ansichten","provider_url":"https:\/\/blog.zeit.de\/radikale-ansichten","author_name":"Yassin Musharbash","author_url":"https:\/\/blog.zeit.de\/radikale-ansichten\/author\/ymusharbash\/","title":"Ein Jahr nach dem Fall von Mossul - Radikale Ansichten","type":"rich","width":600,"height":338,"html":"<blockquote class=\"wp-embedded-content\" data-secret=\"J8KjhkxJB8\"><a href=\"https:\/\/blog.zeit.de\/radikale-ansichten\/2015\/06\/12\/ein-jahr-nach-dem-fall-von-mosul\/\">Ein Jahr nach dem Fall von Mossul<\/a><\/blockquote><iframe sandbox=\"allow-scripts\" security=\"restricted\" src=\"https:\/\/blog.zeit.de\/radikale-ansichten\/2015\/06\/12\/ein-jahr-nach-dem-fall-von-mosul\/embed\/#?secret=J8KjhkxJB8\" width=\"600\" height=\"338\" title=\"&#8222;Ein Jahr nach dem Fall von Mossul&#8220; &#8212; Radikale Ansichten\" data-secret=\"J8KjhkxJB8\" frameborder=\"0\" marginwidth=\"0\" marginheight=\"0\" scrolling=\"no\" class=\"wp-embedded-content\"><\/iframe><script type=\"text\/javascript\">\n\/* <![CDATA[ *\/\n\/*! This file is auto-generated *\/\n!function(d,l){\"use strict\";l.querySelector&&d.addEventListener&&\"undefined\"!=typeof URL&&(d.wp=d.wp||{},d.wp.receiveEmbedMessage||(d.wp.receiveEmbedMessage=function(e){var t=e.data;if((t||t.secret||t.message||t.value)&&!\/[^a-zA-Z0-9]\/.test(t.secret)){for(var s,r,n,a=l.querySelectorAll('iframe[data-secret=\"'+t.secret+'\"]'),o=l.querySelectorAll('blockquote[data-secret=\"'+t.secret+'\"]'),c=new RegExp(\"^https?:$\",\"i\"),i=0;i<o.length;i++)o[i].style.display=\"none\";for(i=0;i<a.length;i++)s=a[i],e.source===s.contentWindow&&(s.removeAttribute(\"style\"),\"height\"===t.message?(1e3<(r=parseInt(t.value,10))?r=1e3:~~r<200&&(r=200),s.height=r):\"link\"===t.message&&(r=new URL(s.getAttribute(\"src\")),n=new URL(t.value),c.test(n.protocol))&&n.host===r.host&&l.activeElement===s&&(d.top.location.href=t.value))}},d.addEventListener(\"message\",d.wp.receiveEmbedMessage,!1),l.addEventListener(\"DOMContentLoaded\",function(){for(var e,t,s=l.querySelectorAll(\"iframe.wp-embedded-content\"),r=0;r<s.length;r++)(t=(e=s[r]).getAttribute(\"data-secret\"))||(t=Math.random().toString(36).substring(2,12),e.src+=\"#?secret=\"+t,e.setAttribute(\"data-secret\",t)),e.contentWindow.postMessage({message:\"ready\",secret:t},\"*\")},!1)))}(window,document);\n\/* ]]> *\/\n<\/script>\n","description":"Die Einnahme der irakischen Metropole Mossul Anfang Juni 2014 war nicht die Geburtsstunde des &#8222;Islamischen Staates&#8220;, die Wurzeln der Terrorgruppe sind Jahre alt, und auch die\u00a0Vorbereitung auf die \u00dcbernahme der zweitgr\u00f6\u00dften Stadt des Irak begann Monate vor\u00a0ihrer Erst\u00fcrmung. Aber der Fall von Mossul ist trotzdem ein wichtiges Datum. Erst danach f\u00fchlte sich der IS stark [&hellip;]"}

Die Einnahme der irakischen Metropole Mossul Anfang Juni 2014 war nicht die Geburtsstunde des &#8222;Islamischen Staates&#8220;, die Wurzeln der Terrorgruppe sind Jahre alt, und auch die Vorbereitung auf die Übernahme der zweitgrößten Stadt des Irak begann Monate vor ihrer Erstürmung. Aber der Fall von Mossul ist trotzdem ein wichtiges Datum. Erst danach fühlte sich der IS stark [&hellip;]
