{"version":"1.0","provider_name":"Recht subversiv","provider_url":"https:\/\/blog.zeit.de\/recht-subversiv","author_name":"Wolfgang Kaleck","author_url":"https:\/\/blog.zeit.de\/recht-subversiv\/author\/wkaleck\/","title":"Macht geht nicht immer \u00fcber Recht - Recht subversiv","type":"rich","width":600,"height":338,"html":"<blockquote class=\"wp-embedded-content\" data-secret=\"8WvQ7gJIoO\"><a href=\"https:\/\/blog.zeit.de\/recht-subversiv\/2015\/06\/18\/macht-geht-nicht-immer-ueber-recht\/\">Macht geht nicht immer \u00fcber Recht<\/a><\/blockquote><iframe sandbox=\"allow-scripts\" security=\"restricted\" src=\"https:\/\/blog.zeit.de\/recht-subversiv\/2015\/06\/18\/macht-geht-nicht-immer-ueber-recht\/embed\/#?secret=8WvQ7gJIoO\" width=\"600\" height=\"338\" title=\"&#8222;Macht geht nicht immer \u00fcber Recht&#8220; &#8212; Recht subversiv\" data-secret=\"8WvQ7gJIoO\" frameborder=\"0\" marginwidth=\"0\" marginheight=\"0\" scrolling=\"no\" class=\"wp-embedded-content\"><\/iframe><script type=\"text\/javascript\">\n\/* <![CDATA[ *\/\n\/*! This file is auto-generated *\/\n!function(d,l){\"use strict\";l.querySelector&&d.addEventListener&&\"undefined\"!=typeof URL&&(d.wp=d.wp||{},d.wp.receiveEmbedMessage||(d.wp.receiveEmbedMessage=function(e){var t=e.data;if((t||t.secret||t.message||t.value)&&!\/[^a-zA-Z0-9]\/.test(t.secret)){for(var s,r,n,a=l.querySelectorAll('iframe[data-secret=\"'+t.secret+'\"]'),o=l.querySelectorAll('blockquote[data-secret=\"'+t.secret+'\"]'),c=new RegExp(\"^https?:$\",\"i\"),i=0;i<o.length;i++)o[i].style.display=\"none\";for(i=0;i<a.length;i++)s=a[i],e.source===s.contentWindow&&(s.removeAttribute(\"style\"),\"height\"===t.message?(1e3<(r=parseInt(t.value,10))?r=1e3:~~r<200&&(r=200),s.height=r):\"link\"===t.message&&(r=new URL(s.getAttribute(\"src\")),n=new URL(t.value),c.test(n.protocol))&&n.host===r.host&&l.activeElement===s&&(d.top.location.href=t.value))}},d.addEventListener(\"message\",d.wp.receiveEmbedMessage,!1),l.addEventListener(\"DOMContentLoaded\",function(){for(var e,t,s=l.querySelectorAll(\"iframe.wp-embedded-content\"),r=0;r<s.length;r++)(t=(e=s[r]).getAttribute(\"data-secret\"))||(t=Math.random().toString(36).substring(2,12),e.src+=\"#?secret=\"+t,e.setAttribute(\"data-secret\",t)),e.contentWindow.postMessage({message:\"ready\",secret:t},\"*\")},!1)))}(window,document);\n\/* ]]> *\/\n<\/script>\n","description":"Der Internationale Strafgerichtshof (IStGH), seit 2002 in Den Haag mit der Verfolgung von Verbrechen gegen die Menschlichkeit befasst, hat Kritik verdient. Auch ich moniere regelm\u00e4\u00dfig, dass nicht nur in Den Haag, aber auch in Den Haag, mit zweierlei Ma\u00df gemessen wird. M\u00e4chtige Menschenrechtsverletzer m\u00fcssen sich selten vor Gericht verantworten. Oft landen auf der Anklagebank des [&hellip;]"}

Macht geht nicht immer über Recht - Recht subversiv

<blockquote class="wp-embedded-content" data-secret="8WvQ7gJIoO"><a href="https://blog.zeit.de/recht-subversiv/2015/06/18/macht-geht-nicht-immer-ueber-recht/">Macht geht nicht immer über Recht</a></blockquote><iframe sandbox="allow-scripts" security="restricted" src="https://blog.zeit.de/recht-subversiv/2015/06/18/macht-geht-nicht-immer-ueber-recht/embed/#?secret=8WvQ7gJIoO" width="600" height="338" title="&#8222;Macht geht nicht immer über Recht&#8220; &#8212; Recht subversiv" data-secret="8WvQ7gJIoO" frameborder="0" marginwidth="0" marginheight="0" scrolling="no" class="wp-embedded-content"></iframe><script type="text/javascript">
/* <![CDATA[ */
/*! This file is auto-generated */
!function(d,l){"use strict";l.querySelector&&d.addEventListener&&"undefined"!=typeof URL&&(d.wp=d.wp||{},d.wp.receiveEmbedMessage||(d.wp.receiveEmbedMessage=function(e){var t=e.data;if((t||t.secret||t.message||t.value)&&!/[^a-zA-Z0-9]/.test(t.secret)){for(var s,r,n,a=l.querySelectorAll('iframe[data-secret="'+t.secret+'"]'),o=l.querySelectorAll('blockquote[data-secret="'+t.secret+'"]'),c=new RegExp("^https?:$","i"),i=0;i<o.length;i++)o[i].style.display="none";for(i=0;i<a.length;i++)s=a[i],e.source===s.contentWindow&&(s.removeAttribute("style"),"height"===t.message?(1e3<(r=parseInt(t.value,10))?r=1e3:~~r<200&&(r=200),s.height=r):"link"===t.message&&(r=new URL(s.getAttribute("src")),n=new URL(t.value),c.test(n.protocol))&&n.host===r.host&&l.activeElement===s&&(d.top.location.href=t.value))}},d.addEventListener("message",d.wp.receiveEmbedMessage,!1),l.addEventListener("DOMContentLoaded",function(){for(var e,t,s=l.querySelectorAll("iframe.wp-embedded-content"),r=0;r<s.length;r++)(t=(e=s[r]).getAttribute("data-secret"))||(t=Math.random().toString(36).substring(2,12),e.src+="#?secret="+t,e.setAttribute("data-secret",t)),e.contentWindow.postMessage({message:"ready",secret:t},"*")},!1)))}(window,document);
/* ]]> */
</script>

Der Internationale Strafgerichtshof (IStGH), seit 2002 in Den Haag mit der Verfolgung von Verbrechen gegen die Menschlichkeit befasst, hat Kritik verdient. Auch ich moniere regelmäßig, dass nicht nur in Den Haag, aber auch in Den Haag, mit zweierlei Maß gemessen wird. Mächtige Menschenrechtsverletzer müssen sich selten vor Gericht verantworten. Oft landen auf der Anklagebank des [&hellip;]
