{"id":2466,"date":"2010-11-23T14:58:40","date_gmt":"2010-11-23T13:58:40","guid":{"rendered":"http:\/\/blog.zeit.de\/schueler\/"},"modified":"2012-09-04T16:02:50","modified_gmt":"2012-09-04T14:02:50","slug":"berufswahl","status":"publish","type":"page","link":"https:\/\/blog.zeit.de\/schueler\/berufswahl\/","title":{"rendered":"Alle Themenseiten zur Berufswahl"},"content":{"rendered":"<p>&nbsp;<\/p>\n<h3><a href=\"https:\/\/blog.zeit.de\/schueler\/2010\/10\/26\/schulabschluss-%E2%80%93-und-nun\/\">Schulabschluss \u2013 und nun? <\/a><\/h3>\n<p><a href=\"https:\/\/blog.zeit.de\/schueler\/2010\/10\/26\/schulabschluss-%E2%80%93-und-nun\/\"><img loading=\"lazy\" decoding=\"async\" class=\"alignleft size-full wp-image-2230\" title=\"zfds-berufswahl-148x84\" src=\"https:\/\/blog.zeit.de\/schueler\/files\/2010\/07\/zfds-berufswahl-148x84.jpg\" alt=\"\" width=\"148\" height=\"84\" \/><\/a> <a href=\"https:\/\/blog.zeit.de\/schueler\/2010\/10\/26\/schulabschluss-%E2%80%93-und-nun\/\">Den richtigen Beruf zu finden<\/a> ist keine einfache Aufgabe. Es gibt viele Aspekte, die bei der Wahl helfen k\u00f6nnen: das eigene Interesse, der Schulabschluss, die k\u00fcnftige Verdiensth\u00f6he und die ganz pers\u00f6nlichen Lebensvorstellungen. Jeder Mensch setzt andere Priorit\u00e4ten und sollte diese bei der Berufswahl ber\u00fccksichtigen. Wer durch Praktika oder Gespr\u00e4che mit Freunden und Verwandten bereits mehr \u00fcber einige Berufe erfahren hat, dem f\u00e4llt die Wahl oft schon leichter. <a href=\"https:\/\/blog.zeit.de\/schueler\/2010\/10\/26\/schulabschluss-%E2%80%93-und-nun\/\">[Zum Dossier]<\/a><\/p>\n<h3><a href=\"https:\/\/blog.zeit.de\/schueler\/2010\/10\/26\/ausbildung\/\">Ausbildung<\/a><\/h3>\n<p><a href=\"https:\/\/blog.zeit.de\/schueler\/2010\/10\/26\/ausbildung\/\"><img loading=\"lazy\" decoding=\"async\" class=\"alignleft size-full wp-image-2471\" title=\"zfds-berufswahl-ausbildung-148x84\" src=\"https:\/\/blog.zeit.de\/schueler\/files\/2010\/11\/zfds-berufswahl-ausbildung-148x84.jpg\" alt=\"\" width=\"148\" height=\"84\" \/><\/a>Die Schule geht zu Ende, vielleicht ist der Abschluss auch schon in der Tasche \u2013 sp\u00e4testens jetzt beginnt die Suche nach dem <a href=\"https:\/\/blog.zeit.de\/schueler\/2010\/10\/26\/ausbildung\/\">Ausbildungsplatz<\/a>. Zwischen rund 350 staatlich anerkannten Lehrberufen k\u00f6nnen sich die k\u00fcnftigen Azubis entscheiden: Beliebte Berufe wie Kfz-Mechaniker oder Einzelhandelskauffrau, aber auch weniger bekannte wie Speiseeishersteller oder Bierbrauerin stehen zur Wahl. <a href=\"https:\/\/blog.zeit.de\/schueler\/2010\/10\/26\/ausbildung\/\">[Zum Dossier]<\/a><\/p>\n<h3><a href=\"https:\/\/blog.zeit.de\/schueler\/2010\/10\/26\/studium\/\">Studienwahl<\/a><\/h3>\n<p><a href=\"https:\/\/blog.zeit.de\/schueler\/2010\/10\/26\/studium\/\"><img loading=\"lazy\" decoding=\"async\" class=\"alignleft size-full wp-image-2453\" title=\"uni-schild-148x84\" src=\"https:\/\/blog.zeit.de\/schueler\/files\/2010\/07\/uni-schild-148x841.jpg\" alt=\"\" width=\"148\" height=\"84\" \/><\/a> Wer den Entschluss gefasst hat, <a href=\"https:\/\/blog.zeit.de\/schueler\/2010\/10\/26\/studium\/\">zu studieren<\/a>, ist schon einen wichtigen Schritt weiter \u2013 doch es tun sich neue Fragen auf: Welches Fach ist das richtige und wo sollte man es studieren? Hier ist es wichtig, sich gut \u00fcber die in Frage kommenden F\u00e4cher zu informieren, um keine Entt\u00e4uschungen zu erleben. Neben den Inhalten und der Struktur des Studiums sind auch die sp\u00e4teren Berufsm\u00f6glichkeiten oder weiterf\u00fchrende Masterstudieng\u00e4nge interessant. <a href=\"https:\/\/blog.zeit.de\/schueler\/2010\/10\/26\/studium\/\">[Zum Dossier]<\/a><\/p>\n<h3><a href=\"https:\/\/blog.zeit.de\/schueler\/2010\/10\/26\/auf-ins-ausland\/\">Nach der Schule ins Ausland<\/a><\/h3>\n<p><a href=\"https:\/\/blog.zeit.de\/schueler\/2010\/10\/26\/auf-ins-ausland\/\"><img loading=\"lazy\" decoding=\"async\" class=\"alignleft size-full wp-image-2290\" title=\"strand-fernweh-148x84\" src=\"https:\/\/blog.zeit.de\/schueler\/files\/2010\/07\/strand-fernweh-148x84.jpg\" alt=\"\" width=\"148\" height=\"84\" \/><\/a>\u201cNichts wie weg!\u201d \u2013 Wen es <a href=\"https:\/\/blog.zeit.de\/schueler\/2010\/10\/26\/auf-ins-ausland\/\">nach der Schule in die Ferne<\/a> zieht, der kann sich zwischen einer Vielzahl von M\u00f6glichkeiten entscheiden: Wollen Sie im Ausland studieren oder ein Praktikum machen? Oder lieber einige Zeit bei einem sozialen Projekt mitarbeiten, vielleicht sogar den Zivildienst im Ausland verbringen? <a href=\"https:\/\/blog.zeit.de\/schueler\/2010\/10\/26\/auf-ins-ausland\/\">[Zum Dossier]<\/a><\/p>\n","protected":false},"excerpt":{"rendered":"<p>&nbsp; Schulabschluss \u2013 und nun? Den richtigen Beruf zu finden ist keine einfache Aufgabe. Es gibt viele Aspekte, die bei der Wahl helfen k\u00f6nnen: das eigene Interesse, der Schulabschluss, die k\u00fcnftige Verdiensth\u00f6he und die ganz pers\u00f6nlichen Lebensvorstellungen. Jeder Mensch setzt andere Priorit\u00e4ten und sollte diese bei der Berufswahl ber\u00fccksichtigen. Wer durch Praktika oder Gespr\u00e4che mit [&hellip;]<\/p>\n","protected":false},"author":192,"featured_media":0,"parent":0,"menu_order":0,"comment_status":"closed","ping_status":"closed","template":"","meta":{"footnotes":""},"class_list":["post-2466","page","type-page","status-publish","hentry"],"yoast_head":"<!-- This site is optimized with the Yoast SEO plugin v21.0 - https:\/\/yoast.com\/wordpress\/plugins\/seo\/ -->\n<title>Alle Themenseiten zur Berufswahl - Lernplattform<\/title>\n<meta name=\"robots\" content=\"index, follow, max-snippet:-1, max-image-preview:large, max-video-preview:-1\" \/>\n<link rel=\"canonical\" href=\"https:\/\/blog.zeit.de\/schueler\/berufswahl\/\" \/>\n<meta property=\"og:locale\" content=\"de_DE\" \/>\n<meta property=\"og:type\" content=\"article\" \/>\n<meta property=\"og:title\" content=\"Alle Themenseiten zur Berufswahl - Lernplattform\" \/>\n<meta property=\"og:description\" content=\"&nbsp; Schulabschluss \u2013 und nun? Den richtigen Beruf zu finden ist keine einfache Aufgabe. Es gibt viele Aspekte, die bei der Wahl helfen k\u00f6nnen: das eigene Interesse, der Schulabschluss, die k\u00fcnftige Verdiensth\u00f6he und die ganz pers\u00f6nlichen Lebensvorstellungen. Jeder Mensch setzt andere Priorit\u00e4ten und sollte diese bei der Berufswahl ber\u00fccksichtigen. Wer durch Praktika oder Gespr\u00e4che mit [&hellip;]\" \/>\n<meta property=\"og:url\" content=\"https:\/\/blog.zeit.de\/schueler\/berufswahl\/\" \/>\n<meta property=\"og:site_name\" content=\"Lernplattform\" \/>\n<meta property=\"article:modified_time\" content=\"2012-09-04T14:02:50+00:00\" \/>\n<meta property=\"og:image\" content=\"https:\/\/blog.zeit.de\/schueler\/files\/2010\/07\/zfds-berufswahl-148x84.jpg\" \/>\n<meta name=\"twitter:label1\" content=\"Gesch\u00e4tzte Lesezeit\" \/>\n\t<meta name=\"twitter:data1\" content=\"1\u00a0Minute\" \/>\n<script type=\"application\/ld+json\" class=\"yoast-schema-graph\">{\"@context\":\"https:\/\/schema.org\",\"@graph\":[{\"@type\":\"WebPage\",\"@id\":\"https:\/\/blog.zeit.de\/schueler\/berufswahl\/\",\"url\":\"https:\/\/blog.zeit.de\/schueler\/berufswahl\/\",\"name\":\"Alle Themenseiten zur Berufswahl - Lernplattform\",\"isPartOf\":{\"@id\":\"https:\/\/blog.zeit.de\/schueler\/#website\"},\"datePublished\":\"2010-11-23T13:58:40+00:00\",\"dateModified\":\"2012-09-04T14:02:50+00:00\",\"breadcrumb\":{\"@id\":\"https:\/\/blog.zeit.de\/schueler\/berufswahl\/#breadcrumb\"},\"inLanguage\":\"de\",\"potentialAction\":[{\"@type\":\"ReadAction\",\"target\":[\"https:\/\/blog.zeit.de\/schueler\/berufswahl\/\"]}]},{\"@type\":\"BreadcrumbList\",\"@id\":\"https:\/\/blog.zeit.de\/schueler\/berufswahl\/#breadcrumb\",\"itemListElement\":[{\"@type\":\"ListItem\",\"position\":1,\"name\":\"Startseite\",\"item\":\"https:\/\/blog.zeit.de\/schueler\/\"},{\"@type\":\"ListItem\",\"position\":2,\"name\":\"Alle Themenseiten zur Berufswahl\"}]},{\"@type\":\"WebSite\",\"@id\":\"https:\/\/blog.zeit.de\/schueler\/#website\",\"url\":\"https:\/\/blog.zeit.de\/schueler\/\",\"name\":\"Lernplattform\",\"description\":\"Die besten Texte, Videos und Links f\u00fcr den Unterricht zur Verf\u00fcgung gestellt von ZEIT f\u00fcr die Schule\",\"potentialAction\":[{\"@type\":\"SearchAction\",\"target\":{\"@type\":\"EntryPoint\",\"urlTemplate\":\"https:\/\/blog.zeit.de\/schueler\/?s={search_term_string}\"},\"query-input\":\"required name=search_term_string\"}],\"inLanguage\":\"de\"}]}<\/script>\n<!-- \/ Yoast SEO plugin. -->","yoast_head_json":{"title":"Alle Themenseiten zur Berufswahl - Lernplattform","robots":{"index":"index","follow":"follow","max-snippet":"max-snippet:-1","max-image-preview":"max-image-preview:large","max-video-preview":"max-video-preview:-1"},"canonical":"https:\/\/blog.zeit.de\/schueler\/berufswahl\/","og_locale":"de_DE","og_type":"article","og_title":"Alle Themenseiten zur Berufswahl - Lernplattform","og_description":"&nbsp; Schulabschluss \u2013 und nun? Den richtigen Beruf zu finden ist keine einfache Aufgabe. Es gibt viele Aspekte, die bei der Wahl helfen k\u00f6nnen: das eigene Interesse, der Schulabschluss, die k\u00fcnftige Verdiensth\u00f6he und die ganz pers\u00f6nlichen Lebensvorstellungen. Jeder Mensch setzt andere Priorit\u00e4ten und sollte diese bei der Berufswahl ber\u00fccksichtigen. Wer durch Praktika oder Gespr\u00e4che mit [&hellip;]","og_url":"https:\/\/blog.zeit.de\/schueler\/berufswahl\/","og_site_name":"Lernplattform","article_modified_time":"2012-09-04T14:02:50+00:00","og_image":[{"url":"https:\/\/blog.zeit.de\/schueler\/files\/2010\/07\/zfds-berufswahl-148x84.jpg"}],"twitter_misc":{"Gesch\u00e4tzte Lesezeit":"1\u00a0Minute"},"schema":{"@context":"https:\/\/schema.org","@graph":[{"@type":"WebPage","@id":"https:\/\/blog.zeit.de\/schueler\/berufswahl\/","url":"https:\/\/blog.zeit.de\/schueler\/berufswahl\/","name":"Alle Themenseiten zur Berufswahl - Lernplattform","isPartOf":{"@id":"https:\/\/blog.zeit.de\/schueler\/#website"},"datePublished":"2010-11-23T13:58:40+00:00","dateModified":"2012-09-04T14:02:50+00:00","breadcrumb":{"@id":"https:\/\/blog.zeit.de\/schueler\/berufswahl\/#breadcrumb"},"inLanguage":"de","potentialAction":[{"@type":"ReadAction","target":["https:\/\/blog.zeit.de\/schueler\/berufswahl\/"]}]},{"@type":"BreadcrumbList","@id":"https:\/\/blog.zeit.de\/schueler\/berufswahl\/#breadcrumb","itemListElement":[{"@type":"ListItem","position":1,"name":"Startseite","item":"https:\/\/blog.zeit.de\/schueler\/"},{"@type":"ListItem","position":2,"name":"Alle Themenseiten zur Berufswahl"}]},{"@type":"WebSite","@id":"https:\/\/blog.zeit.de\/schueler\/#website","url":"https:\/\/blog.zeit.de\/schueler\/","name":"Lernplattform","description":"Die besten Texte, Videos und Links f\u00fcr den Unterricht zur Verf\u00fcgung gestellt von ZEIT f\u00fcr die Schule","potentialAction":[{"@type":"SearchAction","target":{"@type":"EntryPoint","urlTemplate":"https:\/\/blog.zeit.de\/schueler\/?s={search_term_string}"},"query-input":"required name=search_term_string"}],"inLanguage":"de"}]}},"jetpack_sharing_enabled":true,"_links":{"self":[{"href":"https:\/\/blog.zeit.de\/schueler\/wp-json\/wp\/v2\/pages\/2466","targetHints":{"allow":["GET"]}}],"collection":[{"href":"https:\/\/blog.zeit.de\/schueler\/wp-json\/wp\/v2\/pages"}],"about":[{"href":"https:\/\/blog.zeit.de\/schueler\/wp-json\/wp\/v2\/types\/page"}],"author":[{"embeddable":true,"href":"https:\/\/blog.zeit.de\/schueler\/wp-json\/wp\/v2\/users\/192"}],"replies":[{"embeddable":true,"href":"https:\/\/blog.zeit.de\/schueler\/wp-json\/wp\/v2\/comments?post=2466"}],"version-history":[{"count":14,"href":"https:\/\/blog.zeit.de\/schueler\/wp-json\/wp\/v2\/pages\/2466\/revisions"}],"predecessor-version":[{"id":4894,"href":"https:\/\/blog.zeit.de\/schueler\/wp-json\/wp\/v2\/pages\/2466\/revisions\/4894"}],"wp:attachment":[{"href":"https:\/\/blog.zeit.de\/schueler\/wp-json\/wp\/v2\/media?parent=2466"}],"curies":[{"name":"wp","href":"https:\/\/api.w.org\/{rel}","templated":true}]}}