{"id":3818,"date":"2011-09-13T15:11:54","date_gmt":"2011-09-13T13:11:54","guid":{"rendered":"http:\/\/blog.zeit.de\/schueler\/"},"modified":"2012-09-04T13:45:35","modified_gmt":"2012-09-04T11:45:35","slug":"naturwissenschaften","status":"publish","type":"page","link":"https:\/\/blog.zeit.de\/schueler\/naturwissenschaften\/","title":{"rendered":"Alle Seiten zu Naturwissenschaften"},"content":{"rendered":"<p>&nbsp;<\/p>\n<p>Auf den Naturwissenschaften-Seiten finden Sch\u00fcler Zeitungsartikel, wissenschaftliche Texte, Video-Dokumentationen, Grafiken und Statistiken, die ihnen helfen zu naturwissenschaftlichen Themen Referate oder Hausarbeiten vorzubereiten und das Wissen aus dem Unterricht zu vertiefen.<\/p>\n<h3><a href=\"https:\/\/blog.zeit.de\/schueler\/2012\/03\/07\/genetik-und-fortpflanzung\/\" target=\"_blank\">Genetik und Fortpflanzung<\/a><\/h3>\n<p><a href=\"https:\/\/blog.zeit.de\/schueler\/2012\/03\/07\/genetik-und-fortpflanzung\/\"><img loading=\"lazy\" decoding=\"async\" class=\"alignleft  wp-image-4202\" title=\"Genomic Workshop\" src=\"https:\/\/blog.zeit.de\/schueler\/files\/2011\/09\/DNA-Sequenz_148_84.jpg\" alt=\"\" width=\"159\" height=\"84\" \/><\/a>Die blauen Augen von der Mutter, das m\u00e4chtige Kinn vom Vater: Was Kinder von ihren Eltern auf den Weg f\u00fcrs Leben mitbekommen, liegt nicht allein an der Erziehung. Ein betr\u00e4chtlicher Teil der k\u00f6rperlichen Merkmale ist bereits festgeschrieben, bevor ein Baby auf die Welt kommt \u2013 in den Genen. Mehr \u00fcber DNA, Chromosome, Gentechnik und Fortpflanzung erfahren Sch\u00fcler auf unserer Themenseite. <a href=\"https:\/\/blog.zeit.de\/schueler\/2012\/03\/07\/genetik-und-fortpflanzung\/\" target=\"_blank\">[Zum Dossier]<\/a><br \/>\n&nbsp;<\/p>\n<h3><a href=\"https:\/\/blog.zeit.de\/schueler\/2012\/01\/09\/zellbiologie-und-stoffwechsel\/\" target=\"_blank\">Zellbiologie und Stoffwechsel<\/a><\/h3>\n<p><a href=\"https:\/\/blog.zeit.de\/schueler\/files\/2012\/01\/Zelle148-84.jpg\"><img loading=\"lazy\" decoding=\"async\" class=\"alignleft size-full wp-image-4091\" title=\"zelle 148-84\" src=\"https:\/\/blog.zeit.de\/schueler\/files\/2012\/01\/Zelle148-84.jpg\" alt=\"Mikroskopisches Bild einer Stammzellentransplantation \u00ae Tim Boyle\/Newsmakers\" width=\"157\" height=\"89\" \/><\/a>Der kleinste Baustein des Lebens ist eine Zelle. Es gibt Lebewesen, die aus einer einzigen Zelle bestehen und sogenannte Mehrzeller oder Vielzeller wie den Mensch. In jedem K\u00f6rper laufen den ganzen Tag biochemische Vorg\u00e4nge ab, damit Zellen sich erneuern, Knochen wachsen und Organe arbeiten k\u00f6nnen. Diese Vorg\u00e4nge fassen Biologen unter dem Begriff Stoffwechselprozesse zusammen. Auf dieser Seite finden Sch\u00fcler Materialien, die ihnen helfen, die Zellbiologie und die Stoffwechselvorg\u00e4nge zu verstehen. <a href=\"https:\/\/blog.zeit.de\/schueler\/2012\/01\/09\/zellbiologie-und-stoffwechsel\/\" target=\"_blank\">[Zum Dossier]<\/a><br \/>\n&nbsp;<\/p>\n<h3><a href=\"https:\/\/blog.zeit.de\/schueler\/2011\/09\/12\/erde-wetterphanomene-und-naturkatastrophen\/\" target=\"_blank\">Erde und Naturkatastrophen<\/a><\/h3>\n<p><a href=\"https:\/\/blog.zeit.de\/schueler\/2011\/09\/12\/erde-wetterphanomene-und-naturkatastrophen\/\"><img loading=\"lazy\" decoding=\"async\" class=\"alignleft size-full wp-image-3822\" title=\"An Indian villager carries his bicycle a\" src=\"https:\/\/blog.zeit.de\/schueler\/files\/2011\/09\/Erde-Naturkatastrophe_klein.jpg\" alt=\"\" width=\"157\" height=\"89\" \/><\/a>Die Erde und ihre Bewohner sind immer wieder Wetterph\u00e4nomenen wie Tornados oder El Ni\u00f1o und Naturkatastrophen wie Vulkanausbr\u00fcchen oder Erdbeben ausgesetzt. Auf dieser Seite finden Sch\u00fcler Texte \u00fcber Erdbeben und Vulkanismus, Tsunamis und Hochwasser sowie Plattentektonik und Vegetationszonen. Au\u00dferdem finden sie Artikel \u00fcber die Folgen von Naturkatastrophen und Wetterph\u00e4nomenen. <a href=\"https:\/\/blog.zeit.de\/schueler\/2011\/09\/12\/erde-wetterphanomene-und-naturkatastrophen\/\" target=\"_blank\">[Zum Dossier]<\/a><br \/>\n&nbsp;<\/p>\n<h3><a href=\"https:\/\/blog.zeit.de\/schueler\/2011\/09\/12\/okologie-und-umweltschutz\/\" target=\"_blank\">\u00d6kologie und Umweltschutz<\/a><\/h3>\n<p><a href=\"https:\/\/blog.zeit.de\/schueler\/2011\/09\/12\/okologie-und-umweltschutz\/\"><img loading=\"lazy\" decoding=\"async\" class=\"alignleft size-full wp-image-3825\" title=\"See_klein\" src=\"https:\/\/blog.zeit.de\/schueler\/files\/2011\/09\/See_klein1.jpg\" alt=\"\" width=\"157\" height=\"84\" \/><\/a>Nur die am besten angepassten <a href=\"http:\/\/www.dradio.de\/dlf\/sendungen\/forschak\/448777\/\" target=\"_blank\">Arten<\/a> \u00fcberleben. Mit dieser Erkenntnis begr\u00fcndete Charles Darwin im 19. Jahrhundert nicht nur die Evolutionstheorie. Sondern seine These legte auch die Grundlage f\u00fcr ein neues Gebiet in der Biologie: die \u00d6kologie. Auf dieser Seite finden Sch\u00fcler einf\u00fchrende Materialien zu den Teilbereichen der \u00d6kologie. Dar\u00fcber hinaus gibt es Materialien zu verschiedenen Aspekten des Umweltschutzes. <a href=\"https:\/\/blog.zeit.de\/schueler\/2011\/09\/12\/okologie-und-umweltschutz\/\" target=\"_blank\">[Zum Dossier]<\/a><br \/>\n&nbsp;<\/p>\n<h3><a href=\"https:\/\/blog.zeit.de\/schueler\/2011\/09\/12\/ressourcen-energie-und-klimawandel\/\" target=\"_blank\">Ressourcen, Energie und Klimawandel<\/a><\/h3>\n<p><a href=\"https:\/\/blog.zeit.de\/schueler\/2011\/09\/12\/ressourcen-energie-und-klimawandel\/\"><img loading=\"lazy\" decoding=\"async\" class=\"alignleft size-full wp-image-3828\" title=\"Energie Wind KLima_klein\" src=\"https:\/\/blog.zeit.de\/schueler\/files\/2011\/09\/Energie-Wind-KLima_klein1.jpg\" alt=\"\" width=\"157\" height=\"84\" \/><\/a>Die Ressourcen unseres Planeten sind hart umk\u00e4mpft. Denn Kohle, Erd\u00f6l und Erdgas liefern Energie, die chemische Industrie verwertet Rohstoffe wie Kalk oder Salz. Verbraucher sollten sich daher des Stellenwertes dieser Stoffe bewusst sein, Politik und Wirtschaft m\u00fcssen ihre <a href=\"http:\/\/www.gtz.de\/de\/themen\/laendliche-entwicklung\/14748.htm\" target=\"_blank\">Bewirtschaftung und Verteilung weltweit regeln<\/a>. Auf dieser Seite finden Sch\u00fcler Texte \u00fcber die verschiedenen Ressourcen, zu den verschiedenen Formen der Energiegewinnung und zum Klimawandel. <a href=\"https:\/\/blog.zeit.de\/schueler\/2011\/09\/12\/ressourcen-energie-und-klimawandel\/\" target=\"_blank\">[Zum Dossier]<\/a><br \/>\n&nbsp;<\/p>\n<h3><a href=\"https:\/\/blog.zeit.de\/schueler\/2011\/09\/12\/stadt-land-siedlungsstruktur\/\" target=\"_blank\">Stadt, Land und Siedlungsstruktur<\/a><\/h3>\n<p><a href=\"https:\/\/blog.zeit.de\/schueler\/2011\/09\/12\/stadt-land-siedlungsstruktur\/\"><img loading=\"lazy\" decoding=\"async\" class=\"alignleft size-full wp-image-3830\" title=\"Singapur_klein\" src=\"https:\/\/blog.zeit.de\/schueler\/files\/2011\/09\/Singapur_klein.jpg\" alt=\"\" width=\"157\" height=\"84\" \/><\/a>Buenos Aires, New York, Singapur \u2013 erstmals leben heute mehr Menschen in St\u00e4dten als in D\u00f6rfern. Laut der Internationalen Statistikkonferenz gilt eine Siedlung mit mindestens 2.000 Einwohnern als Stadt. Und eine Stadt hat meist eine Funktion f\u00fcr das Umland. In einem Dorf hingegen leben weniger als 2.000 Menschen. Es gibt Agrarwirtschaft, weniger <a href=\"http:\/\/www.bpb.de\/popup\/popup_lemmata.html?guid=64JGDN\">Infrastruktur<\/a> als in der Stadt, die Besiedelungsdichte ist geringer. Auf dieser Seite finden Sch\u00fcler eine Materaliensammlung zu den Themen Stadt und Land: \u00fcber Verst\u00e4dterung und Megacities, schrumpfende St\u00e4dte und Slums, verschiedene Stadttypen, Stadtentwicklung und Stadtplanung. Auch der l\u00e4ndliche Raum, Themen wie Infrastruktur, Segregation oder Getrifizierung und Mobilit\u00e4t und Migration werden behandelt.<a href=\"https:\/\/blog.zeit.de\/schueler\/2011\/09\/12\/stadt-land-siedlungsstruktur\/\" target=\"_blank\"> [Zum Dossier]<\/a><\/p>\n<h3><a href=\"https:\/\/blog.zeit.de\/schueler\/2011\/09\/13\/viren-bakterien-und-mikrorganismen\/\" target=\"_blank\">Viren, Bakterien und Mikroorganismen<\/a><\/h3>\n<p><a href=\"https:\/\/blog.zeit.de\/schueler\/2011\/09\/13\/viren-bakterien-und-mikrorganismen\/\"><img loading=\"lazy\" decoding=\"async\" class=\"alignleft size-full wp-image-3807\" title=\"Bakterie Virus_klein\" src=\"https:\/\/blog.zeit.de\/schueler\/files\/2011\/09\/Bakterie-Virus_klein.jpg\" alt=\"\" width=\"158\" height=\"84\" \/><\/a>Der menschliche K\u00f6rper ist st\u00e4ndig unter Beschuss \u2013 und zwar von Mikroorganismen wie Viren und Bakterien. Um gegen diese Winzlinge ank\u00e4mpfen zu k\u00f6nnen, besitzt der Mensch Abwehrkr\u00e4fte. Sie sind Teil des Immunsystems, das den Menschen lebensf\u00e4hig macht, indem es Krankheiten abwehrt. Auf dieser Seite finden Sch\u00fcler Materialien zu den verschiedenen Aspekten der Immunbiologie: Was sind Viren und Bakterien? Was unterscheidet eine Pandemie von einer Epidemie? Wie funktioniert das Immunsystem? Was macht das HI-Virus? Was sind die Vogel- und Schweinegrippe? <a href=\"https:\/\/blog.zeit.de\/schueler\/2011\/09\/13\/viren-bakterien-und-mikrorganismen\/\" target=\"_blank\">[Zum Dossier]<\/a><\/p>\n","protected":false},"excerpt":{"rendered":"<p>&nbsp; Auf den Naturwissenschaften-Seiten finden Sch\u00fcler Zeitungsartikel, wissenschaftliche Texte, Video-Dokumentationen, Grafiken und Statistiken, die ihnen helfen zu naturwissenschaftlichen Themen Referate oder Hausarbeiten vorzubereiten und das Wissen aus dem Unterricht zu vertiefen. Genetik und Fortpflanzung Die blauen Augen von der Mutter, das m\u00e4chtige Kinn vom Vater: Was Kinder von ihren Eltern auf den Weg f\u00fcrs Leben [&hellip;]<\/p>\n","protected":false},"author":323,"featured_media":0,"parent":0,"menu_order":0,"comment_status":"open","ping_status":"open","template":"","meta":{"footnotes":""},"class_list":["post-3818","page","type-page","status-publish","hentry"],"yoast_head":"<!-- This site is optimized with the Yoast SEO plugin v21.0 - https:\/\/yoast.com\/wordpress\/plugins\/seo\/ -->\n<title>Alle Seiten zu Naturwissenschaften - Lernplattform<\/title>\n<meta name=\"robots\" content=\"index, follow, max-snippet:-1, max-image-preview:large, max-video-preview:-1\" \/>\n<link rel=\"canonical\" href=\"https:\/\/blog.zeit.de\/schueler\/naturwissenschaften\/\" \/>\n<meta property=\"og:locale\" content=\"de_DE\" \/>\n<meta property=\"og:type\" content=\"article\" \/>\n<meta property=\"og:title\" content=\"Alle Seiten zu Naturwissenschaften - Lernplattform\" \/>\n<meta property=\"og:description\" content=\"&nbsp; Auf den Naturwissenschaften-Seiten finden Sch\u00fcler Zeitungsartikel, wissenschaftliche Texte, Video-Dokumentationen, Grafiken und Statistiken, die ihnen helfen zu naturwissenschaftlichen Themen Referate oder Hausarbeiten vorzubereiten und das Wissen aus dem Unterricht zu vertiefen. Genetik und Fortpflanzung Die blauen Augen von der Mutter, das m\u00e4chtige Kinn vom Vater: Was Kinder von ihren Eltern auf den Weg f\u00fcrs Leben [&hellip;]\" \/>\n<meta property=\"og:url\" content=\"https:\/\/blog.zeit.de\/schueler\/naturwissenschaften\/\" \/>\n<meta property=\"og:site_name\" content=\"Lernplattform\" \/>\n<meta property=\"article:modified_time\" content=\"2012-09-04T11:45:35+00:00\" \/>\n<meta property=\"og:image\" content=\"https:\/\/blog.zeit.de\/schueler\/files\/2011\/09\/DNA-Sequenz_148_84.jpg\" \/>\n<meta name=\"twitter:label1\" content=\"Gesch\u00e4tzte Lesezeit\" \/>\n\t<meta name=\"twitter:data1\" content=\"3\u00a0Minuten\" \/>\n<script type=\"application\/ld+json\" class=\"yoast-schema-graph\">{\"@context\":\"https:\/\/schema.org\",\"@graph\":[{\"@type\":\"WebPage\",\"@id\":\"https:\/\/blog.zeit.de\/schueler\/naturwissenschaften\/\",\"url\":\"https:\/\/blog.zeit.de\/schueler\/naturwissenschaften\/\",\"name\":\"Alle Seiten zu Naturwissenschaften - Lernplattform\",\"isPartOf\":{\"@id\":\"https:\/\/blog.zeit.de\/schueler\/#website\"},\"datePublished\":\"2011-09-13T13:11:54+00:00\",\"dateModified\":\"2012-09-04T11:45:35+00:00\",\"breadcrumb\":{\"@id\":\"https:\/\/blog.zeit.de\/schueler\/naturwissenschaften\/#breadcrumb\"},\"inLanguage\":\"de\",\"potentialAction\":[{\"@type\":\"ReadAction\",\"target\":[\"https:\/\/blog.zeit.de\/schueler\/naturwissenschaften\/\"]}]},{\"@type\":\"BreadcrumbList\",\"@id\":\"https:\/\/blog.zeit.de\/schueler\/naturwissenschaften\/#breadcrumb\",\"itemListElement\":[{\"@type\":\"ListItem\",\"position\":1,\"name\":\"Startseite\",\"item\":\"https:\/\/blog.zeit.de\/schueler\/\"},{\"@type\":\"ListItem\",\"position\":2,\"name\":\"Alle Seiten zu Naturwissenschaften\"}]},{\"@type\":\"WebSite\",\"@id\":\"https:\/\/blog.zeit.de\/schueler\/#website\",\"url\":\"https:\/\/blog.zeit.de\/schueler\/\",\"name\":\"Lernplattform\",\"description\":\"Die besten Texte, Videos und Links f\u00fcr den Unterricht zur Verf\u00fcgung gestellt von ZEIT f\u00fcr die Schule\",\"potentialAction\":[{\"@type\":\"SearchAction\",\"target\":{\"@type\":\"EntryPoint\",\"urlTemplate\":\"https:\/\/blog.zeit.de\/schueler\/?s={search_term_string}\"},\"query-input\":\"required name=search_term_string\"}],\"inLanguage\":\"de\"}]}<\/script>\n<!-- \/ Yoast SEO plugin. -->","yoast_head_json":{"title":"Alle Seiten zu Naturwissenschaften - Lernplattform","robots":{"index":"index","follow":"follow","max-snippet":"max-snippet:-1","max-image-preview":"max-image-preview:large","max-video-preview":"max-video-preview:-1"},"canonical":"https:\/\/blog.zeit.de\/schueler\/naturwissenschaften\/","og_locale":"de_DE","og_type":"article","og_title":"Alle Seiten zu Naturwissenschaften - Lernplattform","og_description":"&nbsp; Auf den Naturwissenschaften-Seiten finden Sch\u00fcler Zeitungsartikel, wissenschaftliche Texte, Video-Dokumentationen, Grafiken und Statistiken, die ihnen helfen zu naturwissenschaftlichen Themen Referate oder Hausarbeiten vorzubereiten und das Wissen aus dem Unterricht zu vertiefen. Genetik und Fortpflanzung Die blauen Augen von der Mutter, das m\u00e4chtige Kinn vom Vater: Was Kinder von ihren Eltern auf den Weg f\u00fcrs Leben [&hellip;]","og_url":"https:\/\/blog.zeit.de\/schueler\/naturwissenschaften\/","og_site_name":"Lernplattform","article_modified_time":"2012-09-04T11:45:35+00:00","og_image":[{"url":"https:\/\/blog.zeit.de\/schueler\/files\/2011\/09\/DNA-Sequenz_148_84.jpg"}],"twitter_misc":{"Gesch\u00e4tzte Lesezeit":"3\u00a0Minuten"},"schema":{"@context":"https:\/\/schema.org","@graph":[{"@type":"WebPage","@id":"https:\/\/blog.zeit.de\/schueler\/naturwissenschaften\/","url":"https:\/\/blog.zeit.de\/schueler\/naturwissenschaften\/","name":"Alle Seiten zu Naturwissenschaften - Lernplattform","isPartOf":{"@id":"https:\/\/blog.zeit.de\/schueler\/#website"},"datePublished":"2011-09-13T13:11:54+00:00","dateModified":"2012-09-04T11:45:35+00:00","breadcrumb":{"@id":"https:\/\/blog.zeit.de\/schueler\/naturwissenschaften\/#breadcrumb"},"inLanguage":"de","potentialAction":[{"@type":"ReadAction","target":["https:\/\/blog.zeit.de\/schueler\/naturwissenschaften\/"]}]},{"@type":"BreadcrumbList","@id":"https:\/\/blog.zeit.de\/schueler\/naturwissenschaften\/#breadcrumb","itemListElement":[{"@type":"ListItem","position":1,"name":"Startseite","item":"https:\/\/blog.zeit.de\/schueler\/"},{"@type":"ListItem","position":2,"name":"Alle Seiten zu Naturwissenschaften"}]},{"@type":"WebSite","@id":"https:\/\/blog.zeit.de\/schueler\/#website","url":"https:\/\/blog.zeit.de\/schueler\/","name":"Lernplattform","description":"Die besten Texte, Videos und Links f\u00fcr den Unterricht zur Verf\u00fcgung gestellt von ZEIT f\u00fcr die Schule","potentialAction":[{"@type":"SearchAction","target":{"@type":"EntryPoint","urlTemplate":"https:\/\/blog.zeit.de\/schueler\/?s={search_term_string}"},"query-input":"required name=search_term_string"}],"inLanguage":"de"}]}},"jetpack_sharing_enabled":true,"_links":{"self":[{"href":"https:\/\/blog.zeit.de\/schueler\/wp-json\/wp\/v2\/pages\/3818","targetHints":{"allow":["GET"]}}],"collection":[{"href":"https:\/\/blog.zeit.de\/schueler\/wp-json\/wp\/v2\/pages"}],"about":[{"href":"https:\/\/blog.zeit.de\/schueler\/wp-json\/wp\/v2\/types\/page"}],"author":[{"embeddable":true,"href":"https:\/\/blog.zeit.de\/schueler\/wp-json\/wp\/v2\/users\/323"}],"replies":[{"embeddable":true,"href":"https:\/\/blog.zeit.de\/schueler\/wp-json\/wp\/v2\/comments?post=3818"}],"version-history":[{"count":30,"href":"https:\/\/blog.zeit.de\/schueler\/wp-json\/wp\/v2\/pages\/3818\/revisions"}],"predecessor-version":[{"id":3820,"href":"https:\/\/blog.zeit.de\/schueler\/wp-json\/wp\/v2\/pages\/3818\/revisions\/3820"}],"wp:attachment":[{"href":"https:\/\/blog.zeit.de\/schueler\/wp-json\/wp\/v2\/media?parent=3818"}],"curies":[{"name":"wp","href":"https:\/\/api.w.org\/{rel}","templated":true}]}}