{"version":"1.0","provider_name":"Das Schulblog","provider_url":"https:\/\/blog.zeit.de\/schulblog","author_name":"Thomas Kerstan","author_url":"https:\/\/blog.zeit.de\/schulblog\/author\/thomas-kerstan\/","title":"Zum Nachlesen: Die neue CDU-Bildungspolitik im Wortlaut - Das Schulblog","type":"rich","width":600,"height":338,"html":"<blockquote class=\"wp-embedded-content\" data-secret=\"VvFS8ClweF\"><a href=\"https:\/\/blog.zeit.de\/schulblog\/2011\/06\/27\/zum-nachlesen-die-neue-cdu-bildungspolitik-im-wortlaut\/\">Zum Nachlesen: Die neue CDU-Bildungspolitik im Wortlaut<\/a><\/blockquote><iframe sandbox=\"allow-scripts\" security=\"restricted\" src=\"https:\/\/blog.zeit.de\/schulblog\/2011\/06\/27\/zum-nachlesen-die-neue-cdu-bildungspolitik-im-wortlaut\/embed\/#?secret=VvFS8ClweF\" width=\"600\" height=\"338\" title=\"&#8222;Zum Nachlesen: Die neue CDU-Bildungspolitik im Wortlaut&#8220; &#8212; Das Schulblog\" data-secret=\"VvFS8ClweF\" frameborder=\"0\" marginwidth=\"0\" marginheight=\"0\" scrolling=\"no\" class=\"wp-embedded-content\"><\/iframe><script type=\"text\/javascript\">\n\/* <![CDATA[ *\/\n\/*! This file is auto-generated *\/\n!function(d,l){\"use strict\";l.querySelector&&d.addEventListener&&\"undefined\"!=typeof URL&&(d.wp=d.wp||{},d.wp.receiveEmbedMessage||(d.wp.receiveEmbedMessage=function(e){var t=e.data;if((t||t.secret||t.message||t.value)&&!\/[^a-zA-Z0-9]\/.test(t.secret)){for(var s,r,n,a=l.querySelectorAll('iframe[data-secret=\"'+t.secret+'\"]'),o=l.querySelectorAll('blockquote[data-secret=\"'+t.secret+'\"]'),c=new RegExp(\"^https?:$\",\"i\"),i=0;i<o.length;i++)o[i].style.display=\"none\";for(i=0;i<a.length;i++)s=a[i],e.source===s.contentWindow&&(s.removeAttribute(\"style\"),\"height\"===t.message?(1e3<(r=parseInt(t.value,10))?r=1e3:~~r<200&&(r=200),s.height=r):\"link\"===t.message&&(r=new URL(s.getAttribute(\"src\")),n=new URL(t.value),c.test(n.protocol))&&n.host===r.host&&l.activeElement===s&&(d.top.location.href=t.value))}},d.addEventListener(\"message\",d.wp.receiveEmbedMessage,!1),l.addEventListener(\"DOMContentLoaded\",function(){for(var e,t,s=l.querySelectorAll(\"iframe.wp-embedded-content\"),r=0;r<s.length;r++)(t=(e=s[r]).getAttribute(\"data-secret\"))||(t=Math.random().toString(36).substring(2,12),e.src+=\"#?secret=\"+t,e.setAttribute(\"data-secret\",t)),e.contentWindow.postMessage({message:\"ready\",secret:t},\"*\")},!1)))}(window,document);\n\/* ]]> *\/\n<\/script>\n","description":"In den meisten Meldungen wird das neue Bildungskonzept der CDU auf den Abschied der Partei von der Hauptschule verk\u00fcrzt. Wer am ganzen Bild interessiert ist, der findet hier zum Herunterladen und Nachlesen das Bildungskonzept der CDU in voller L\u00e4nge. Soeben vom CDU-Vorstand beschlossen; endg\u00fcltig soll der Parteitag im November dar\u00fcber entscheiden. Und hier als Schnellinformation [&hellip;]"}

In den meisten Meldungen wird das neue Bildungskonzept der CDU auf den Abschied der Partei von der Hauptschule verkürzt. Wer am ganzen Bild interessiert ist, der findet hier zum Herunterladen und Nachlesen das Bildungskonzept der CDU in voller Länge. Soeben vom CDU-Vorstand beschlossen; endgültig soll der Parteitag im November darüber entscheiden. Und hier als Schnellinformation [&hellip;]
