{"version":"1.0","provider_name":"Sport-Blog","provider_url":"https:\/\/blog.zeit.de\/sport-blog","author_name":"Oliver Fritsch","author_url":"https:\/\/blog.zeit.de\/sport-blog\/author\/oliver-fritsch","title":"Auf der F\u00e4hre sind wir alle gleich - Sport-Blog","type":"rich","width":600,"height":338,"html":"<blockquote class=\"wp-embedded-content\" data-secret=\"P9Q6n0iZPx\"><a href=\"https:\/\/blog.zeit.de\/sport-blog\/2014\/06\/19\/faehre-santo-andre-dodo-cascavel_7258\">Auf der F\u00e4hre sind wir alle gleich<\/a><\/blockquote><iframe sandbox=\"allow-scripts\" security=\"restricted\" src=\"https:\/\/blog.zeit.de\/sport-blog\/2014\/06\/19\/faehre-santo-andre-dodo-cascavel_7258\/embed#?secret=P9Q6n0iZPx\" width=\"600\" height=\"338\" title=\"&#8222;Auf der F\u00e4hre sind wir alle gleich&#8220; &#8212; Sport-Blog\" data-secret=\"P9Q6n0iZPx\" frameborder=\"0\" marginwidth=\"0\" marginheight=\"0\" scrolling=\"no\" class=\"wp-embedded-content\"><\/iframe><script type=\"text\/javascript\">\n\/* <![CDATA[ *\/\n\/*! This file is auto-generated *\/\n!function(d,l){\"use strict\";l.querySelector&&d.addEventListener&&\"undefined\"!=typeof URL&&(d.wp=d.wp||{},d.wp.receiveEmbedMessage||(d.wp.receiveEmbedMessage=function(e){var t=e.data;if((t||t.secret||t.message||t.value)&&!\/[^a-zA-Z0-9]\/.test(t.secret)){for(var s,r,n,a=l.querySelectorAll('iframe[data-secret=\"'+t.secret+'\"]'),o=l.querySelectorAll('blockquote[data-secret=\"'+t.secret+'\"]'),c=new RegExp(\"^https?:$\",\"i\"),i=0;i<o.length;i++)o[i].style.display=\"none\";for(i=0;i<a.length;i++)s=a[i],e.source===s.contentWindow&&(s.removeAttribute(\"style\"),\"height\"===t.message?(1e3<(r=parseInt(t.value,10))?r=1e3:~~r<200&&(r=200),s.height=r):\"link\"===t.message&&(r=new URL(s.getAttribute(\"src\")),n=new URL(t.value),c.test(n.protocol))&&n.host===r.host&&l.activeElement===s&&(d.top.location.href=t.value))}},d.addEventListener(\"message\",d.wp.receiveEmbedMessage,!1),l.addEventListener(\"DOMContentLoaded\",function(){for(var e,t,s=l.querySelectorAll(\"iframe.wp-embedded-content\"),r=0;r<s.length;r++)(t=(e=s[r]).getAttribute(\"data-secret\"))||(t=Math.random().toString(36).substring(2,12),e.src+=\"#?secret=\"+t,e.setAttribute(\"data-secret\",t)),e.contentWindow.postMessage({message:\"ready\",secret:t},\"*\")},!1)))}(window,document);\n\/* ]]> *\/\n<\/script>\n","description":"Fern hallt das Rattern ihrer Dieselmotoren. Noch kann ich sie in der schwarzen Nacht Brasiliens nicht sehen, wei\u00df nicht, ob sie sich n\u00e4hert oder ob sie sich entfernt. Das Rattern verr\u00e4t es nicht. Ich sehe ein schwaches Licht, das st\u00e4rker wird. Eine Maschine taucht auf aus dem Dunkel, gespenstisch, archaisch wie der Flammenwerfer in Dr. [&hellip;]","thumbnail_url":"https:\/\/blog.zeit.de\/sport-blog\/files\/2014\/06\/IMG_1225-580x435.jpg"}

Auf der Fähre sind wir alle gleich - Sport-Blog

<blockquote class="wp-embedded-content" data-secret="P9Q6n0iZPx"><a href="https://blog.zeit.de/sport-blog/2014/06/19/faehre-santo-andre-dodo-cascavel_7258">Auf der Fähre sind wir alle gleich</a></blockquote><iframe sandbox="allow-scripts" security="restricted" src="https://blog.zeit.de/sport-blog/2014/06/19/faehre-santo-andre-dodo-cascavel_7258/embed#?secret=P9Q6n0iZPx" width="600" height="338" title="&#8222;Auf der Fähre sind wir alle gleich&#8220; &#8212; Sport-Blog" data-secret="P9Q6n0iZPx" frameborder="0" marginwidth="0" marginheight="0" scrolling="no" class="wp-embedded-content"></iframe><script type="text/javascript">
/* <![CDATA[ */
/*! This file is auto-generated */
!function(d,l){"use strict";l.querySelector&&d.addEventListener&&"undefined"!=typeof URL&&(d.wp=d.wp||{},d.wp.receiveEmbedMessage||(d.wp.receiveEmbedMessage=function(e){var t=e.data;if((t||t.secret||t.message||t.value)&&!/[^a-zA-Z0-9]/.test(t.secret)){for(var s,r,n,a=l.querySelectorAll('iframe[data-secret="'+t.secret+'"]'),o=l.querySelectorAll('blockquote[data-secret="'+t.secret+'"]'),c=new RegExp("^https?:$","i"),i=0;i<o.length;i++)o[i].style.display="none";for(i=0;i<a.length;i++)s=a[i],e.source===s.contentWindow&&(s.removeAttribute("style"),"height"===t.message?(1e3<(r=parseInt(t.value,10))?r=1e3:~~r<200&&(r=200),s.height=r):"link"===t.message&&(r=new URL(s.getAttribute("src")),n=new URL(t.value),c.test(n.protocol))&&n.host===r.host&&l.activeElement===s&&(d.top.location.href=t.value))}},d.addEventListener("message",d.wp.receiveEmbedMessage,!1),l.addEventListener("DOMContentLoaded",function(){for(var e,t,s=l.querySelectorAll("iframe.wp-embedded-content"),r=0;r<s.length;r++)(t=(e=s[r]).getAttribute("data-secret"))||(t=Math.random().toString(36).substring(2,12),e.src+="#?secret="+t,e.setAttribute("data-secret",t)),e.contentWindow.postMessage({message:"ready",secret:t},"*")},!1)))}(window,document);
/* ]]> */
</script>

Fern hallt das Rattern ihrer Dieselmotoren. Noch kann ich sie in der schwarzen Nacht Brasiliens nicht sehen, weiß nicht, ob sie sich nähert oder ob sie sich entfernt. Das Rattern verrät es nicht. Ich sehe ein schwaches Licht, das stärker wird. Eine Maschine taucht auf aus dem Dunkel, gespenstisch, archaisch wie der Flammenwerfer in Dr. [&hellip;]
