{"id":270,"date":"2009-03-04T12:52:36","date_gmt":"2009-03-04T11:52:36","guid":{"rendered":"http:\/\/blog.zeit.de\/bundesliga\/?page_id=270"},"modified":"2014-06-11T10:08:35","modified_gmt":"2014-06-11T08:08:35","slug":"uber-dieses-blog","status":"publish","type":"page","link":"https:\/\/blog.zeit.de\/sport-blog\/uber-dieses-blog","title":{"rendered":"\u00dcber dieses Blog"},"content":{"rendered":"<p>W\u00e4hrend <a href=\"http:\/\/www.zeit.de\/sport\/fussball-wm-2014\/\" target=\"_blank\">der Fu\u00dfball-WM in Brasilien<\/a> wird dieses Blog zum WM-Blog. Viele kleine und gro\u00dfe Dinge, auf die unsere WM-Reporter in Brasilien sto\u00dfen, die sie unterwegs erleben, die sie bewegen, finden hier ihren Platz: Eindr\u00fccke, Fundst\u00fccke, Miniaturen. Auch geben wir gelegentlich Einblicke in unsere Arbeitsweisen und Recherchen.<\/p>\n<p>Aus Brasilien bloggen unsere Reporter <a href=\"http:\/\/community.zeit.de\/user\/christian-spiller\">Christian Spiller,<\/a> haupts\u00e4chlich aus Rio, und\u00a0<a href=\"http:\/\/community.zeit.de\/user\/oliver-fritsch\">Oliver Fritsch<\/a>, meist aus dem WM-Lager der deutschen Nationalmannschaft. Aus der Redaktion in Berlin werden sie von <a href=\"http:\/\/community.zeit.de\/user\/steffi-dobmeier\" target=\"_blank\">Steffi Dobmeier<\/a>, <a href=\"http:\/\/community.zeit.de\/user\/eike-k%C3%BChl\" target=\"_blank\">Eike K\u00fchl<\/a>, <a href=\"http:\/\/community.zeit.de\/user\/eike-k%C3%BChl\" target=\"_blank\">Paul Hofmann<\/a> und <a href=\"http:\/\/community.zeit.de\/user\/steffendobbert\" target=\"_blank\">Steffen Dobbert<\/a> unterst\u00fctzt. Alle Leser sind eingeladen, Kommentare abzugeben oder Links zu senden. Die Sportredaktion erreichen Sie \u00fcber die Kommentarfunktion unter den Texten oder per Mail: online-sport@zeit.de.<\/p>\n","protected":false},"excerpt":{"rendered":"<p>W\u00e4hrend der Fu\u00dfball-WM in Brasilien wird dieses Blog zum WM-Blog. Viele kleine und gro\u00dfe Dinge, auf die unsere WM-Reporter in Brasilien sto\u00dfen, die sie unterwegs erleben, die sie bewegen, finden hier ihren Platz: Eindr\u00fccke, Fundst\u00fccke, Miniaturen. Auch geben wir gelegentlich Einblicke in unsere Arbeitsweisen und Recherchen. Aus Brasilien bloggen unsere Reporter Christian Spiller, haupts\u00e4chlich aus [&hellip;]<\/p>\n","protected":false},"author":2,"featured_media":0,"parent":0,"menu_order":0,"comment_status":"closed","ping_status":"closed","template":"","meta":{"footnotes":""},"class_list":["post-270","page","type-page","status-publish","hentry"],"yoast_head":"<!-- This site is optimized with the Yoast SEO plugin v21.0 - https:\/\/yoast.com\/wordpress\/plugins\/seo\/ -->\n<title>\u00dcber dieses Blog - Sport-Blog<\/title>\n<meta name=\"robots\" content=\"index, follow, max-snippet:-1, max-image-preview:large, max-video-preview:-1\" \/>\n<link rel=\"canonical\" href=\"https:\/\/blog.zeit.de\/sport-blog\/uber-dieses-blog\" \/>\n<meta property=\"og:locale\" content=\"de_DE\" \/>\n<meta property=\"og:type\" content=\"article\" \/>\n<meta property=\"og:title\" content=\"\u00dcber dieses Blog - Sport-Blog\" \/>\n<meta property=\"og:description\" content=\"W\u00e4hrend der Fu\u00dfball-WM in Brasilien wird dieses Blog zum WM-Blog. Viele kleine und gro\u00dfe Dinge, auf die unsere WM-Reporter in Brasilien sto\u00dfen, die sie unterwegs erleben, die sie bewegen, finden hier ihren Platz: Eindr\u00fccke, Fundst\u00fccke, Miniaturen. Auch geben wir gelegentlich Einblicke in unsere Arbeitsweisen und Recherchen. Aus Brasilien bloggen unsere Reporter Christian Spiller, haupts\u00e4chlich aus [&hellip;]\" \/>\n<meta property=\"og:url\" content=\"https:\/\/blog.zeit.de\/sport-blog\/uber-dieses-blog\" \/>\n<meta property=\"og:site_name\" content=\"Sport-Blog\" \/>\n<meta property=\"article:modified_time\" content=\"2014-06-11T08:08:35+00:00\" \/>\n<meta name=\"twitter:card\" content=\"summary_large_image\" \/>\n<meta name=\"twitter:site\" content=\"@zeitonlinesport\" \/>\n<meta name=\"twitter:label1\" content=\"Gesch\u00e4tzte Lesezeit\" \/>\n\t<meta name=\"twitter:data1\" content=\"1\u00a0Minute\" \/>\n<script type=\"application\/ld+json\" class=\"yoast-schema-graph\">{\"@context\":\"https:\/\/schema.org\",\"@graph\":[{\"@type\":\"WebPage\",\"@id\":\"https:\/\/blog.zeit.de\/sport-blog\/uber-dieses-blog\",\"url\":\"https:\/\/blog.zeit.de\/sport-blog\/uber-dieses-blog\",\"name\":\"\u00dcber dieses Blog - Sport-Blog\",\"isPartOf\":{\"@id\":\"https:\/\/blog.zeit.de\/sport-blog\/#website\"},\"datePublished\":\"2009-03-04T11:52:36+00:00\",\"dateModified\":\"2014-06-11T08:08:35+00:00\",\"breadcrumb\":{\"@id\":\"https:\/\/blog.zeit.de\/sport-blog\/uber-dieses-blog#breadcrumb\"},\"inLanguage\":\"de\",\"potentialAction\":[{\"@type\":\"ReadAction\",\"target\":[\"https:\/\/blog.zeit.de\/sport-blog\/uber-dieses-blog\"]}]},{\"@type\":\"BreadcrumbList\",\"@id\":\"https:\/\/blog.zeit.de\/sport-blog\/uber-dieses-blog#breadcrumb\",\"itemListElement\":[{\"@type\":\"ListItem\",\"position\":1,\"name\":\"Startseite\",\"item\":\"https:\/\/blog.zeit.de\/sport-blog\"},{\"@type\":\"ListItem\",\"position\":2,\"name\":\"\u00dcber dieses Blog\"}]},{\"@type\":\"WebSite\",\"@id\":\"https:\/\/blog.zeit.de\/sport-blog\/#website\",\"url\":\"https:\/\/blog.zeit.de\/sport-blog\/\",\"name\":\"Sport-Blog\",\"description\":\"Blog der ZEIT ONLINE Sportredaktion\",\"potentialAction\":[{\"@type\":\"SearchAction\",\"target\":{\"@type\":\"EntryPoint\",\"urlTemplate\":\"https:\/\/blog.zeit.de\/sport-blog\/?s={search_term_string}\"},\"query-input\":\"required name=search_term_string\"}],\"inLanguage\":\"de\"}]}<\/script>\n<!-- \/ Yoast SEO plugin. -->","yoast_head_json":{"title":"\u00dcber dieses Blog - Sport-Blog","robots":{"index":"index","follow":"follow","max-snippet":"max-snippet:-1","max-image-preview":"max-image-preview:large","max-video-preview":"max-video-preview:-1"},"canonical":"https:\/\/blog.zeit.de\/sport-blog\/uber-dieses-blog","og_locale":"de_DE","og_type":"article","og_title":"\u00dcber dieses Blog - Sport-Blog","og_description":"W\u00e4hrend der Fu\u00dfball-WM in Brasilien wird dieses Blog zum WM-Blog. Viele kleine und gro\u00dfe Dinge, auf die unsere WM-Reporter in Brasilien sto\u00dfen, die sie unterwegs erleben, die sie bewegen, finden hier ihren Platz: Eindr\u00fccke, Fundst\u00fccke, Miniaturen. Auch geben wir gelegentlich Einblicke in unsere Arbeitsweisen und Recherchen. Aus Brasilien bloggen unsere Reporter Christian Spiller, haupts\u00e4chlich aus [&hellip;]","og_url":"https:\/\/blog.zeit.de\/sport-blog\/uber-dieses-blog","og_site_name":"Sport-Blog","article_modified_time":"2014-06-11T08:08:35+00:00","twitter_card":"summary_large_image","twitter_site":"@zeitonlinesport","twitter_misc":{"Gesch\u00e4tzte Lesezeit":"1\u00a0Minute"},"schema":{"@context":"https:\/\/schema.org","@graph":[{"@type":"WebPage","@id":"https:\/\/blog.zeit.de\/sport-blog\/uber-dieses-blog","url":"https:\/\/blog.zeit.de\/sport-blog\/uber-dieses-blog","name":"\u00dcber dieses Blog - Sport-Blog","isPartOf":{"@id":"https:\/\/blog.zeit.de\/sport-blog\/#website"},"datePublished":"2009-03-04T11:52:36+00:00","dateModified":"2014-06-11T08:08:35+00:00","breadcrumb":{"@id":"https:\/\/blog.zeit.de\/sport-blog\/uber-dieses-blog#breadcrumb"},"inLanguage":"de","potentialAction":[{"@type":"ReadAction","target":["https:\/\/blog.zeit.de\/sport-blog\/uber-dieses-blog"]}]},{"@type":"BreadcrumbList","@id":"https:\/\/blog.zeit.de\/sport-blog\/uber-dieses-blog#breadcrumb","itemListElement":[{"@type":"ListItem","position":1,"name":"Startseite","item":"https:\/\/blog.zeit.de\/sport-blog"},{"@type":"ListItem","position":2,"name":"\u00dcber dieses Blog"}]},{"@type":"WebSite","@id":"https:\/\/blog.zeit.de\/sport-blog\/#website","url":"https:\/\/blog.zeit.de\/sport-blog\/","name":"Sport-Blog","description":"Blog der ZEIT ONLINE Sportredaktion","potentialAction":[{"@type":"SearchAction","target":{"@type":"EntryPoint","urlTemplate":"https:\/\/blog.zeit.de\/sport-blog\/?s={search_term_string}"},"query-input":"required name=search_term_string"}],"inLanguage":"de"}]}},"jetpack_sharing_enabled":true,"_links":{"self":[{"href":"https:\/\/blog.zeit.de\/sport-blog\/wp-json\/wp\/v2\/pages\/270","targetHints":{"allow":["GET"]}}],"collection":[{"href":"https:\/\/blog.zeit.de\/sport-blog\/wp-json\/wp\/v2\/pages"}],"about":[{"href":"https:\/\/blog.zeit.de\/sport-blog\/wp-json\/wp\/v2\/types\/page"}],"author":[{"embeddable":true,"href":"https:\/\/blog.zeit.de\/sport-blog\/wp-json\/wp\/v2\/users\/2"}],"replies":[{"embeddable":true,"href":"https:\/\/blog.zeit.de\/sport-blog\/wp-json\/wp\/v2\/comments?post=270"}],"version-history":[{"count":18,"href":"https:\/\/blog.zeit.de\/sport-blog\/wp-json\/wp\/v2\/pages\/270\/revisions"}],"predecessor-version":[{"id":7206,"href":"https:\/\/blog.zeit.de\/sport-blog\/wp-json\/wp\/v2\/pages\/270\/revisions\/7206"}],"wp:attachment":[{"href":"https:\/\/blog.zeit.de\/sport-blog\/wp-json\/wp\/v2\/media?parent=270"}],"curies":[{"name":"wp","href":"https:\/\/api.w.org\/{rel}","templated":true}]}}

Über dieses Blog

<p>Während <a href="http://www.zeit.de/sport/fussball-wm-2014/" target="_blank">der Fußball-WM in Brasilien</a> wird dieses Blog zum WM-Blog. Viele kleine und große Dinge, auf die unsere WM-Reporter in Brasilien stoßen, die sie unterwegs erleben, die sie bewegen, finden hier ihren Platz: Eindrücke, Fundstücke, Miniaturen. Auch geben wir gelegentlich Einblicke in unsere Arbeitsweisen und Recherchen.</p>
<p>Aus Brasilien bloggen unsere Reporter <a href="http://community.zeit.de/user/christian-spiller">Christian Spiller,</a> hauptsächlich aus Rio, und <a href="http://community.zeit.de/user/oliver-fritsch">Oliver Fritsch</a>, meist aus dem WM-Lager der deutschen Nationalmannschaft. Aus der Redaktion in Berlin werden sie von <a href="http://community.zeit.de/user/steffi-dobmeier" target="_blank">Steffi Dobmeier</a>, <a href="http://community.zeit.de/user/eike-k%C3%BChl" target="_blank">Eike Kühl</a>, <a href="http://community.zeit.de/user/eike-k%C3%BChl" target="_blank">Paul Hofmann</a> und <a href="http://community.zeit.de/user/steffendobbert" target="_blank">Steffen Dobbert</a> unterstützt. Alle Leser sind eingeladen, Kommentare abzugeben oder Links zu senden. Die Sportredaktion erreichen Sie über die Kommentarfunktion unter den Texten oder per Mail: online-sport@zeit.de.</p>

<p>Während der Fußball-WM in Brasilien wird dieses Blog zum WM-Blog. Viele kleine und große Dinge, auf die unsere WM-Reporter in Brasilien stoßen, die sie unterwegs erleben, die sie bewegen, finden hier ihren Platz: Eindrücke, Fundstücke, Miniaturen. Auch geben wir gelegentlich Einblicke in unsere Arbeitsweisen und Recherchen. Aus Brasilien bloggen unsere Reporter Christian Spiller, hauptsächlich aus [&hellip;]</p>

<!-- This site is optimized with the Yoast SEO plugin v21.0 - https://yoast.com/wordpress/plugins/seo/ -->
<title>Über dieses Blog - Sport-Blog</title>
<meta name="robots" content="index, follow, max-snippet:-1, max-image-preview:large, max-video-preview:-1" />
<link rel="canonical" href="https://blog.zeit.de/sport-blog/uber-dieses-blog" />
<meta property="og:locale" content="de_DE" />
<meta property="og:type" content="article" />
<meta property="og:title" content="Über dieses Blog - Sport-Blog" />
<meta property="og:description" content="Während der Fußball-WM in Brasilien wird dieses Blog zum WM-Blog. Viele kleine und große Dinge, auf die unsere WM-Reporter in Brasilien stoßen, die sie unterwegs erleben, die sie bewegen, finden hier ihren Platz: Eindrücke, Fundstücke, Miniaturen. Auch geben wir gelegentlich Einblicke in unsere Arbeitsweisen und Recherchen. Aus Brasilien bloggen unsere Reporter Christian Spiller, hauptsächlich aus [&hellip;]" />
<meta property="og:url" content="https://blog.zeit.de/sport-blog/uber-dieses-blog" />
<meta property="og:site_name" content="Sport-Blog" />
<meta property="article:modified_time" content="2014-06-11T08:08:35+00:00" />
<meta name="twitter:card" content="summary_large_image" />
<meta name="twitter:site" content="@zeitonlinesport" />
<meta name="twitter:label1" content="Geschätzte Lesezeit" />
	<meta name="twitter:data1" content="1 Minute" />
<script type="application/ld+json" class="yoast-schema-graph">{"@context":"https://schema.org","@graph":[{"@type":"WebPage","@id":"https://blog.zeit.de/sport-blog/uber-dieses-blog","url":"https://blog.zeit.de/sport-blog/uber-dieses-blog","name":"Über dieses Blog - Sport-Blog","isPartOf":{"@id":"https://blog.zeit.de/sport-blog/#website"},"datePublished":"2009-03-04T11:52:36+00:00","dateModified":"2014-06-11T08:08:35+00:00","breadcrumb":{"@id":"https://blog.zeit.de/sport-blog/uber-dieses-blog#breadcrumb"},"inLanguage":"de","potentialAction":[{"@type":"ReadAction","target":["https://blog.zeit.de/sport-blog/uber-dieses-blog"]}]},{"@type":"BreadcrumbList","@id":"https://blog.zeit.de/sport-blog/uber-dieses-blog#breadcrumb","itemListElement":[{"@type":"ListItem","position":1,"name":"Startseite","item":"https://blog.zeit.de/sport-blog"},{"@type":"ListItem","position":2,"name":"Über dieses Blog"}]},{"@type":"WebSite","@id":"https://blog.zeit.de/sport-blog/#website","url":"https://blog.zeit.de/sport-blog/","name":"Sport-Blog","description":"Blog der ZEIT ONLINE Sportredaktion","potentialAction":[{"@type":"SearchAction","target":{"@type":"EntryPoint","urlTemplate":"https://blog.zeit.de/sport-blog/?s={search_term_string}"},"query-input":"required name=search_term_string"}],"inLanguage":"de"}]}</script>
<!-- / Yoast SEO plugin. -->

Über dieses Blog - Sport-Blog

Während der Fußball-WM in Brasilien wird dieses Blog zum WM-Blog. Viele kleine und große Dinge, auf die unsere WM-Reporter in Brasilien stoßen, die sie unterwegs erleben, die sie bewegen, finden hier ihren Platz: Eindrücke, Fundstücke, Miniaturen. Auch geben wir gelegentlich Einblicke in unsere Arbeitsweisen und Recherchen. Aus Brasilien bloggen unsere Reporter Christian Spiller, hauptsächlich aus [&hellip;]
