{"version":"1.0","provider_name":"St\u00f6rungsmelder","provider_url":"https:\/\/blog.zeit.de\/stoerungsmelder","author_name":"Petra Pau","author_url":"https:\/\/blog.zeit.de\/stoerungsmelder\/author\/petra-pau","title":"Parlamentarischer Abend in Berlin - St\u00f6rungsmelder","type":"rich","width":600,"height":338,"html":"<blockquote class=\"wp-embedded-content\" data-secret=\"7kv96rKg8I\"><a href=\"https:\/\/blog.zeit.de\/stoerungsmelder\/2008\/09\/25\/parlamentarischer-abend-in-berlin_409\">Parlamentarischer Abend in Berlin<\/a><\/blockquote><iframe sandbox=\"allow-scripts\" security=\"restricted\" src=\"https:\/\/blog.zeit.de\/stoerungsmelder\/2008\/09\/25\/parlamentarischer-abend-in-berlin_409\/embed#?secret=7kv96rKg8I\" width=\"600\" height=\"338\" title=\"&#8222;Parlamentarischer Abend in Berlin&#8220; &#8212; St\u00f6rungsmelder\" data-secret=\"7kv96rKg8I\" frameborder=\"0\" marginwidth=\"0\" marginheight=\"0\" scrolling=\"no\" class=\"wp-embedded-content\"><\/iframe><script type=\"text\/javascript\">\n\/* <![CDATA[ *\/\n\/*! This file is auto-generated *\/\n!function(d,l){\"use strict\";l.querySelector&&d.addEventListener&&\"undefined\"!=typeof URL&&(d.wp=d.wp||{},d.wp.receiveEmbedMessage||(d.wp.receiveEmbedMessage=function(e){var t=e.data;if((t||t.secret||t.message||t.value)&&!\/[^a-zA-Z0-9]\/.test(t.secret)){for(var s,r,n,a=l.querySelectorAll('iframe[data-secret=\"'+t.secret+'\"]'),o=l.querySelectorAll('blockquote[data-secret=\"'+t.secret+'\"]'),c=new RegExp(\"^https?:$\",\"i\"),i=0;i<o.length;i++)o[i].style.display=\"none\";for(i=0;i<a.length;i++)s=a[i],e.source===s.contentWindow&&(s.removeAttribute(\"style\"),\"height\"===t.message?(1e3<(r=parseInt(t.value,10))?r=1e3:~~r<200&&(r=200),s.height=r):\"link\"===t.message&&(r=new URL(s.getAttribute(\"src\")),n=new URL(t.value),c.test(n.protocol))&&n.host===r.host&&l.activeElement===s&&(d.top.location.href=t.value))}},d.addEventListener(\"message\",d.wp.receiveEmbedMessage,!1),l.addEventListener(\"DOMContentLoaded\",function(){for(var e,t,s=l.querySelectorAll(\"iframe.wp-embedded-content\"),r=0;r<s.length;r++)(t=(e=s[r]).getAttribute(\"data-secret\"))||(t=Math.random().toString(36).substring(2,12),e.src+=\"#?secret=\"+t,e.setAttribute(\"data-secret\",t)),e.contentWindow.postMessage({message:\"ready\",secret:t},\"*\")},!1)))}(window,document);\n\/* ]]> *\/\n<\/script>\n","description":"\u201eGesicht zeigen\u201c pr\u00e4sentierte gestern Abend in Berlin eingeladenen Parlamentariern sich und mehrere Projekte. Danke daf\u00fcr. Es war im besten Sinne anregend. Wie bitter n\u00f6tig mehr Demokratie, Toleranz und Zivilcourage im Alltag sind, habe ich erst am Wochenende in einer ddp-Kolumne beschrieben, siehe http:\/\/www.petrapau.de\/person\/lesbar\/080920_ddp-kolumne.htm. Umso wichtiger finde ich, dass sich \u201eGesicht zeigen\u201c sehr engagiert und einfallsreich [&hellip;]"}

Störungsmelder

Parlamentarischer Abend in Berlin - Störungsmelder

<blockquote class="wp-embedded-content" data-secret="7kv96rKg8I"><a href="https://blog.zeit.de/stoerungsmelder/2008/09/25/parlamentarischer-abend-in-berlin_409">Parlamentarischer Abend in Berlin</a></blockquote><iframe sandbox="allow-scripts" security="restricted" src="https://blog.zeit.de/stoerungsmelder/2008/09/25/parlamentarischer-abend-in-berlin_409/embed#?secret=7kv96rKg8I" width="600" height="338" title="&#8222;Parlamentarischer Abend in Berlin&#8220; &#8212; Störungsmelder" data-secret="7kv96rKg8I" frameborder="0" marginwidth="0" marginheight="0" scrolling="no" class="wp-embedded-content"></iframe><script type="text/javascript">
/* <![CDATA[ */
/*! This file is auto-generated */
!function(d,l){"use strict";l.querySelector&&d.addEventListener&&"undefined"!=typeof URL&&(d.wp=d.wp||{},d.wp.receiveEmbedMessage||(d.wp.receiveEmbedMessage=function(e){var t=e.data;if((t||t.secret||t.message||t.value)&&!/[^a-zA-Z0-9]/.test(t.secret)){for(var s,r,n,a=l.querySelectorAll('iframe[data-secret="'+t.secret+'"]'),o=l.querySelectorAll('blockquote[data-secret="'+t.secret+'"]'),c=new RegExp("^https?:$","i"),i=0;i<o.length;i++)o[i].style.display="none";for(i=0;i<a.length;i++)s=a[i],e.source===s.contentWindow&&(s.removeAttribute("style"),"height"===t.message?(1e3<(r=parseInt(t.value,10))?r=1e3:~~r<200&&(r=200),s.height=r):"link"===t.message&&(r=new URL(s.getAttribute("src")),n=new URL(t.value),c.test(n.protocol))&&n.host===r.host&&l.activeElement===s&&(d.top.location.href=t.value))}},d.addEventListener("message",d.wp.receiveEmbedMessage,!1),l.addEventListener("DOMContentLoaded",function(){for(var e,t,s=l.querySelectorAll("iframe.wp-embedded-content"),r=0;r<s.length;r++)(t=(e=s[r]).getAttribute("data-secret"))||(t=Math.random().toString(36).substring(2,12),e.src+="#?secret="+t,e.setAttribute("data-secret",t)),e.contentWindow.postMessage({message:"ready",secret:t},"*")},!1)))}(window,document);
/* ]]> */
</script>

„Gesicht zeigen“ präsentierte gestern Abend in Berlin eingeladenen Parlamentariern sich und mehrere Projekte. Danke dafür. Es war im besten Sinne anregend. Wie bitter nötig mehr Demokratie, Toleranz und Zivilcourage im Alltag sind, habe ich erst am Wochenende in einer ddp-Kolumne beschrieben, siehe http://www.petrapau.de/person/lesbar/080920_ddp-kolumne.htm. Umso wichtiger finde ich, dass sich „Gesicht zeigen“ sehr engagiert und einfallsreich [&hellip;]
