{"version":"1.0","provider_name":"St\u00f6rungsmelder","provider_url":"https:\/\/blog.zeit.de\/stoerungsmelder","author_name":"St\u00f6rungsmelder","author_url":"https:\/\/blog.zeit.de\/stoerungsmelder\/author\/stoerungsmelder","title":"\"Pl\u00f6tzlich flogen Kampfbomber \u00fcber unsere K\u00f6pfe\" - St\u00f6rungsmelder","type":"rich","width":600,"height":338,"html":"<blockquote class=\"wp-embedded-content\" data-secret=\"S9JuneBJBT\"><a href=\"https:\/\/blog.zeit.de\/stoerungsmelder\/2010\/01\/26\/plotzlich-flogen-kampfbomber-uber-unsere-kopfe_2481\">&#8222;Pl\u00f6tzlich flogen Kampfbomber \u00fcber unsere K\u00f6pfe&#8220;<\/a><\/blockquote><iframe sandbox=\"allow-scripts\" security=\"restricted\" src=\"https:\/\/blog.zeit.de\/stoerungsmelder\/2010\/01\/26\/plotzlich-flogen-kampfbomber-uber-unsere-kopfe_2481\/embed#?secret=S9JuneBJBT\" width=\"600\" height=\"338\" title=\"&#8222;&#8222;Pl\u00f6tzlich flogen Kampfbomber \u00fcber unsere K\u00f6pfe&#8220;&#8220; &#8212; St\u00f6rungsmelder\" data-secret=\"S9JuneBJBT\" frameborder=\"0\" marginwidth=\"0\" marginheight=\"0\" scrolling=\"no\" class=\"wp-embedded-content\"><\/iframe><script type=\"text\/javascript\">\n\/* <![CDATA[ *\/\n\/*! This file is auto-generated *\/\n!function(d,l){\"use strict\";l.querySelector&&d.addEventListener&&\"undefined\"!=typeof URL&&(d.wp=d.wp||{},d.wp.receiveEmbedMessage||(d.wp.receiveEmbedMessage=function(e){var t=e.data;if((t||t.secret||t.message||t.value)&&!\/[^a-zA-Z0-9]\/.test(t.secret)){for(var s,r,n,a=l.querySelectorAll('iframe[data-secret=\"'+t.secret+'\"]'),o=l.querySelectorAll('blockquote[data-secret=\"'+t.secret+'\"]'),c=new RegExp(\"^https?:$\",\"i\"),i=0;i<o.length;i++)o[i].style.display=\"none\";for(i=0;i<a.length;i++)s=a[i],e.source===s.contentWindow&&(s.removeAttribute(\"style\"),\"height\"===t.message?(1e3<(r=parseInt(t.value,10))?r=1e3:~~r<200&&(r=200),s.height=r):\"link\"===t.message&&(r=new URL(s.getAttribute(\"src\")),n=new URL(t.value),c.test(n.protocol))&&n.host===r.host&&l.activeElement===s&&(d.top.location.href=t.value))}},d.addEventListener(\"message\",d.wp.receiveEmbedMessage,!1),l.addEventListener(\"DOMContentLoaded\",function(){for(var e,t,s=l.querySelectorAll(\"iframe.wp-embedded-content\"),r=0;r<s.length;r++)(t=(e=s[r]).getAttribute(\"data-secret\"))||(t=Math.random().toString(36).substring(2,12),e.src+=\"#?secret=\"+t,e.setAttribute(\"data-secret\",t)),e.contentWindow.postMessage({message:\"ready\",secret:t},\"*\")},!1)))}(window,document);\n\/* ]]> *\/\n<\/script>\n","description":"F\u00fcnf Jahre hat er in Gestapohaft und im Konzentrationslager Sachsenhausen\u00a0 \u00fcberlebt. Inzwischen ist der in Polen geborene Josef Kuzba 93 Jahre alt. Der Umgang mit der Erinnerung an den Terror der Nationalsozialisten hat ihn sein ganzes Leben begleitet. Am Mittwoch wird Kuzba zum Gedenktag f\u00fcr die Opfer des Nationalsozialismus bei einem Konzert der Aktion S\u00fchnezeichen [&hellip;]","thumbnail_url":"https:\/\/blog.zeit.de\/stoerungsmelder\/files\/2010\/01\/kuzba2.jpg"}

Störungsmelder

"Plötzlich flogen Kampfbomber über unsere Köpfe" - Störungsmelder

<blockquote class="wp-embedded-content" data-secret="S9JuneBJBT"><a href="https://blog.zeit.de/stoerungsmelder/2010/01/26/plotzlich-flogen-kampfbomber-uber-unsere-kopfe_2481">&#8222;Plötzlich flogen Kampfbomber über unsere Köpfe&#8220;</a></blockquote><iframe sandbox="allow-scripts" security="restricted" src="https://blog.zeit.de/stoerungsmelder/2010/01/26/plotzlich-flogen-kampfbomber-uber-unsere-kopfe_2481/embed#?secret=S9JuneBJBT" width="600" height="338" title="&#8222;&#8222;Plötzlich flogen Kampfbomber über unsere Köpfe&#8220;&#8220; &#8212; Störungsmelder" data-secret="S9JuneBJBT" frameborder="0" marginwidth="0" marginheight="0" scrolling="no" class="wp-embedded-content"></iframe><script type="text/javascript">
/* <![CDATA[ */
/*! This file is auto-generated */
!function(d,l){"use strict";l.querySelector&&d.addEventListener&&"undefined"!=typeof URL&&(d.wp=d.wp||{},d.wp.receiveEmbedMessage||(d.wp.receiveEmbedMessage=function(e){var t=e.data;if((t||t.secret||t.message||t.value)&&!/[^a-zA-Z0-9]/.test(t.secret)){for(var s,r,n,a=l.querySelectorAll('iframe[data-secret="'+t.secret+'"]'),o=l.querySelectorAll('blockquote[data-secret="'+t.secret+'"]'),c=new RegExp("^https?:$","i"),i=0;i<o.length;i++)o[i].style.display="none";for(i=0;i<a.length;i++)s=a[i],e.source===s.contentWindow&&(s.removeAttribute("style"),"height"===t.message?(1e3<(r=parseInt(t.value,10))?r=1e3:~~r<200&&(r=200),s.height=r):"link"===t.message&&(r=new URL(s.getAttribute("src")),n=new URL(t.value),c.test(n.protocol))&&n.host===r.host&&l.activeElement===s&&(d.top.location.href=t.value))}},d.addEventListener("message",d.wp.receiveEmbedMessage,!1),l.addEventListener("DOMContentLoaded",function(){for(var e,t,s=l.querySelectorAll("iframe.wp-embedded-content"),r=0;r<s.length;r++)(t=(e=s[r]).getAttribute("data-secret"))||(t=Math.random().toString(36).substring(2,12),e.src+="#?secret="+t,e.setAttribute("data-secret",t)),e.contentWindow.postMessage({message:"ready",secret:t},"*")},!1)))}(window,document);
/* ]]> */
</script>

Fünf Jahre hat er in Gestapohaft und im Konzentrationslager Sachsenhausen  überlebt. Inzwischen ist der in Polen geborene Josef Kuzba 93 Jahre alt. Der Umgang mit der Erinnerung an den Terror der Nationalsozialisten hat ihn sein ganzes Leben begleitet. Am Mittwoch wird Kuzba zum Gedenktag für die Opfer des Nationalsozialismus bei einem Konzert der Aktion Sühnezeichen [&hellip;]
