{"version":"1.0","provider_name":"St\u00f6rungsmelder","provider_url":"https:\/\/blog.zeit.de\/stoerungsmelder","author_name":"Fabian Weissbarth","author_url":"https:\/\/blog.zeit.de\/stoerungsmelder\/author\/fabian-weissbarth","title":"Islamgegner unter sich - St\u00f6rungsmelder","type":"rich","width":600,"height":338,"html":"<blockquote class=\"wp-embedded-content\" data-secret=\"GWmVR5l2I0\"><a href=\"https:\/\/blog.zeit.de\/stoerungsmelder\/2010\/09\/10\/bewegung-am-rechten-rand_4552\">Islamgegner unter sich<\/a><\/blockquote><iframe sandbox=\"allow-scripts\" security=\"restricted\" src=\"https:\/\/blog.zeit.de\/stoerungsmelder\/2010\/09\/10\/bewegung-am-rechten-rand_4552\/embed#?secret=GWmVR5l2I0\" width=\"600\" height=\"338\" title=\"&#8222;Islamgegner unter sich&#8220; &#8212; St\u00f6rungsmelder\" data-secret=\"GWmVR5l2I0\" frameborder=\"0\" marginwidth=\"0\" marginheight=\"0\" scrolling=\"no\" class=\"wp-embedded-content\"><\/iframe><script type=\"text\/javascript\">\n\/* <![CDATA[ *\/\n\/*! This file is auto-generated *\/\n!function(d,l){\"use strict\";l.querySelector&&d.addEventListener&&\"undefined\"!=typeof URL&&(d.wp=d.wp||{},d.wp.receiveEmbedMessage||(d.wp.receiveEmbedMessage=function(e){var t=e.data;if((t||t.secret||t.message||t.value)&&!\/[^a-zA-Z0-9]\/.test(t.secret)){for(var s,r,n,a=l.querySelectorAll('iframe[data-secret=\"'+t.secret+'\"]'),o=l.querySelectorAll('blockquote[data-secret=\"'+t.secret+'\"]'),c=new RegExp(\"^https?:$\",\"i\"),i=0;i<o.length;i++)o[i].style.display=\"none\";for(i=0;i<a.length;i++)s=a[i],e.source===s.contentWindow&&(s.removeAttribute(\"style\"),\"height\"===t.message?(1e3<(r=parseInt(t.value,10))?r=1e3:~~r<200&&(r=200),s.height=r):\"link\"===t.message&&(r=new URL(s.getAttribute(\"src\")),n=new URL(t.value),c.test(n.protocol))&&n.host===r.host&&l.activeElement===s&&(d.top.location.href=t.value))}},d.addEventListener(\"message\",d.wp.receiveEmbedMessage,!1),l.addEventListener(\"DOMContentLoaded\",function(){for(var e,t,s=l.querySelectorAll(\"iframe.wp-embedded-content\"),r=0;r<s.length;r++)(t=(e=s[r]).getAttribute(\"data-secret\"))||(t=Math.random().toString(36).substring(2,12),e.src+=\"#?secret=\"+t,e.setAttribute(\"data-secret\",t)),e.contentWindow.postMessage({message:\"ready\",secret:t},\"*\")},!1)))}(window,document);\n\/* ]]> *\/\n<\/script>\n","description":"Der aus der CDU ausgeschlossene \u201eIslamkritiker\u201c Ren\u00e9 Stadtkewitz hat heute zur Pressekonferenz geladen. Thema: Gr\u00fcndung einer neuen Partei. Doch fand diese nicht wie urspr\u00fcnglich geplant im Berliner Abgeordnetenhaus, sondern im Hinterzimmer eines gew\u00f6hnlichen Italieners gegen\u00fcber statt. An der Wand provisorisch befestigt, ein blaues Schild mit der Aufschrift \u201eDie Freiheit &#8211; Partei f\u00fcr mehr Freiheit und [&hellip;]","thumbnail_url":"https:\/\/blog.zeit.de\/stoerungsmelder\/files\/2010\/09\/stadt.jpg"}

Störungsmelder

Islamgegner unter sich - Störungsmelder

<blockquote class="wp-embedded-content" data-secret="GWmVR5l2I0"><a href="https://blog.zeit.de/stoerungsmelder/2010/09/10/bewegung-am-rechten-rand_4552">Islamgegner unter sich</a></blockquote><iframe sandbox="allow-scripts" security="restricted" src="https://blog.zeit.de/stoerungsmelder/2010/09/10/bewegung-am-rechten-rand_4552/embed#?secret=GWmVR5l2I0" width="600" height="338" title="&#8222;Islamgegner unter sich&#8220; &#8212; Störungsmelder" data-secret="GWmVR5l2I0" frameborder="0" marginwidth="0" marginheight="0" scrolling="no" class="wp-embedded-content"></iframe><script type="text/javascript">
/* <![CDATA[ */
/*! This file is auto-generated */
!function(d,l){"use strict";l.querySelector&&d.addEventListener&&"undefined"!=typeof URL&&(d.wp=d.wp||{},d.wp.receiveEmbedMessage||(d.wp.receiveEmbedMessage=function(e){var t=e.data;if((t||t.secret||t.message||t.value)&&!/[^a-zA-Z0-9]/.test(t.secret)){for(var s,r,n,a=l.querySelectorAll('iframe[data-secret="'+t.secret+'"]'),o=l.querySelectorAll('blockquote[data-secret="'+t.secret+'"]'),c=new RegExp("^https?:$","i"),i=0;i<o.length;i++)o[i].style.display="none";for(i=0;i<a.length;i++)s=a[i],e.source===s.contentWindow&&(s.removeAttribute("style"),"height"===t.message?(1e3<(r=parseInt(t.value,10))?r=1e3:~~r<200&&(r=200),s.height=r):"link"===t.message&&(r=new URL(s.getAttribute("src")),n=new URL(t.value),c.test(n.protocol))&&n.host===r.host&&l.activeElement===s&&(d.top.location.href=t.value))}},d.addEventListener("message",d.wp.receiveEmbedMessage,!1),l.addEventListener("DOMContentLoaded",function(){for(var e,t,s=l.querySelectorAll("iframe.wp-embedded-content"),r=0;r<s.length;r++)(t=(e=s[r]).getAttribute("data-secret"))||(t=Math.random().toString(36).substring(2,12),e.src+="#?secret="+t,e.setAttribute("data-secret",t)),e.contentWindow.postMessage({message:"ready",secret:t},"*")},!1)))}(window,document);
/* ]]> */
</script>

Der aus der CDU ausgeschlossene „Islamkritiker“ René Stadtkewitz hat heute zur Pressekonferenz geladen. Thema: Gründung einer neuen Partei. Doch fand diese nicht wie ursprünglich geplant im Berliner Abgeordnetenhaus, sondern im Hinterzimmer eines gewöhnlichen Italieners gegenüber statt. An der Wand provisorisch befestigt, ein blaues Schild mit der Aufschrift „Die Freiheit &#8211; Partei für mehr Freiheit und [&hellip;]
