{"version":"1.0","provider_name":"St\u00f6rungsmelder","provider_url":"https:\/\/blog.zeit.de\/stoerungsmelder","author_name":"St\u00f6rungsmelder","author_url":"https:\/\/blog.zeit.de\/stoerungsmelder\/author\/stoerungsmelder","title":"Rechtsextremer Mord in Leipzig? - St\u00f6rungsmelder","type":"rich","width":600,"height":338,"html":"<blockquote class=\"wp-embedded-content\" data-secret=\"ZNtIb3qgPF\"><a href=\"https:\/\/blog.zeit.de\/stoerungsmelder\/2010\/11\/03\/rechtsextremer-mord-in-leipzig_4895\">Rechtsextremer Mord in Leipzig?<\/a><\/blockquote><iframe sandbox=\"allow-scripts\" security=\"restricted\" src=\"https:\/\/blog.zeit.de\/stoerungsmelder\/2010\/11\/03\/rechtsextremer-mord-in-leipzig_4895\/embed#?secret=ZNtIb3qgPF\" width=\"600\" height=\"338\" title=\"&#8222;Rechtsextremer Mord in Leipzig?&#8220; &#8212; St\u00f6rungsmelder\" data-secret=\"ZNtIb3qgPF\" frameborder=\"0\" marginwidth=\"0\" marginheight=\"0\" scrolling=\"no\" class=\"wp-embedded-content\"><\/iframe><script type=\"text\/javascript\">\n\/* <![CDATA[ *\/\n\/*! This file is auto-generated *\/\n!function(d,l){\"use strict\";l.querySelector&&d.addEventListener&&\"undefined\"!=typeof URL&&(d.wp=d.wp||{},d.wp.receiveEmbedMessage||(d.wp.receiveEmbedMessage=function(e){var t=e.data;if((t||t.secret||t.message||t.value)&&!\/[^a-zA-Z0-9]\/.test(t.secret)){for(var s,r,n,a=l.querySelectorAll('iframe[data-secret=\"'+t.secret+'\"]'),o=l.querySelectorAll('blockquote[data-secret=\"'+t.secret+'\"]'),c=new RegExp(\"^https?:$\",\"i\"),i=0;i<o.length;i++)o[i].style.display=\"none\";for(i=0;i<a.length;i++)s=a[i],e.source===s.contentWindow&&(s.removeAttribute(\"style\"),\"height\"===t.message?(1e3<(r=parseInt(t.value,10))?r=1e3:~~r<200&&(r=200),s.height=r):\"link\"===t.message&&(r=new URL(s.getAttribute(\"src\")),n=new URL(t.value),c.test(n.protocol))&&n.host===r.host&&l.activeElement===s&&(d.top.location.href=t.value))}},d.addEventListener(\"message\",d.wp.receiveEmbedMessage,!1),l.addEventListener(\"DOMContentLoaded\",function(){for(var e,t,s=l.querySelectorAll(\"iframe.wp-embedded-content\"),r=0;r<s.length;r++)(t=(e=s[r]).getAttribute(\"data-secret\"))||(t=Math.random().toString(36).substring(2,12),e.src+=\"#?secret=\"+t,e.setAttribute(\"data-secret\",t)),e.contentWindow.postMessage({message:\"ready\",secret:t},\"*\")},!1)))}(window,document);\n\/* ]]> *\/\n<\/script>\n","description":"Der gewaltsame Tod eines jungen Irakers in Leipzig muss m\u00f6glicherweise als rassistisch motiviertes Verbrechen gewertet werden. Auch wenn es noch keine sicheren Erkenntnisse gebe, k\u00f6nne ein ausl\u00e4nderfeindliches oder rechtsextremes Tatmotiv bei den zwei beschuldigten M\u00e4nnern nicht ausgeschlossen werden, sagte der Sprecher der Staatsanwaltschaft Leipzig, Oberstaatsanwalt Ricardo Schulz, am Dienstag dem Tagesspiegel.","thumbnail_url":"https:\/\/blog.zeit.de\/stoerungsmelder\/files\/2010\/11\/demo_leipzig.jpg"}

Störungsmelder

Rechtsextremer Mord in Leipzig? - Störungsmelder

<blockquote class="wp-embedded-content" data-secret="ZNtIb3qgPF"><a href="https://blog.zeit.de/stoerungsmelder/2010/11/03/rechtsextremer-mord-in-leipzig_4895">Rechtsextremer Mord in Leipzig?</a></blockquote><iframe sandbox="allow-scripts" security="restricted" src="https://blog.zeit.de/stoerungsmelder/2010/11/03/rechtsextremer-mord-in-leipzig_4895/embed#?secret=ZNtIb3qgPF" width="600" height="338" title="&#8222;Rechtsextremer Mord in Leipzig?&#8220; &#8212; Störungsmelder" data-secret="ZNtIb3qgPF" frameborder="0" marginwidth="0" marginheight="0" scrolling="no" class="wp-embedded-content"></iframe><script type="text/javascript">
/* <![CDATA[ */
/*! This file is auto-generated */
!function(d,l){"use strict";l.querySelector&&d.addEventListener&&"undefined"!=typeof URL&&(d.wp=d.wp||{},d.wp.receiveEmbedMessage||(d.wp.receiveEmbedMessage=function(e){var t=e.data;if((t||t.secret||t.message||t.value)&&!/[^a-zA-Z0-9]/.test(t.secret)){for(var s,r,n,a=l.querySelectorAll('iframe[data-secret="'+t.secret+'"]'),o=l.querySelectorAll('blockquote[data-secret="'+t.secret+'"]'),c=new RegExp("^https?:$","i"),i=0;i<o.length;i++)o[i].style.display="none";for(i=0;i<a.length;i++)s=a[i],e.source===s.contentWindow&&(s.removeAttribute("style"),"height"===t.message?(1e3<(r=parseInt(t.value,10))?r=1e3:~~r<200&&(r=200),s.height=r):"link"===t.message&&(r=new URL(s.getAttribute("src")),n=new URL(t.value),c.test(n.protocol))&&n.host===r.host&&l.activeElement===s&&(d.top.location.href=t.value))}},d.addEventListener("message",d.wp.receiveEmbedMessage,!1),l.addEventListener("DOMContentLoaded",function(){for(var e,t,s=l.querySelectorAll("iframe.wp-embedded-content"),r=0;r<s.length;r++)(t=(e=s[r]).getAttribute("data-secret"))||(t=Math.random().toString(36).substring(2,12),e.src+="#?secret="+t,e.setAttribute("data-secret",t)),e.contentWindow.postMessage({message:"ready",secret:t},"*")},!1)))}(window,document);
/* ]]> */
</script>

Der gewaltsame Tod eines jungen Irakers in Leipzig muss möglicherweise als rassistisch motiviertes Verbrechen gewertet werden. Auch wenn es noch keine sicheren Erkenntnisse gebe, könne ein ausländerfeindliches oder rechtsextremes Tatmotiv bei den zwei beschuldigten Männern nicht ausgeschlossen werden, sagte der Sprecher der Staatsanwaltschaft Leipzig, Oberstaatsanwalt Ricardo Schulz, am Dienstag dem Tagesspiegel.
