{"version":"1.0","provider_name":"St\u00f6rungsmelder","provider_url":"https:\/\/blog.zeit.de\/stoerungsmelder","author_name":"Jan Jetter","author_url":"https:\/\/blog.zeit.de\/stoerungsmelder\/author\/jan-jetter","title":"Aktionswochen gegen Antisemitismus gestartet - St\u00f6rungsmelder","type":"rich","width":600,"height":338,"html":"<blockquote class=\"wp-embedded-content\" data-secret=\"IZKw16Xyh8\"><a href=\"https:\/\/blog.zeit.de\/stoerungsmelder\/2010\/11\/06\/aktionswochen-gegen-antisemitismus-gestartet-2_4928\">Aktionswochen gegen Antisemitismus gestartet<\/a><\/blockquote><iframe sandbox=\"allow-scripts\" security=\"restricted\" src=\"https:\/\/blog.zeit.de\/stoerungsmelder\/2010\/11\/06\/aktionswochen-gegen-antisemitismus-gestartet-2_4928\/embed#?secret=IZKw16Xyh8\" width=\"600\" height=\"338\" title=\"&#8222;Aktionswochen gegen Antisemitismus gestartet&#8220; &#8212; St\u00f6rungsmelder\" data-secret=\"IZKw16Xyh8\" frameborder=\"0\" marginwidth=\"0\" marginheight=\"0\" scrolling=\"no\" class=\"wp-embedded-content\"><\/iframe><script type=\"text\/javascript\">\n\/* <![CDATA[ *\/\n\/*! This file is auto-generated *\/\n!function(d,l){\"use strict\";l.querySelector&&d.addEventListener&&\"undefined\"!=typeof URL&&(d.wp=d.wp||{},d.wp.receiveEmbedMessage||(d.wp.receiveEmbedMessage=function(e){var t=e.data;if((t||t.secret||t.message||t.value)&&!\/[^a-zA-Z0-9]\/.test(t.secret)){for(var s,r,n,a=l.querySelectorAll('iframe[data-secret=\"'+t.secret+'\"]'),o=l.querySelectorAll('blockquote[data-secret=\"'+t.secret+'\"]'),c=new RegExp(\"^https?:$\",\"i\"),i=0;i<o.length;i++)o[i].style.display=\"none\";for(i=0;i<a.length;i++)s=a[i],e.source===s.contentWindow&&(s.removeAttribute(\"style\"),\"height\"===t.message?(1e3<(r=parseInt(t.value,10))?r=1e3:~~r<200&&(r=200),s.height=r):\"link\"===t.message&&(r=new URL(s.getAttribute(\"src\")),n=new URL(t.value),c.test(n.protocol))&&n.host===r.host&&l.activeElement===s&&(d.top.location.href=t.value))}},d.addEventListener(\"message\",d.wp.receiveEmbedMessage,!1),l.addEventListener(\"DOMContentLoaded\",function(){for(var e,t,s=l.querySelectorAll(\"iframe.wp-embedded-content\"),r=0;r<s.length;r++)(t=(e=s[r]).getAttribute(\"data-secret\"))||(t=Math.random().toString(36).substring(2,12),e.src+=\"#?secret=\"+t,e.setAttribute(\"data-secret\",t)),e.contentWindow.postMessage({message:\"ready\",secret:t},\"*\")},!1)))}(window,document);\n\/* ]]> *\/\n<\/script>\n","description":"Mit einer Pressekonferenz wurden am 3.11. die Aktionswochen gegen Antisemitismus der Amadeu Antonio Stiftung er\u00f6ffnet. Mit mehr als 60 Projektpartnern und 170 Veranstaltungen handelt es sich um die bundesweit gr\u00f6\u00dfte Kampagne gegen Antisemitismus. Schwerpunkt ist das Thema Israelfeindschaft.","thumbnail_url":"https:\/\/blog.zeit.de\/stoerungsmelder\/files\/2010\/11\/aktionswochen504x165-300x98.jpg"}

Störungsmelder

Aktionswochen gegen Antisemitismus gestartet - Störungsmelder

<blockquote class="wp-embedded-content" data-secret="IZKw16Xyh8"><a href="https://blog.zeit.de/stoerungsmelder/2010/11/06/aktionswochen-gegen-antisemitismus-gestartet-2_4928">Aktionswochen gegen Antisemitismus gestartet</a></blockquote><iframe sandbox="allow-scripts" security="restricted" src="https://blog.zeit.de/stoerungsmelder/2010/11/06/aktionswochen-gegen-antisemitismus-gestartet-2_4928/embed#?secret=IZKw16Xyh8" width="600" height="338" title="&#8222;Aktionswochen gegen Antisemitismus gestartet&#8220; &#8212; Störungsmelder" data-secret="IZKw16Xyh8" frameborder="0" marginwidth="0" marginheight="0" scrolling="no" class="wp-embedded-content"></iframe><script type="text/javascript">
/* <![CDATA[ */
/*! This file is auto-generated */
!function(d,l){"use strict";l.querySelector&&d.addEventListener&&"undefined"!=typeof URL&&(d.wp=d.wp||{},d.wp.receiveEmbedMessage||(d.wp.receiveEmbedMessage=function(e){var t=e.data;if((t||t.secret||t.message||t.value)&&!/[^a-zA-Z0-9]/.test(t.secret)){for(var s,r,n,a=l.querySelectorAll('iframe[data-secret="'+t.secret+'"]'),o=l.querySelectorAll('blockquote[data-secret="'+t.secret+'"]'),c=new RegExp("^https?:$","i"),i=0;i<o.length;i++)o[i].style.display="none";for(i=0;i<a.length;i++)s=a[i],e.source===s.contentWindow&&(s.removeAttribute("style"),"height"===t.message?(1e3<(r=parseInt(t.value,10))?r=1e3:~~r<200&&(r=200),s.height=r):"link"===t.message&&(r=new URL(s.getAttribute("src")),n=new URL(t.value),c.test(n.protocol))&&n.host===r.host&&l.activeElement===s&&(d.top.location.href=t.value))}},d.addEventListener("message",d.wp.receiveEmbedMessage,!1),l.addEventListener("DOMContentLoaded",function(){for(var e,t,s=l.querySelectorAll("iframe.wp-embedded-content"),r=0;r<s.length;r++)(t=(e=s[r]).getAttribute("data-secret"))||(t=Math.random().toString(36).substring(2,12),e.src+="#?secret="+t,e.setAttribute("data-secret",t)),e.contentWindow.postMessage({message:"ready",secret:t},"*")},!1)))}(window,document);
/* ]]> */
</script>

Mit einer Pressekonferenz wurden am 3.11. die Aktionswochen gegen Antisemitismus der Amadeu Antonio Stiftung eröffnet. Mit mehr als 60 Projektpartnern und 170 Veranstaltungen handelt es sich um die bundesweit größte Kampagne gegen Antisemitismus. Schwerpunkt ist das Thema Israelfeindschaft.
