{"version":"1.0","provider_name":"St\u00f6rungsmelder","provider_url":"https:\/\/blog.zeit.de\/stoerungsmelder","author_name":"Wolfgang Nacken","author_url":"https:\/\/blog.zeit.de\/stoerungsmelder\/author\/wolfgang-nacken","title":"Nazis in Hamburg - St\u00f6rungsmelder","type":"rich","width":600,"height":338,"html":"<blockquote class=\"wp-embedded-content\" data-secret=\"b8CfjNoQi0\"><a href=\"https:\/\/blog.zeit.de\/stoerungsmelder\/2011\/02\/28\/nazis-in-hamburg_5790\">Nazis in Hamburg<\/a><\/blockquote><iframe sandbox=\"allow-scripts\" security=\"restricted\" src=\"https:\/\/blog.zeit.de\/stoerungsmelder\/2011\/02\/28\/nazis-in-hamburg_5790\/embed#?secret=b8CfjNoQi0\" width=\"600\" height=\"338\" title=\"&#8222;Nazis in Hamburg&#8220; &#8212; St\u00f6rungsmelder\" data-secret=\"b8CfjNoQi0\" frameborder=\"0\" marginwidth=\"0\" marginheight=\"0\" scrolling=\"no\" class=\"wp-embedded-content\"><\/iframe><script type=\"text\/javascript\">\n\/* <![CDATA[ *\/\n\/*! This file is auto-generated *\/\n!function(d,l){\"use strict\";l.querySelector&&d.addEventListener&&\"undefined\"!=typeof URL&&(d.wp=d.wp||{},d.wp.receiveEmbedMessage||(d.wp.receiveEmbedMessage=function(e){var t=e.data;if((t||t.secret||t.message||t.value)&&!\/[^a-zA-Z0-9]\/.test(t.secret)){for(var s,r,n,a=l.querySelectorAll('iframe[data-secret=\"'+t.secret+'\"]'),o=l.querySelectorAll('blockquote[data-secret=\"'+t.secret+'\"]'),c=new RegExp(\"^https?:$\",\"i\"),i=0;i<o.length;i++)o[i].style.display=\"none\";for(i=0;i<a.length;i++)s=a[i],e.source===s.contentWindow&&(s.removeAttribute(\"style\"),\"height\"===t.message?(1e3<(r=parseInt(t.value,10))?r=1e3:~~r<200&&(r=200),s.height=r):\"link\"===t.message&&(r=new URL(s.getAttribute(\"src\")),n=new URL(t.value),c.test(n.protocol))&&n.host===r.host&&l.activeElement===s&&(d.top.location.href=t.value))}},d.addEventListener(\"message\",d.wp.receiveEmbedMessage,!1),l.addEventListener(\"DOMContentLoaded\",function(){for(var e,t,s=l.querySelectorAll(\"iframe.wp-embedded-content\"),r=0;r<s.length;r++)(t=(e=s[r]).getAttribute(\"data-secret\"))||(t=Math.random().toString(36).substring(2,12),e.src+=\"#?secret=\"+t,e.setAttribute(\"data-secret\",t)),e.contentWindow.postMessage({message:\"ready\",secret:t},\"*\")},!1)))}(window,document);\n\/* ]]> *\/\n<\/script>\n","description":"&#8211; eine kurze Analyse.\u00a0\u00a0 Die Wahl zur Hamburger B\u00fcrgerschaft liegt nun einige Tage zur\u00fcck. Wie zu erwarten war, hat die NPD dabei \u00e4u\u00dferst schlecht abgeschnitten. Auch sonst f\u00e4llt der leibhaftige Neonazi in Hamburg kaum ins Auge. Ist es also Zeit zur Entwarnung? Eher nicht: die rechte Szene hat sich in der multikulturellen Metropole nur angepasst. [&hellip;]","thumbnail_url":"https:\/\/blog.zeit.de\/stoerungsmelder\/files\/2011\/02\/Foto0054-300x225.jpg"}

Störungsmelder

Nazis in Hamburg - Störungsmelder

<blockquote class="wp-embedded-content" data-secret="b8CfjNoQi0"><a href="https://blog.zeit.de/stoerungsmelder/2011/02/28/nazis-in-hamburg_5790">Nazis in Hamburg</a></blockquote><iframe sandbox="allow-scripts" security="restricted" src="https://blog.zeit.de/stoerungsmelder/2011/02/28/nazis-in-hamburg_5790/embed#?secret=b8CfjNoQi0" width="600" height="338" title="&#8222;Nazis in Hamburg&#8220; &#8212; Störungsmelder" data-secret="b8CfjNoQi0" frameborder="0" marginwidth="0" marginheight="0" scrolling="no" class="wp-embedded-content"></iframe><script type="text/javascript">
/* <![CDATA[ */
/*! This file is auto-generated */
!function(d,l){"use strict";l.querySelector&&d.addEventListener&&"undefined"!=typeof URL&&(d.wp=d.wp||{},d.wp.receiveEmbedMessage||(d.wp.receiveEmbedMessage=function(e){var t=e.data;if((t||t.secret||t.message||t.value)&&!/[^a-zA-Z0-9]/.test(t.secret)){for(var s,r,n,a=l.querySelectorAll('iframe[data-secret="'+t.secret+'"]'),o=l.querySelectorAll('blockquote[data-secret="'+t.secret+'"]'),c=new RegExp("^https?:$","i"),i=0;i<o.length;i++)o[i].style.display="none";for(i=0;i<a.length;i++)s=a[i],e.source===s.contentWindow&&(s.removeAttribute("style"),"height"===t.message?(1e3<(r=parseInt(t.value,10))?r=1e3:~~r<200&&(r=200),s.height=r):"link"===t.message&&(r=new URL(s.getAttribute("src")),n=new URL(t.value),c.test(n.protocol))&&n.host===r.host&&l.activeElement===s&&(d.top.location.href=t.value))}},d.addEventListener("message",d.wp.receiveEmbedMessage,!1),l.addEventListener("DOMContentLoaded",function(){for(var e,t,s=l.querySelectorAll("iframe.wp-embedded-content"),r=0;r<s.length;r++)(t=(e=s[r]).getAttribute("data-secret"))||(t=Math.random().toString(36).substring(2,12),e.src+="#?secret="+t,e.setAttribute("data-secret",t)),e.contentWindow.postMessage({message:"ready",secret:t},"*")},!1)))}(window,document);
/* ]]> */
</script>

&#8211; eine kurze Analyse.   Die Wahl zur Hamburger Bürgerschaft liegt nun einige Tage zurück. Wie zu erwarten war, hat die NPD dabei äußerst schlecht abgeschnitten. Auch sonst fällt der leibhaftige Neonazi in Hamburg kaum ins Auge. Ist es also Zeit zur Entwarnung? Eher nicht: die rechte Szene hat sich in der multikulturellen Metropole nur angepasst. [&hellip;]
