{"version":"1.0","provider_name":"St\u00f6rungsmelder","provider_url":"https:\/\/blog.zeit.de\/stoerungsmelder","author_name":"St\u00f6rungsmelder","author_url":"https:\/\/blog.zeit.de\/stoerungsmelder\/author\/stoerungsmelder","title":"Veranstaltung zu Todesopfern rechter Gewalt - St\u00f6rungsmelder","type":"rich","width":600,"height":338,"html":"<blockquote class=\"wp-embedded-content\" data-secret=\"vskhJf04K3\"><a href=\"https:\/\/blog.zeit.de\/stoerungsmelder\/2011\/05\/15\/veranstaltung-zu-todesopfern-rechter-gewalt_6286\">Veranstaltung zu Todesopfern rechter Gewalt<\/a><\/blockquote><iframe sandbox=\"allow-scripts\" security=\"restricted\" src=\"https:\/\/blog.zeit.de\/stoerungsmelder\/2011\/05\/15\/veranstaltung-zu-todesopfern-rechter-gewalt_6286\/embed#?secret=vskhJf04K3\" width=\"600\" height=\"338\" title=\"&#8222;Veranstaltung zu Todesopfern rechter Gewalt&#8220; &#8212; St\u00f6rungsmelder\" data-secret=\"vskhJf04K3\" frameborder=\"0\" marginwidth=\"0\" marginheight=\"0\" scrolling=\"no\" class=\"wp-embedded-content\"><\/iframe><script type=\"text\/javascript\">\n\/* <![CDATA[ *\/\n\/*! This file is auto-generated *\/\n!function(d,l){\"use strict\";l.querySelector&&d.addEventListener&&\"undefined\"!=typeof URL&&(d.wp=d.wp||{},d.wp.receiveEmbedMessage||(d.wp.receiveEmbedMessage=function(e){var t=e.data;if((t||t.secret||t.message||t.value)&&!\/[^a-zA-Z0-9]\/.test(t.secret)){for(var s,r,n,a=l.querySelectorAll('iframe[data-secret=\"'+t.secret+'\"]'),o=l.querySelectorAll('blockquote[data-secret=\"'+t.secret+'\"]'),c=new RegExp(\"^https?:$\",\"i\"),i=0;i<o.length;i++)o[i].style.display=\"none\";for(i=0;i<a.length;i++)s=a[i],e.source===s.contentWindow&&(s.removeAttribute(\"style\"),\"height\"===t.message?(1e3<(r=parseInt(t.value,10))?r=1e3:~~r<200&&(r=200),s.height=r):\"link\"===t.message&&(r=new URL(s.getAttribute(\"src\")),n=new URL(t.value),c.test(n.protocol))&&n.host===r.host&&l.activeElement===s&&(d.top.location.href=t.value))}},d.addEventListener(\"message\",d.wp.receiveEmbedMessage,!1),l.addEventListener(\"DOMContentLoaded\",function(){for(var e,t,s=l.querySelectorAll(\"iframe.wp-embedded-content\"),r=0;r<s.length;r++)(t=(e=s[r]).getAttribute(\"data-secret\"))||(t=Math.random().toString(36).substring(2,12),e.src+=\"#?secret=\"+t,e.setAttribute(\"data-secret\",t)),e.contentWindow.postMessage({message:\"ready\",secret:t},\"*\")},!1)))}(window,document);\n\/* ]]> *\/\n<\/script>\n","description":"In Berlin findet am Montag eine Veranstaltung zum Thema t\u00f6dliche Gewalt von Neonazis statt. Ein B\u00fcndnis bereitet damit das Gedenken an den von Rechten 2000 ermordeten Dieter Eich vor. Der St\u00f6rungsmelder dokumentiert den Aufruf zu den Gedenkaktionen.","thumbnail_url":"http:\/\/niemandistvergessen.blogsport.eu\/files\/2011\/03\/Flyer_1bunt.jpg"}

Störungsmelder

Veranstaltung zu Todesopfern rechter Gewalt - Störungsmelder

<blockquote class="wp-embedded-content" data-secret="vskhJf04K3"><a href="https://blog.zeit.de/stoerungsmelder/2011/05/15/veranstaltung-zu-todesopfern-rechter-gewalt_6286">Veranstaltung zu Todesopfern rechter Gewalt</a></blockquote><iframe sandbox="allow-scripts" security="restricted" src="https://blog.zeit.de/stoerungsmelder/2011/05/15/veranstaltung-zu-todesopfern-rechter-gewalt_6286/embed#?secret=vskhJf04K3" width="600" height="338" title="&#8222;Veranstaltung zu Todesopfern rechter Gewalt&#8220; &#8212; Störungsmelder" data-secret="vskhJf04K3" frameborder="0" marginwidth="0" marginheight="0" scrolling="no" class="wp-embedded-content"></iframe><script type="text/javascript">
/* <![CDATA[ */
/*! This file is auto-generated */
!function(d,l){"use strict";l.querySelector&&d.addEventListener&&"undefined"!=typeof URL&&(d.wp=d.wp||{},d.wp.receiveEmbedMessage||(d.wp.receiveEmbedMessage=function(e){var t=e.data;if((t||t.secret||t.message||t.value)&&!/[^a-zA-Z0-9]/.test(t.secret)){for(var s,r,n,a=l.querySelectorAll('iframe[data-secret="'+t.secret+'"]'),o=l.querySelectorAll('blockquote[data-secret="'+t.secret+'"]'),c=new RegExp("^https?:$","i"),i=0;i<o.length;i++)o[i].style.display="none";for(i=0;i<a.length;i++)s=a[i],e.source===s.contentWindow&&(s.removeAttribute("style"),"height"===t.message?(1e3<(r=parseInt(t.value,10))?r=1e3:~~r<200&&(r=200),s.height=r):"link"===t.message&&(r=new URL(s.getAttribute("src")),n=new URL(t.value),c.test(n.protocol))&&n.host===r.host&&l.activeElement===s&&(d.top.location.href=t.value))}},d.addEventListener("message",d.wp.receiveEmbedMessage,!1),l.addEventListener("DOMContentLoaded",function(){for(var e,t,s=l.querySelectorAll("iframe.wp-embedded-content"),r=0;r<s.length;r++)(t=(e=s[r]).getAttribute("data-secret"))||(t=Math.random().toString(36).substring(2,12),e.src+="#?secret="+t,e.setAttribute("data-secret",t)),e.contentWindow.postMessage({message:"ready",secret:t},"*")},!1)))}(window,document);
/* ]]> */
</script>

In Berlin findet am Montag eine Veranstaltung zum Thema tödliche Gewalt von Neonazis statt. Ein Bündnis bereitet damit das Gedenken an den von Rechten 2000 ermordeten Dieter Eich vor. Der Störungsmelder dokumentiert den Aufruf zu den Gedenkaktionen.
