{"version":"1.0","provider_name":"St\u00f6rungsmelder","provider_url":"https:\/\/blog.zeit.de\/stoerungsmelder","author_name":"Fabian Kunow","author_url":"https:\/\/blog.zeit.de\/stoerungsmelder\/author\/fabian-kunow","title":"Wahlniederlage frustet Berliner Neonazi-Szene - St\u00f6rungsmelder","type":"rich","width":600,"height":338,"html":"<blockquote class=\"wp-embedded-content\" data-secret=\"8TNkqux9ru\"><a href=\"https:\/\/blog.zeit.de\/stoerungsmelder\/2011\/09\/28\/wahlniederlage-frustet-berliner-neonazi-szene_7230\">Wahlniederlage frustet Berliner Neonazi-Szene<\/a><\/blockquote><iframe sandbox=\"allow-scripts\" security=\"restricted\" src=\"https:\/\/blog.zeit.de\/stoerungsmelder\/2011\/09\/28\/wahlniederlage-frustet-berliner-neonazi-szene_7230\/embed#?secret=8TNkqux9ru\" width=\"600\" height=\"338\" title=\"&#8222;Wahlniederlage frustet Berliner Neonazi-Szene&#8220; &#8212; St\u00f6rungsmelder\" data-secret=\"8TNkqux9ru\" frameborder=\"0\" marginwidth=\"0\" marginheight=\"0\" scrolling=\"no\" class=\"wp-embedded-content\"><\/iframe><script type=\"text\/javascript\">\n\/* <![CDATA[ *\/\n\/*! This file is auto-generated *\/\n!function(d,l){\"use strict\";l.querySelector&&d.addEventListener&&\"undefined\"!=typeof URL&&(d.wp=d.wp||{},d.wp.receiveEmbedMessage||(d.wp.receiveEmbedMessage=function(e){var t=e.data;if((t||t.secret||t.message||t.value)&&!\/[^a-zA-Z0-9]\/.test(t.secret)){for(var s,r,n,a=l.querySelectorAll('iframe[data-secret=\"'+t.secret+'\"]'),o=l.querySelectorAll('blockquote[data-secret=\"'+t.secret+'\"]'),c=new RegExp(\"^https?:$\",\"i\"),i=0;i<o.length;i++)o[i].style.display=\"none\";for(i=0;i<a.length;i++)s=a[i],e.source===s.contentWindow&&(s.removeAttribute(\"style\"),\"height\"===t.message?(1e3<(r=parseInt(t.value,10))?r=1e3:~~r<200&&(r=200),s.height=r):\"link\"===t.message&&(r=new URL(s.getAttribute(\"src\")),n=new URL(t.value),c.test(n.protocol))&&n.host===r.host&&l.activeElement===s&&(d.top.location.href=t.value))}},d.addEventListener(\"message\",d.wp.receiveEmbedMessage,!1),l.addEventListener(\"DOMContentLoaded\",function(){for(var e,t,s=l.querySelectorAll(\"iframe.wp-embedded-content\"),r=0;r<s.length;r++)(t=(e=s[r]).getAttribute(\"data-secret\"))||(t=Math.random().toString(36).substring(2,12),e.src+=\"#?secret=\"+t,e.setAttribute(\"data-secret\",t)),e.contentWindow.postMessage({message:\"ready\",secret:t},\"*\")},!1)))}(window,document);\n\/* ]]> *\/\n<\/script>\n","description":"Fraktions\u00fcbergreifend hat Berlins Neonaziszene den NPD-Wahlkampf gestemmt. Egal ob NPD-Kader, Aktivist aus dem Spektrum der Autonomen Nationalisten (AN), Rechtsrocker oder ehemalige Mitglieder der NPD-Abweichler vom Frontbann 24: Alle waren sie in den letzten Monaten auf Berlins Stra\u00dfen als Plakataufh\u00e4nger und Flugblattverteiler unterwegs. Auffallend ist, dass es in der Wahlkampfzeit kaum n\u00e4chtliche Anschl\u00e4ge auf den &#8222;politischen [&hellip;]","thumbnail_url":"https:\/\/blog.zeit.de\/stoerungsmelder\/files\/2011\/09\/npd_e.jpg"}

Störungsmelder

Wahlniederlage frustet Berliner Neonazi-Szene - Störungsmelder

<blockquote class="wp-embedded-content" data-secret="8TNkqux9ru"><a href="https://blog.zeit.de/stoerungsmelder/2011/09/28/wahlniederlage-frustet-berliner-neonazi-szene_7230">Wahlniederlage frustet Berliner Neonazi-Szene</a></blockquote><iframe sandbox="allow-scripts" security="restricted" src="https://blog.zeit.de/stoerungsmelder/2011/09/28/wahlniederlage-frustet-berliner-neonazi-szene_7230/embed#?secret=8TNkqux9ru" width="600" height="338" title="&#8222;Wahlniederlage frustet Berliner Neonazi-Szene&#8220; &#8212; Störungsmelder" data-secret="8TNkqux9ru" frameborder="0" marginwidth="0" marginheight="0" scrolling="no" class="wp-embedded-content"></iframe><script type="text/javascript">
/* <![CDATA[ */
/*! This file is auto-generated */
!function(d,l){"use strict";l.querySelector&&d.addEventListener&&"undefined"!=typeof URL&&(d.wp=d.wp||{},d.wp.receiveEmbedMessage||(d.wp.receiveEmbedMessage=function(e){var t=e.data;if((t||t.secret||t.message||t.value)&&!/[^a-zA-Z0-9]/.test(t.secret)){for(var s,r,n,a=l.querySelectorAll('iframe[data-secret="'+t.secret+'"]'),o=l.querySelectorAll('blockquote[data-secret="'+t.secret+'"]'),c=new RegExp("^https?:$","i"),i=0;i<o.length;i++)o[i].style.display="none";for(i=0;i<a.length;i++)s=a[i],e.source===s.contentWindow&&(s.removeAttribute("style"),"height"===t.message?(1e3<(r=parseInt(t.value,10))?r=1e3:~~r<200&&(r=200),s.height=r):"link"===t.message&&(r=new URL(s.getAttribute("src")),n=new URL(t.value),c.test(n.protocol))&&n.host===r.host&&l.activeElement===s&&(d.top.location.href=t.value))}},d.addEventListener("message",d.wp.receiveEmbedMessage,!1),l.addEventListener("DOMContentLoaded",function(){for(var e,t,s=l.querySelectorAll("iframe.wp-embedded-content"),r=0;r<s.length;r++)(t=(e=s[r]).getAttribute("data-secret"))||(t=Math.random().toString(36).substring(2,12),e.src+="#?secret="+t,e.setAttribute("data-secret",t)),e.contentWindow.postMessage({message:"ready",secret:t},"*")},!1)))}(window,document);
/* ]]> */
</script>

Fraktionsübergreifend hat Berlins Neonaziszene den NPD-Wahlkampf gestemmt. Egal ob NPD-Kader, Aktivist aus dem Spektrum der Autonomen Nationalisten (AN), Rechtsrocker oder ehemalige Mitglieder der NPD-Abweichler vom Frontbann 24: Alle waren sie in den letzten Monaten auf Berlins Straßen als Plakataufhänger und Flugblattverteiler unterwegs. Auffallend ist, dass es in der Wahlkampfzeit kaum nächtliche Anschläge auf den &#8222;politischen [&hellip;]
