{"version":"1.0","provider_name":"St\u00f6rungsmelder","provider_url":"https:\/\/blog.zeit.de\/stoerungsmelder","author_name":"Max Bassin","author_url":"https:\/\/blog.zeit.de\/stoerungsmelder\/author\/maxbassin","title":"Schweigen gegen die rechte Gewalt - St\u00f6rungsmelder","type":"rich","width":600,"height":338,"html":"<blockquote class=\"wp-embedded-content\" data-secret=\"94UkQAeIBh\"><a href=\"https:\/\/blog.zeit.de\/stoerungsmelder\/2011\/11\/27\/schweigen-gegen-die-rechte-gewalt_7652\">Schweigen gegen die rechte Gewalt<\/a><\/blockquote><iframe sandbox=\"allow-scripts\" security=\"restricted\" src=\"https:\/\/blog.zeit.de\/stoerungsmelder\/2011\/11\/27\/schweigen-gegen-die-rechte-gewalt_7652\/embed#?secret=94UkQAeIBh\" width=\"600\" height=\"338\" title=\"&#8222;Schweigen gegen die rechte Gewalt&#8220; &#8212; St\u00f6rungsmelder\" data-secret=\"94UkQAeIBh\" frameborder=\"0\" marginwidth=\"0\" marginheight=\"0\" scrolling=\"no\" class=\"wp-embedded-content\"><\/iframe><script type=\"text\/javascript\">\n\/* <![CDATA[ *\/\n\/*! This file is auto-generated *\/\n!function(d,l){\"use strict\";l.querySelector&&d.addEventListener&&\"undefined\"!=typeof URL&&(d.wp=d.wp||{},d.wp.receiveEmbedMessage||(d.wp.receiveEmbedMessage=function(e){var t=e.data;if((t||t.secret||t.message||t.value)&&!\/[^a-zA-Z0-9]\/.test(t.secret)){for(var s,r,n,a=l.querySelectorAll('iframe[data-secret=\"'+t.secret+'\"]'),o=l.querySelectorAll('blockquote[data-secret=\"'+t.secret+'\"]'),c=new RegExp(\"^https?:$\",\"i\"),i=0;i<o.length;i++)o[i].style.display=\"none\";for(i=0;i<a.length;i++)s=a[i],e.source===s.contentWindow&&(s.removeAttribute(\"style\"),\"height\"===t.message?(1e3<(r=parseInt(t.value,10))?r=1e3:~~r<200&&(r=200),s.height=r):\"link\"===t.message&&(r=new URL(s.getAttribute(\"src\")),n=new URL(t.value),c.test(n.protocol))&&n.host===r.host&&l.activeElement===s&&(d.top.location.href=t.value))}},d.addEventListener(\"message\",d.wp.receiveEmbedMessage,!1),l.addEventListener(\"DOMContentLoaded\",function(){for(var e,t,s=l.querySelectorAll(\"iframe.wp-embedded-content\"),r=0;r<s.length;r++)(t=(e=s[r]).getAttribute(\"data-secret\"))||(t=Math.random().toString(36).substring(2,12),e.src+=\"#?secret=\"+t,e.setAttribute(\"data-secret\",t)),e.contentWindow.postMessage({message:\"ready\",secret:t},\"*\")},!1)))}(window,document);\n\/* ]]> *\/\n<\/script>\n","description":"Gegen 13 Uhr ist es so ruhig wie fast nie am Bahnhofsvorplatz der Rheinmetropole K\u00f6ln. Eine bedr\u00fcckende Stille erhebt sich \u00fcber den stark frequentierten Platz. Passanten bleiben stehen und beobachten die vielen Menschen, wie sie schweigend mit Plakaten und Rosen auf den Domtreppen stehen und anschlie\u00dfend Rosen und Plakate auf dem Boden ablegen.","thumbnail_url":"https:\/\/blog.zeit.de\/stoerungsmelder\/files\/2011\/11\/silentmob.jpg"}

Störungsmelder

Schweigen gegen die rechte Gewalt - Störungsmelder

<blockquote class="wp-embedded-content" data-secret="94UkQAeIBh"><a href="https://blog.zeit.de/stoerungsmelder/2011/11/27/schweigen-gegen-die-rechte-gewalt_7652">Schweigen gegen die rechte Gewalt</a></blockquote><iframe sandbox="allow-scripts" security="restricted" src="https://blog.zeit.de/stoerungsmelder/2011/11/27/schweigen-gegen-die-rechte-gewalt_7652/embed#?secret=94UkQAeIBh" width="600" height="338" title="&#8222;Schweigen gegen die rechte Gewalt&#8220; &#8212; Störungsmelder" data-secret="94UkQAeIBh" frameborder="0" marginwidth="0" marginheight="0" scrolling="no" class="wp-embedded-content"></iframe><script type="text/javascript">
/* <![CDATA[ */
/*! This file is auto-generated */
!function(d,l){"use strict";l.querySelector&&d.addEventListener&&"undefined"!=typeof URL&&(d.wp=d.wp||{},d.wp.receiveEmbedMessage||(d.wp.receiveEmbedMessage=function(e){var t=e.data;if((t||t.secret||t.message||t.value)&&!/[^a-zA-Z0-9]/.test(t.secret)){for(var s,r,n,a=l.querySelectorAll('iframe[data-secret="'+t.secret+'"]'),o=l.querySelectorAll('blockquote[data-secret="'+t.secret+'"]'),c=new RegExp("^https?:$","i"),i=0;i<o.length;i++)o[i].style.display="none";for(i=0;i<a.length;i++)s=a[i],e.source===s.contentWindow&&(s.removeAttribute("style"),"height"===t.message?(1e3<(r=parseInt(t.value,10))?r=1e3:~~r<200&&(r=200),s.height=r):"link"===t.message&&(r=new URL(s.getAttribute("src")),n=new URL(t.value),c.test(n.protocol))&&n.host===r.host&&l.activeElement===s&&(d.top.location.href=t.value))}},d.addEventListener("message",d.wp.receiveEmbedMessage,!1),l.addEventListener("DOMContentLoaded",function(){for(var e,t,s=l.querySelectorAll("iframe.wp-embedded-content"),r=0;r<s.length;r++)(t=(e=s[r]).getAttribute("data-secret"))||(t=Math.random().toString(36).substring(2,12),e.src+="#?secret="+t,e.setAttribute("data-secret",t)),e.contentWindow.postMessage({message:"ready",secret:t},"*")},!1)))}(window,document);
/* ]]> */
</script>

Gegen 13 Uhr ist es so ruhig wie fast nie am Bahnhofsvorplatz der Rheinmetropole Köln. Eine bedrückende Stille erhebt sich über den stark frequentierten Platz. Passanten bleiben stehen und beobachten die vielen Menschen, wie sie schweigend mit Plakaten und Rosen auf den Domtreppen stehen und anschließend Rosen und Plakate auf dem Boden ablegen.
