{"version":"1.0","provider_name":"St\u00f6rungsmelder","provider_url":"https:\/\/blog.zeit.de\/stoerungsmelder","author_name":"St\u00f6rungsmelder","author_url":"https:\/\/blog.zeit.de\/stoerungsmelder\/author\/stoerungsmelder","title":"Kirchen mobilisieren nach Dresden - St\u00f6rungsmelder","type":"rich","width":600,"height":338,"html":"<blockquote class=\"wp-embedded-content\" data-secret=\"rRvbQRfRN1\"><a href=\"https:\/\/blog.zeit.de\/stoerungsmelder\/2012\/02\/13\/kirchen-mobilisieren-nach-dresden_8010\">Kirchen mobilisieren nach Dresden<\/a><\/blockquote><iframe sandbox=\"allow-scripts\" security=\"restricted\" src=\"https:\/\/blog.zeit.de\/stoerungsmelder\/2012\/02\/13\/kirchen-mobilisieren-nach-dresden_8010\/embed#?secret=rRvbQRfRN1\" width=\"600\" height=\"338\" title=\"&#8222;Kirchen mobilisieren nach Dresden&#8220; &#8212; St\u00f6rungsmelder\" data-secret=\"rRvbQRfRN1\" frameborder=\"0\" marginwidth=\"0\" marginheight=\"0\" scrolling=\"no\" class=\"wp-embedded-content\"><\/iframe><script type=\"text\/javascript\">\n\/* <![CDATA[ *\/\n\/*! This file is auto-generated *\/\n!function(d,l){\"use strict\";l.querySelector&&d.addEventListener&&\"undefined\"!=typeof URL&&(d.wp=d.wp||{},d.wp.receiveEmbedMessage||(d.wp.receiveEmbedMessage=function(e){var t=e.data;if((t||t.secret||t.message||t.value)&&!\/[^a-zA-Z0-9]\/.test(t.secret)){for(var s,r,n,a=l.querySelectorAll('iframe[data-secret=\"'+t.secret+'\"]'),o=l.querySelectorAll('blockquote[data-secret=\"'+t.secret+'\"]'),c=new RegExp(\"^https?:$\",\"i\"),i=0;i<o.length;i++)o[i].style.display=\"none\";for(i=0;i<a.length;i++)s=a[i],e.source===s.contentWindow&&(s.removeAttribute(\"style\"),\"height\"===t.message?(1e3<(r=parseInt(t.value,10))?r=1e3:~~r<200&&(r=200),s.height=r):\"link\"===t.message&&(r=new URL(s.getAttribute(\"src\")),n=new URL(t.value),c.test(n.protocol))&&n.host===r.host&&l.activeElement===s&&(d.top.location.href=t.value))}},d.addEventListener(\"message\",d.wp.receiveEmbedMessage,!1),l.addEventListener(\"DOMContentLoaded\",function(){for(var e,t,s=l.querySelectorAll(\"iframe.wp-embedded-content\"),r=0;r<s.length;r++)(t=(e=s[r]).getAttribute(\"data-secret\"))||(t=Math.random().toString(36).substring(2,12),e.src+=\"#?secret=\"+t,e.setAttribute(\"data-secret\",t)),e.contentWindow.postMessage({message:\"ready\",secret:t},\"*\")},!1)))}(window,document);\n\/* ]]> *\/\n<\/script>\n","description":"Unter dem Motto \u201eN\u00e4chstenliebe verlangt Klarheit \u2013 Kein Naziaufmarsch, nirgendwo\u201c rufen inzwischen \u00fcber 300 PolitikerInnen, Bisch\u00f6fInnen, PfarrerInnen, TheologInnen, EKD-Synodale und kirchlich Engagierte zu einer Beteiligung an den Blockaden gegen den Neonaziaufmarsch am 13. Februar 2012 in Dresden auf. Zu den ErstunterzeichnerInnen des Aufrufs geh\u00f6ren u.a. die Bundestagsvizepr\u00e4sidenten Katrin G\u00f6ring-Eckardt (B\u00fcndnis 90\/Die Gr\u00fcnen) und Wolfgang Thierse [&hellip;]"}

Störungsmelder

Kirchen mobilisieren nach Dresden - Störungsmelder

<blockquote class="wp-embedded-content" data-secret="rRvbQRfRN1"><a href="https://blog.zeit.de/stoerungsmelder/2012/02/13/kirchen-mobilisieren-nach-dresden_8010">Kirchen mobilisieren nach Dresden</a></blockquote><iframe sandbox="allow-scripts" security="restricted" src="https://blog.zeit.de/stoerungsmelder/2012/02/13/kirchen-mobilisieren-nach-dresden_8010/embed#?secret=rRvbQRfRN1" width="600" height="338" title="&#8222;Kirchen mobilisieren nach Dresden&#8220; &#8212; Störungsmelder" data-secret="rRvbQRfRN1" frameborder="0" marginwidth="0" marginheight="0" scrolling="no" class="wp-embedded-content"></iframe><script type="text/javascript">
/* <![CDATA[ */
/*! This file is auto-generated */
!function(d,l){"use strict";l.querySelector&&d.addEventListener&&"undefined"!=typeof URL&&(d.wp=d.wp||{},d.wp.receiveEmbedMessage||(d.wp.receiveEmbedMessage=function(e){var t=e.data;if((t||t.secret||t.message||t.value)&&!/[^a-zA-Z0-9]/.test(t.secret)){for(var s,r,n,a=l.querySelectorAll('iframe[data-secret="'+t.secret+'"]'),o=l.querySelectorAll('blockquote[data-secret="'+t.secret+'"]'),c=new RegExp("^https?:$","i"),i=0;i<o.length;i++)o[i].style.display="none";for(i=0;i<a.length;i++)s=a[i],e.source===s.contentWindow&&(s.removeAttribute("style"),"height"===t.message?(1e3<(r=parseInt(t.value,10))?r=1e3:~~r<200&&(r=200),s.height=r):"link"===t.message&&(r=new URL(s.getAttribute("src")),n=new URL(t.value),c.test(n.protocol))&&n.host===r.host&&l.activeElement===s&&(d.top.location.href=t.value))}},d.addEventListener("message",d.wp.receiveEmbedMessage,!1),l.addEventListener("DOMContentLoaded",function(){for(var e,t,s=l.querySelectorAll("iframe.wp-embedded-content"),r=0;r<s.length;r++)(t=(e=s[r]).getAttribute("data-secret"))||(t=Math.random().toString(36).substring(2,12),e.src+="#?secret="+t,e.setAttribute("data-secret",t)),e.contentWindow.postMessage({message:"ready",secret:t},"*")},!1)))}(window,document);
/* ]]> */
</script>

Unter dem Motto „Nächstenliebe verlangt Klarheit – Kein Naziaufmarsch, nirgendwo“ rufen inzwischen über 300 PolitikerInnen, BischöfInnen, PfarrerInnen, TheologInnen, EKD-Synodale und kirchlich Engagierte zu einer Beteiligung an den Blockaden gegen den Neonaziaufmarsch am 13. Februar 2012 in Dresden auf. Zu den ErstunterzeichnerInnen des Aufrufs gehören u.a. die Bundestagsvizepräsidenten Katrin Göring-Eckardt (Bündnis 90/Die Grünen) und Wolfgang Thierse [&hellip;]
