{"version":"1.0","provider_name":"St\u00f6rungsmelder","provider_url":"https:\/\/blog.zeit.de\/stoerungsmelder","author_name":"St\u00f6rungsmelder","author_url":"https:\/\/blog.zeit.de\/stoerungsmelder\/author\/stoerungsmelder","title":"V-Mann f\u00fchrte Ku-Klux-Klan - St\u00f6rungsmelder","type":"rich","width":600,"height":338,"html":"<blockquote class=\"wp-embedded-content\" data-secret=\"h9zrF6gwBD\"><a href=\"https:\/\/blog.zeit.de\/stoerungsmelder\/2012\/10\/18\/v-mann-fuhrte-ku-klux-klan_10294\">V-Mann f\u00fchrte Ku-Klux-Klan<\/a><\/blockquote><iframe sandbox=\"allow-scripts\" security=\"restricted\" src=\"https:\/\/blog.zeit.de\/stoerungsmelder\/2012\/10\/18\/v-mann-fuhrte-ku-klux-klan_10294\/embed#?secret=h9zrF6gwBD\" width=\"600\" height=\"338\" title=\"&#8222;V-Mann f\u00fchrte Ku-Klux-Klan&#8220; &#8212; St\u00f6rungsmelder\" data-secret=\"h9zrF6gwBD\" frameborder=\"0\" marginwidth=\"0\" marginheight=\"0\" scrolling=\"no\" class=\"wp-embedded-content\"><\/iframe><script type=\"text\/javascript\">\n\/* <![CDATA[ *\/\n\/*! This file is auto-generated *\/\n!function(d,l){\"use strict\";l.querySelector&&d.addEventListener&&\"undefined\"!=typeof URL&&(d.wp=d.wp||{},d.wp.receiveEmbedMessage||(d.wp.receiveEmbedMessage=function(e){var t=e.data;if((t||t.secret||t.message||t.value)&&!\/[^a-zA-Z0-9]\/.test(t.secret)){for(var s,r,n,a=l.querySelectorAll('iframe[data-secret=\"'+t.secret+'\"]'),o=l.querySelectorAll('blockquote[data-secret=\"'+t.secret+'\"]'),c=new RegExp(\"^https?:$\",\"i\"),i=0;i<o.length;i++)o[i].style.display=\"none\";for(i=0;i<a.length;i++)s=a[i],e.source===s.contentWindow&&(s.removeAttribute(\"style\"),\"height\"===t.message?(1e3<(r=parseInt(t.value,10))?r=1e3:~~r<200&&(r=200),s.height=r):\"link\"===t.message&&(r=new URL(s.getAttribute(\"src\")),n=new URL(t.value),c.test(n.protocol))&&n.host===r.host&&l.activeElement===s&&(d.top.location.href=t.value))}},d.addEventListener(\"message\",d.wp.receiveEmbedMessage,!1),l.addEventListener(\"DOMContentLoaded\",function(){for(var e,t,s=l.querySelectorAll(\"iframe.wp-embedded-content\"),r=0;r<s.length;r++)(t=(e=s[r]).getAttribute(\"data-secret\"))||(t=Math.random().toString(36).substring(2,12),e.src+=\"#?secret=\"+t,e.setAttribute(\"data-secret\",t)),e.contentWindow.postMessage({message:\"ready\",secret:t},\"*\")},!1)))}(window,document);\n\/* ]]> *\/\n<\/script>\n","description":"In die Umtriebe des rassistischen Geheimbunds Ku-Klux-Klan (KKK) in Baden-W\u00fcrttemberg war nach Informationen des Tagesspiegels der Verfassungsschutz verstrickt. Ein V-Mann des Landesamtes f\u00fcr Verfassungsschutz sei Gr\u00fcnder und Anf\u00fchrer der Gruppierung \u201eEuropean White Knights of the Ku Klux Klan \u2013 Realm of Germany\u201c gewesen, war am Mittwoch in Sicherheitskreisen zu erfahren. Der rechtsextreme Spitzel habe die [&hellip;]","thumbnail_url":"https:\/\/blog.zeit.de\/stoerungsmelder\/files\/2012\/10\/kkk.jpg"}

Störungsmelder

V-Mann führte Ku-Klux-Klan - Störungsmelder

<blockquote class="wp-embedded-content" data-secret="h9zrF6gwBD"><a href="https://blog.zeit.de/stoerungsmelder/2012/10/18/v-mann-fuhrte-ku-klux-klan_10294">V-Mann führte Ku-Klux-Klan</a></blockquote><iframe sandbox="allow-scripts" security="restricted" src="https://blog.zeit.de/stoerungsmelder/2012/10/18/v-mann-fuhrte-ku-klux-klan_10294/embed#?secret=h9zrF6gwBD" width="600" height="338" title="&#8222;V-Mann führte Ku-Klux-Klan&#8220; &#8212; Störungsmelder" data-secret="h9zrF6gwBD" frameborder="0" marginwidth="0" marginheight="0" scrolling="no" class="wp-embedded-content"></iframe><script type="text/javascript">
/* <![CDATA[ */
/*! This file is auto-generated */
!function(d,l){"use strict";l.querySelector&&d.addEventListener&&"undefined"!=typeof URL&&(d.wp=d.wp||{},d.wp.receiveEmbedMessage||(d.wp.receiveEmbedMessage=function(e){var t=e.data;if((t||t.secret||t.message||t.value)&&!/[^a-zA-Z0-9]/.test(t.secret)){for(var s,r,n,a=l.querySelectorAll('iframe[data-secret="'+t.secret+'"]'),o=l.querySelectorAll('blockquote[data-secret="'+t.secret+'"]'),c=new RegExp("^https?:$","i"),i=0;i<o.length;i++)o[i].style.display="none";for(i=0;i<a.length;i++)s=a[i],e.source===s.contentWindow&&(s.removeAttribute("style"),"height"===t.message?(1e3<(r=parseInt(t.value,10))?r=1e3:~~r<200&&(r=200),s.height=r):"link"===t.message&&(r=new URL(s.getAttribute("src")),n=new URL(t.value),c.test(n.protocol))&&n.host===r.host&&l.activeElement===s&&(d.top.location.href=t.value))}},d.addEventListener("message",d.wp.receiveEmbedMessage,!1),l.addEventListener("DOMContentLoaded",function(){for(var e,t,s=l.querySelectorAll("iframe.wp-embedded-content"),r=0;r<s.length;r++)(t=(e=s[r]).getAttribute("data-secret"))||(t=Math.random().toString(36).substring(2,12),e.src+="#?secret="+t,e.setAttribute("data-secret",t)),e.contentWindow.postMessage({message:"ready",secret:t},"*")},!1)))}(window,document);
/* ]]> */
</script>

In die Umtriebe des rassistischen Geheimbunds Ku-Klux-Klan (KKK) in Baden-Württemberg war nach Informationen des Tagesspiegels der Verfassungsschutz verstrickt. Ein V-Mann des Landesamtes für Verfassungsschutz sei Gründer und Anführer der Gruppierung „European White Knights of the Ku Klux Klan – Realm of Germany“ gewesen, war am Mittwoch in Sicherheitskreisen zu erfahren. Der rechtsextreme Spitzel habe die [&hellip;]
