{"version":"1.0","provider_name":"St\u00f6rungsmelder","provider_url":"https:\/\/blog.zeit.de\/stoerungsmelder","author_name":"Tim Karlson","author_url":"https:\/\/blog.zeit.de\/stoerungsmelder\/author\/timkarlson","title":"Neonazis bedrohen alternative Projekte - St\u00f6rungsmelder","type":"rich","width":600,"height":338,"html":"<blockquote class=\"wp-embedded-content\" data-secret=\"zn6ulfi4xA\"><a href=\"https:\/\/blog.zeit.de\/stoerungsmelder\/2013\/05\/21\/neonazis-bedrohen-alternative-projekte_12883\">Neonazis bedrohen alternative Projekte<\/a><\/blockquote><iframe sandbox=\"allow-scripts\" security=\"restricted\" src=\"https:\/\/blog.zeit.de\/stoerungsmelder\/2013\/05\/21\/neonazis-bedrohen-alternative-projekte_12883\/embed#?secret=zn6ulfi4xA\" width=\"600\" height=\"338\" title=\"&#8222;Neonazis bedrohen alternative Projekte&#8220; &#8212; St\u00f6rungsmelder\" data-secret=\"zn6ulfi4xA\" frameborder=\"0\" marginwidth=\"0\" marginheight=\"0\" scrolling=\"no\" class=\"wp-embedded-content\"><\/iframe><script type=\"text\/javascript\">\n\/* <![CDATA[ *\/\n\/*! This file is auto-generated *\/\n!function(d,l){\"use strict\";l.querySelector&&d.addEventListener&&\"undefined\"!=typeof URL&&(d.wp=d.wp||{},d.wp.receiveEmbedMessage||(d.wp.receiveEmbedMessage=function(e){var t=e.data;if((t||t.secret||t.message||t.value)&&!\/[^a-zA-Z0-9]\/.test(t.secret)){for(var s,r,n,a=l.querySelectorAll('iframe[data-secret=\"'+t.secret+'\"]'),o=l.querySelectorAll('blockquote[data-secret=\"'+t.secret+'\"]'),c=new RegExp(\"^https?:$\",\"i\"),i=0;i<o.length;i++)o[i].style.display=\"none\";for(i=0;i<a.length;i++)s=a[i],e.source===s.contentWindow&&(s.removeAttribute(\"style\"),\"height\"===t.message?(1e3<(r=parseInt(t.value,10))?r=1e3:~~r<200&&(r=200),s.height=r):\"link\"===t.message&&(r=new URL(s.getAttribute(\"src\")),n=new URL(t.value),c.test(n.protocol))&&n.host===r.host&&l.activeElement===s&&(d.top.location.href=t.value))}},d.addEventListener(\"message\",d.wp.receiveEmbedMessage,!1),l.addEventListener(\"DOMContentLoaded\",function(){for(var e,t,s=l.querySelectorAll(\"iframe.wp-embedded-content\"),r=0;r<s.length;r++)(t=(e=s[r]).getAttribute(\"data-secret\"))||(t=Math.random().toString(36).substring(2,12),e.src+=\"#?secret=\"+t,e.setAttribute(\"data-secret\",t)),e.contentWindow.postMessage({message:\"ready\",secret:t},\"*\")},!1)))}(window,document);\n\/* ]]> *\/\n<\/script>\n","description":"Immer brutaler und hinterh\u00e4ltiger agieren bayerische Neonazis wenn es um das Bedrohen, Einsch\u00fcchtern und Ausschalten vermeintlicher politischer Gegner geht. War fr\u00fcher noch das Stereotyp vom Springerstiefel tragenden Glatzkopf verbreitet, der betrunken Migranten und Punks anp\u00f6belt, zeichnet sich seit einiger Zeit eine Reihe von brutalen k\u00f6rperlichen Angriffen auf Journalisten, Antifaschisten und alle anderen, die nicht ins [&hellip;]","thumbnail_url":"https:\/\/blog.zeit.de\/stoerungsmelder\/files\/2013\/05\/benario-ligsalz.jpg"}

Störungsmelder

Neonazis bedrohen alternative Projekte - Störungsmelder

<blockquote class="wp-embedded-content" data-secret="zn6ulfi4xA"><a href="https://blog.zeit.de/stoerungsmelder/2013/05/21/neonazis-bedrohen-alternative-projekte_12883">Neonazis bedrohen alternative Projekte</a></blockquote><iframe sandbox="allow-scripts" security="restricted" src="https://blog.zeit.de/stoerungsmelder/2013/05/21/neonazis-bedrohen-alternative-projekte_12883/embed#?secret=zn6ulfi4xA" width="600" height="338" title="&#8222;Neonazis bedrohen alternative Projekte&#8220; &#8212; Störungsmelder" data-secret="zn6ulfi4xA" frameborder="0" marginwidth="0" marginheight="0" scrolling="no" class="wp-embedded-content"></iframe><script type="text/javascript">
/* <![CDATA[ */
/*! This file is auto-generated */
!function(d,l){"use strict";l.querySelector&&d.addEventListener&&"undefined"!=typeof URL&&(d.wp=d.wp||{},d.wp.receiveEmbedMessage||(d.wp.receiveEmbedMessage=function(e){var t=e.data;if((t||t.secret||t.message||t.value)&&!/[^a-zA-Z0-9]/.test(t.secret)){for(var s,r,n,a=l.querySelectorAll('iframe[data-secret="'+t.secret+'"]'),o=l.querySelectorAll('blockquote[data-secret="'+t.secret+'"]'),c=new RegExp("^https?:$","i"),i=0;i<o.length;i++)o[i].style.display="none";for(i=0;i<a.length;i++)s=a[i],e.source===s.contentWindow&&(s.removeAttribute("style"),"height"===t.message?(1e3<(r=parseInt(t.value,10))?r=1e3:~~r<200&&(r=200),s.height=r):"link"===t.message&&(r=new URL(s.getAttribute("src")),n=new URL(t.value),c.test(n.protocol))&&n.host===r.host&&l.activeElement===s&&(d.top.location.href=t.value))}},d.addEventListener("message",d.wp.receiveEmbedMessage,!1),l.addEventListener("DOMContentLoaded",function(){for(var e,t,s=l.querySelectorAll("iframe.wp-embedded-content"),r=0;r<s.length;r++)(t=(e=s[r]).getAttribute("data-secret"))||(t=Math.random().toString(36).substring(2,12),e.src+="#?secret="+t,e.setAttribute("data-secret",t)),e.contentWindow.postMessage({message:"ready",secret:t},"*")},!1)))}(window,document);
/* ]]> */
</script>

Immer brutaler und hinterhältiger agieren bayerische Neonazis wenn es um das Bedrohen, Einschüchtern und Ausschalten vermeintlicher politischer Gegner geht. War früher noch das Stereotyp vom Springerstiefel tragenden Glatzkopf verbreitet, der betrunken Migranten und Punks anpöbelt, zeichnet sich seit einiger Zeit eine Reihe von brutalen körperlichen Angriffen auf Journalisten, Antifaschisten und alle anderen, die nicht ins [&hellip;]
