{"version":"1.0","provider_name":"St\u00f6rungsmelder","provider_url":"https:\/\/blog.zeit.de\/stoerungsmelder","author_name":"St\u00f6rungsmelder","author_url":"https:\/\/blog.zeit.de\/stoerungsmelder\/author\/stoerungsmelder","title":"Unbekannte randalieren auf KZ-Gedenkst\u00e4tte - St\u00f6rungsmelder","type":"rich","width":600,"height":338,"html":"<blockquote class=\"wp-embedded-content\" data-secret=\"8IN8pnJy4H\"><a href=\"https:\/\/blog.zeit.de\/stoerungsmelder\/2013\/08\/15\/unbekannte-randalieren-auf-kz-gedenkstatte_13750\">Unbekannte randalieren auf KZ-Gedenkst\u00e4tte<\/a><\/blockquote><iframe sandbox=\"allow-scripts\" security=\"restricted\" src=\"https:\/\/blog.zeit.de\/stoerungsmelder\/2013\/08\/15\/unbekannte-randalieren-auf-kz-gedenkstatte_13750\/embed#?secret=8IN8pnJy4H\" width=\"600\" height=\"338\" title=\"&#8222;Unbekannte randalieren auf KZ-Gedenkst\u00e4tte&#8220; &#8212; St\u00f6rungsmelder\" data-secret=\"8IN8pnJy4H\" frameborder=\"0\" marginwidth=\"0\" marginheight=\"0\" scrolling=\"no\" class=\"wp-embedded-content\"><\/iframe><script type=\"text\/javascript\">\n\/* <![CDATA[ *\/\n\/*! This file is auto-generated *\/\n!function(d,l){\"use strict\";l.querySelector&&d.addEventListener&&\"undefined\"!=typeof URL&&(d.wp=d.wp||{},d.wp.receiveEmbedMessage||(d.wp.receiveEmbedMessage=function(e){var t=e.data;if((t||t.secret||t.message||t.value)&&!\/[^a-zA-Z0-9]\/.test(t.secret)){for(var s,r,n,a=l.querySelectorAll('iframe[data-secret=\"'+t.secret+'\"]'),o=l.querySelectorAll('blockquote[data-secret=\"'+t.secret+'\"]'),c=new RegExp(\"^https?:$\",\"i\"),i=0;i<o.length;i++)o[i].style.display=\"none\";for(i=0;i<a.length;i++)s=a[i],e.source===s.contentWindow&&(s.removeAttribute(\"style\"),\"height\"===t.message?(1e3<(r=parseInt(t.value,10))?r=1e3:~~r<200&&(r=200),s.height=r):\"link\"===t.message&&(r=new URL(s.getAttribute(\"src\")),n=new URL(t.value),c.test(n.protocol))&&n.host===r.host&&l.activeElement===s&&(d.top.location.href=t.value))}},d.addEventListener(\"message\",d.wp.receiveEmbedMessage,!1),l.addEventListener(\"DOMContentLoaded\",function(){for(var e,t,s=l.querySelectorAll(\"iframe.wp-embedded-content\"),r=0;r<s.length;r++)(t=(e=s[r]).getAttribute(\"data-secret\"))||(t=Math.random().toString(36).substring(2,12),e.src+=\"#?secret=\"+t,e.setAttribute(\"data-secret\",t)),e.contentWindow.postMessage({message:\"ready\",secret:t},\"*\")},!1)))}(window,document);\n\/* ]]> *\/\n<\/script>\n","description":"Am 14. August wurde auf dem Gel\u00e4nde des ehemaligen Jugendkonzentrationslagers und sp\u00e4teren Vernichtungslagers Uckermark ein Sonnensegel und das Fundament einer Bank mutwillig zerst\u00f6rt. Ein oder mehrere Unbekannte hatten gegen Mittag an dem Gedenkort offensichtlich mit einem Messer die Plane des Sonnen- und Regenschutzes mehrmals aufgeschlitzt und die Betonf\u00fc\u00dfe einer Bank zertr\u00fcmmert. Sie waren erst am [&hellip;]","thumbnail_url":"https:\/\/blog.zeit.de\/stoerungsmelder\/files\/2013\/08\/sachsenhausen1.jpg"}

Störungsmelder

Unbekannte randalieren auf KZ-Gedenkstätte - Störungsmelder

<blockquote class="wp-embedded-content" data-secret="8IN8pnJy4H"><a href="https://blog.zeit.de/stoerungsmelder/2013/08/15/unbekannte-randalieren-auf-kz-gedenkstatte_13750">Unbekannte randalieren auf KZ-Gedenkstätte</a></blockquote><iframe sandbox="allow-scripts" security="restricted" src="https://blog.zeit.de/stoerungsmelder/2013/08/15/unbekannte-randalieren-auf-kz-gedenkstatte_13750/embed#?secret=8IN8pnJy4H" width="600" height="338" title="&#8222;Unbekannte randalieren auf KZ-Gedenkstätte&#8220; &#8212; Störungsmelder" data-secret="8IN8pnJy4H" frameborder="0" marginwidth="0" marginheight="0" scrolling="no" class="wp-embedded-content"></iframe><script type="text/javascript">
/* <![CDATA[ */
/*! This file is auto-generated */
!function(d,l){"use strict";l.querySelector&&d.addEventListener&&"undefined"!=typeof URL&&(d.wp=d.wp||{},d.wp.receiveEmbedMessage||(d.wp.receiveEmbedMessage=function(e){var t=e.data;if((t||t.secret||t.message||t.value)&&!/[^a-zA-Z0-9]/.test(t.secret)){for(var s,r,n,a=l.querySelectorAll('iframe[data-secret="'+t.secret+'"]'),o=l.querySelectorAll('blockquote[data-secret="'+t.secret+'"]'),c=new RegExp("^https?:$","i"),i=0;i<o.length;i++)o[i].style.display="none";for(i=0;i<a.length;i++)s=a[i],e.source===s.contentWindow&&(s.removeAttribute("style"),"height"===t.message?(1e3<(r=parseInt(t.value,10))?r=1e3:~~r<200&&(r=200),s.height=r):"link"===t.message&&(r=new URL(s.getAttribute("src")),n=new URL(t.value),c.test(n.protocol))&&n.host===r.host&&l.activeElement===s&&(d.top.location.href=t.value))}},d.addEventListener("message",d.wp.receiveEmbedMessage,!1),l.addEventListener("DOMContentLoaded",function(){for(var e,t,s=l.querySelectorAll("iframe.wp-embedded-content"),r=0;r<s.length;r++)(t=(e=s[r]).getAttribute("data-secret"))||(t=Math.random().toString(36).substring(2,12),e.src+="#?secret="+t,e.setAttribute("data-secret",t)),e.contentWindow.postMessage({message:"ready",secret:t},"*")},!1)))}(window,document);
/* ]]> */
</script>

Am 14. August wurde auf dem Gelände des ehemaligen Jugendkonzentrationslagers und späteren Vernichtungslagers Uckermark ein Sonnensegel und das Fundament einer Bank mutwillig zerstört. Ein oder mehrere Unbekannte hatten gegen Mittag an dem Gedenkort offensichtlich mit einem Messer die Plane des Sonnen- und Regenschutzes mehrmals aufgeschlitzt und die Betonfüße einer Bank zertrümmert. Sie waren erst am [&hellip;]
