{"version":"1.0","provider_name":"St\u00f6rungsmelder","provider_url":"https:\/\/blog.zeit.de\/stoerungsmelder","author_name":"St\u00f6rungsmelder","author_url":"https:\/\/blog.zeit.de\/stoerungsmelder\/author\/stoerungsmelder","title":"Streit um Burg Ludwigstein geht weiter - St\u00f6rungsmelder","type":"rich","width":600,"height":338,"html":"<blockquote class=\"wp-embedded-content\" data-secret=\"orXSHjEfgO\"><a href=\"https:\/\/blog.zeit.de\/stoerungsmelder\/2014\/03\/24\/streit-um-burg-ludwigstein-geht-weiter_15495\">Streit um Burg Ludwigstein geht weiter<\/a><\/blockquote><iframe sandbox=\"allow-scripts\" security=\"restricted\" src=\"https:\/\/blog.zeit.de\/stoerungsmelder\/2014\/03\/24\/streit-um-burg-ludwigstein-geht-weiter_15495\/embed#?secret=orXSHjEfgO\" width=\"600\" height=\"338\" title=\"&#8222;Streit um Burg Ludwigstein geht weiter&#8220; &#8212; St\u00f6rungsmelder\" data-secret=\"orXSHjEfgO\" frameborder=\"0\" marginwidth=\"0\" marginheight=\"0\" scrolling=\"no\" class=\"wp-embedded-content\"><\/iframe><script type=\"text\/javascript\">\n\/* <![CDATA[ *\/\n\/*! This file is auto-generated *\/\n!function(d,l){\"use strict\";l.querySelector&&d.addEventListener&&\"undefined\"!=typeof URL&&(d.wp=d.wp||{},d.wp.receiveEmbedMessage||(d.wp.receiveEmbedMessage=function(e){var t=e.data;if((t||t.secret||t.message||t.value)&&!\/[^a-zA-Z0-9]\/.test(t.secret)){for(var s,r,n,a=l.querySelectorAll('iframe[data-secret=\"'+t.secret+'\"]'),o=l.querySelectorAll('blockquote[data-secret=\"'+t.secret+'\"]'),c=new RegExp(\"^https?:$\",\"i\"),i=0;i<o.length;i++)o[i].style.display=\"none\";for(i=0;i<a.length;i++)s=a[i],e.source===s.contentWindow&&(s.removeAttribute(\"style\"),\"height\"===t.message?(1e3<(r=parseInt(t.value,10))?r=1e3:~~r<200&&(r=200),s.height=r):\"link\"===t.message&&(r=new URL(s.getAttribute(\"src\")),n=new URL(t.value),c.test(n.protocol))&&n.host===r.host&&l.activeElement===s&&(d.top.location.href=t.value))}},d.addEventListener(\"message\",d.wp.receiveEmbedMessage,!1),l.addEventListener(\"DOMContentLoaded\",function(){for(var e,t,s=l.querySelectorAll(\"iframe.wp-embedded-content\"),r=0;r<s.length;r++)(t=(e=s[r]).getAttribute(\"data-secret\"))||(t=Math.random().toString(36).substring(2,12),e.src+=\"#?secret=\"+t,e.setAttribute(\"data-secret\",t)),e.contentWindow.postMessage({message:\"ready\",secret:t},\"*\")},!1)))}(window,document);\n\/* ]]> *\/\n<\/script>\n","description":"Im vergangenen Herbst berichteten wir \u00fcber rechte Jugendgruppen, denen auf der hessischen Burg Ludwigstein ein Bet\u00e4tigungsfeld geboten wurde. Das Hessische Sozialministerium hatte nach einer Anfrage des St\u00f6rungsmelders \u00a0alle F\u00f6rdermittel f\u00fcr die Jugendbegegnungsst\u00e4tte vor\u00fcbergehend eingefroren.\u00a0 Im November waren die Mittel wieder freigegeben worden. Im Ministerium sei man zu der Auffassung gekommen, dass eine \u201erechte Milieubildung weder [&hellip;]","thumbnail_url":"https:\/\/blog.zeit.de\/stoerungsmelder\/files\/2013\/10\/scale-921-614-03.160340700.2.jpg"}

Störungsmelder

Streit um Burg Ludwigstein geht weiter - Störungsmelder

<blockquote class="wp-embedded-content" data-secret="orXSHjEfgO"><a href="https://blog.zeit.de/stoerungsmelder/2014/03/24/streit-um-burg-ludwigstein-geht-weiter_15495">Streit um Burg Ludwigstein geht weiter</a></blockquote><iframe sandbox="allow-scripts" security="restricted" src="https://blog.zeit.de/stoerungsmelder/2014/03/24/streit-um-burg-ludwigstein-geht-weiter_15495/embed#?secret=orXSHjEfgO" width="600" height="338" title="&#8222;Streit um Burg Ludwigstein geht weiter&#8220; &#8212; Störungsmelder" data-secret="orXSHjEfgO" frameborder="0" marginwidth="0" marginheight="0" scrolling="no" class="wp-embedded-content"></iframe><script type="text/javascript">
/* <![CDATA[ */
/*! This file is auto-generated */
!function(d,l){"use strict";l.querySelector&&d.addEventListener&&"undefined"!=typeof URL&&(d.wp=d.wp||{},d.wp.receiveEmbedMessage||(d.wp.receiveEmbedMessage=function(e){var t=e.data;if((t||t.secret||t.message||t.value)&&!/[^a-zA-Z0-9]/.test(t.secret)){for(var s,r,n,a=l.querySelectorAll('iframe[data-secret="'+t.secret+'"]'),o=l.querySelectorAll('blockquote[data-secret="'+t.secret+'"]'),c=new RegExp("^https?:$","i"),i=0;i<o.length;i++)o[i].style.display="none";for(i=0;i<a.length;i++)s=a[i],e.source===s.contentWindow&&(s.removeAttribute("style"),"height"===t.message?(1e3<(r=parseInt(t.value,10))?r=1e3:~~r<200&&(r=200),s.height=r):"link"===t.message&&(r=new URL(s.getAttribute("src")),n=new URL(t.value),c.test(n.protocol))&&n.host===r.host&&l.activeElement===s&&(d.top.location.href=t.value))}},d.addEventListener("message",d.wp.receiveEmbedMessage,!1),l.addEventListener("DOMContentLoaded",function(){for(var e,t,s=l.querySelectorAll("iframe.wp-embedded-content"),r=0;r<s.length;r++)(t=(e=s[r]).getAttribute("data-secret"))||(t=Math.random().toString(36).substring(2,12),e.src+="#?secret="+t,e.setAttribute("data-secret",t)),e.contentWindow.postMessage({message:"ready",secret:t},"*")},!1)))}(window,document);
/* ]]> */
</script>

Im vergangenen Herbst berichteten wir über rechte Jugendgruppen, denen auf der hessischen Burg Ludwigstein ein Betätigungsfeld geboten wurde. Das Hessische Sozialministerium hatte nach einer Anfrage des Störungsmelders  alle Fördermittel für die Jugendbegegnungsstätte vorübergehend eingefroren.  Im November waren die Mittel wieder freigegeben worden. Im Ministerium sei man zu der Auffassung gekommen, dass eine „rechte Milieubildung weder [&hellip;]
