{"version":"1.0","provider_name":"St\u00f6rungsmelder","provider_url":"https:\/\/blog.zeit.de\/stoerungsmelder","author_name":"St\u00f6rungsmelder","author_url":"https:\/\/blog.zeit.de\/stoerungsmelder\/author\/stoerungsmelder","title":"Naziangriff auf B\u00fcro von SPD-Politiker - St\u00f6rungsmelder","type":"rich","width":600,"height":338,"html":"<blockquote class=\"wp-embedded-content\" data-secret=\"4YERsX1orP\"><a href=\"https:\/\/blog.zeit.de\/stoerungsmelder\/2014\/05\/05\/naziangriff-auf-buero-von-spd-politiker_16077\">Naziangriff auf B\u00fcro von SPD-Politiker<\/a><\/blockquote><iframe sandbox=\"allow-scripts\" security=\"restricted\" src=\"https:\/\/blog.zeit.de\/stoerungsmelder\/2014\/05\/05\/naziangriff-auf-buero-von-spd-politiker_16077\/embed#?secret=4YERsX1orP\" width=\"600\" height=\"338\" title=\"&#8222;Naziangriff auf B\u00fcro von SPD-Politiker&#8220; &#8212; St\u00f6rungsmelder\" data-secret=\"4YERsX1orP\" frameborder=\"0\" marginwidth=\"0\" marginheight=\"0\" scrolling=\"no\" class=\"wp-embedded-content\"><\/iframe><script type=\"text\/javascript\">\n\/* <![CDATA[ *\/\n\/*! This file is auto-generated *\/\n!function(d,l){\"use strict\";l.querySelector&&d.addEventListener&&\"undefined\"!=typeof URL&&(d.wp=d.wp||{},d.wp.receiveEmbedMessage||(d.wp.receiveEmbedMessage=function(e){var t=e.data;if((t||t.secret||t.message||t.value)&&!\/[^a-zA-Z0-9]\/.test(t.secret)){for(var s,r,n,a=l.querySelectorAll('iframe[data-secret=\"'+t.secret+'\"]'),o=l.querySelectorAll('blockquote[data-secret=\"'+t.secret+'\"]'),c=new RegExp(\"^https?:$\",\"i\"),i=0;i<o.length;i++)o[i].style.display=\"none\";for(i=0;i<a.length;i++)s=a[i],e.source===s.contentWindow&&(s.removeAttribute(\"style\"),\"height\"===t.message?(1e3<(r=parseInt(t.value,10))?r=1e3:~~r<200&&(r=200),s.height=r):\"link\"===t.message&&(r=new URL(s.getAttribute(\"src\")),n=new URL(t.value),c.test(n.protocol))&&n.host===r.host&&l.activeElement===s&&(d.top.location.href=t.value))}},d.addEventListener(\"message\",d.wp.receiveEmbedMessage,!1),l.addEventListener(\"DOMContentLoaded\",function(){for(var e,t,s=l.querySelectorAll(\"iframe.wp-embedded-content\"),r=0;r<s.length;r++)(t=(e=s[r]).getAttribute(\"data-secret\"))||(t=Math.random().toString(36).substring(2,12),e.src+=\"#?secret=\"+t,e.setAttribute(\"data-secret\",t)),e.contentWindow.postMessage({message:\"ready\",secret:t},\"*\")},!1)))}(window,document);\n\/* ]]> *\/\n<\/script>\n","description":"Patrick Dahlemann aus Torgelow hat schon viel Mut gegen Rechtsextreme und Nazis bewiesen. Sein Kampf ist aber immer noch nicht vorbei. Jetzt wurde sein B\u00fcrgerb\u00fcro besch\u00e4digt. Vor einem Wahlkampfauftritt von SPD-Chef Sigmar Gabriel am heutigen Montag in Torgelow ist in der Nacht das B\u00fcrgerb\u00fcro des SPD-Landtagsabgeordneten Patrick Dahlemann besch\u00e4digt worden. Unbekannte T\u00e4ter warfen drei faustgro\u00dfe [&hellip;]","thumbnail_url":"https:\/\/blog.zeit.de\/stoerungsmelder\/files\/2014\/05\/2-format14.jpg"}

Störungsmelder

Naziangriff auf Büro von SPD-Politiker - Störungsmelder

<blockquote class="wp-embedded-content" data-secret="4YERsX1orP"><a href="https://blog.zeit.de/stoerungsmelder/2014/05/05/naziangriff-auf-buero-von-spd-politiker_16077">Naziangriff auf Büro von SPD-Politiker</a></blockquote><iframe sandbox="allow-scripts" security="restricted" src="https://blog.zeit.de/stoerungsmelder/2014/05/05/naziangriff-auf-buero-von-spd-politiker_16077/embed#?secret=4YERsX1orP" width="600" height="338" title="&#8222;Naziangriff auf Büro von SPD-Politiker&#8220; &#8212; Störungsmelder" data-secret="4YERsX1orP" frameborder="0" marginwidth="0" marginheight="0" scrolling="no" class="wp-embedded-content"></iframe><script type="text/javascript">
/* <![CDATA[ */
/*! This file is auto-generated */
!function(d,l){"use strict";l.querySelector&&d.addEventListener&&"undefined"!=typeof URL&&(d.wp=d.wp||{},d.wp.receiveEmbedMessage||(d.wp.receiveEmbedMessage=function(e){var t=e.data;if((t||t.secret||t.message||t.value)&&!/[^a-zA-Z0-9]/.test(t.secret)){for(var s,r,n,a=l.querySelectorAll('iframe[data-secret="'+t.secret+'"]'),o=l.querySelectorAll('blockquote[data-secret="'+t.secret+'"]'),c=new RegExp("^https?:$","i"),i=0;i<o.length;i++)o[i].style.display="none";for(i=0;i<a.length;i++)s=a[i],e.source===s.contentWindow&&(s.removeAttribute("style"),"height"===t.message?(1e3<(r=parseInt(t.value,10))?r=1e3:~~r<200&&(r=200),s.height=r):"link"===t.message&&(r=new URL(s.getAttribute("src")),n=new URL(t.value),c.test(n.protocol))&&n.host===r.host&&l.activeElement===s&&(d.top.location.href=t.value))}},d.addEventListener("message",d.wp.receiveEmbedMessage,!1),l.addEventListener("DOMContentLoaded",function(){for(var e,t,s=l.querySelectorAll("iframe.wp-embedded-content"),r=0;r<s.length;r++)(t=(e=s[r]).getAttribute("data-secret"))||(t=Math.random().toString(36).substring(2,12),e.src+="#?secret="+t,e.setAttribute("data-secret",t)),e.contentWindow.postMessage({message:"ready",secret:t},"*")},!1)))}(window,document);
/* ]]> */
</script>

Patrick Dahlemann aus Torgelow hat schon viel Mut gegen Rechtsextreme und Nazis bewiesen. Sein Kampf ist aber immer noch nicht vorbei. Jetzt wurde sein Bürgerbüro beschädigt. Vor einem Wahlkampfauftritt von SPD-Chef Sigmar Gabriel am heutigen Montag in Torgelow ist in der Nacht das Bürgerbüro des SPD-Landtagsabgeordneten Patrick Dahlemann beschädigt worden. Unbekannte Täter warfen drei faustgroße [&hellip;]
