{"version":"1.0","provider_name":"St\u00f6rungsmelder","provider_url":"https:\/\/blog.zeit.de\/stoerungsmelder","author_name":"Jonas Miller","author_url":"https:\/\/blog.zeit.de\/stoerungsmelder\/author\/timomueller","title":"Anschlag auf das Auto einer aktiven Nazigegnerin - St\u00f6rungsmelder","type":"rich","width":600,"height":338,"html":"<blockquote class=\"wp-embedded-content\" data-secret=\"tgeoe6ScUQ\"><a href=\"https:\/\/blog.zeit.de\/stoerungsmelder\/2015\/05\/04\/anschlag-auf-auto-einer-aktiven-nazigegnerin_19304\">Anschlag auf das Auto einer aktiven Nazigegnerin<\/a><\/blockquote><iframe sandbox=\"allow-scripts\" security=\"restricted\" src=\"https:\/\/blog.zeit.de\/stoerungsmelder\/2015\/05\/04\/anschlag-auf-auto-einer-aktiven-nazigegnerin_19304\/embed#?secret=tgeoe6ScUQ\" width=\"600\" height=\"338\" title=\"&#8222;Anschlag auf das Auto einer aktiven Nazigegnerin&#8220; &#8212; St\u00f6rungsmelder\" data-secret=\"tgeoe6ScUQ\" frameborder=\"0\" marginwidth=\"0\" marginheight=\"0\" scrolling=\"no\" class=\"wp-embedded-content\"><\/iframe><script type=\"text\/javascript\">\n\/* <![CDATA[ *\/\n\/*! This file is auto-generated *\/\n!function(d,l){\"use strict\";l.querySelector&&d.addEventListener&&\"undefined\"!=typeof URL&&(d.wp=d.wp||{},d.wp.receiveEmbedMessage||(d.wp.receiveEmbedMessage=function(e){var t=e.data;if((t||t.secret||t.message||t.value)&&!\/[^a-zA-Z0-9]\/.test(t.secret)){for(var s,r,n,a=l.querySelectorAll('iframe[data-secret=\"'+t.secret+'\"]'),o=l.querySelectorAll('blockquote[data-secret=\"'+t.secret+'\"]'),c=new RegExp(\"^https?:$\",\"i\"),i=0;i<o.length;i++)o[i].style.display=\"none\";for(i=0;i<a.length;i++)s=a[i],e.source===s.contentWindow&&(s.removeAttribute(\"style\"),\"height\"===t.message?(1e3<(r=parseInt(t.value,10))?r=1e3:~~r<200&&(r=200),s.height=r):\"link\"===t.message&&(r=new URL(s.getAttribute(\"src\")),n=new URL(t.value),c.test(n.protocol))&&n.host===r.host&&l.activeElement===s&&(d.top.location.href=t.value))}},d.addEventListener(\"message\",d.wp.receiveEmbedMessage,!1),l.addEventListener(\"DOMContentLoaded\",function(){for(var e,t,s=l.querySelectorAll(\"iframe.wp-embedded-content\"),r=0;r<s.length;r++)(t=(e=s[r]).getAttribute(\"data-secret\"))||(t=Math.random().toString(36).substring(2,12),e.src+=\"#?secret=\"+t,e.setAttribute(\"data-secret\",t)),e.contentWindow.postMessage({message:\"ready\",secret:t},\"*\")},!1)))}(window,document);\n\/* ]]> *\/\n<\/script>\n","description":"In der Nacht auf den ersten Mai wurde das Auto einer Nazigegnerin aus Schwabach angegriffen. Der oder die T\u00e4ter zerst\u00f6rten Fensterscheiben und Autoreifen. Die Initiative f\u00fcr Demokratie gegen Rechtsextremismus vermutet Neonazis hinter dem Anschlag und hat ein Spendenkonto eingerichtet.","thumbnail_url":"https:\/\/blog.zeit.de\/stoerungsmelder\/files\/2015\/05\/Anschlag_privat.jpg"}

Störungsmelder

Anschlag auf das Auto einer aktiven Nazigegnerin - Störungsmelder

<blockquote class="wp-embedded-content" data-secret="tgeoe6ScUQ"><a href="https://blog.zeit.de/stoerungsmelder/2015/05/04/anschlag-auf-auto-einer-aktiven-nazigegnerin_19304">Anschlag auf das Auto einer aktiven Nazigegnerin</a></blockquote><iframe sandbox="allow-scripts" security="restricted" src="https://blog.zeit.de/stoerungsmelder/2015/05/04/anschlag-auf-auto-einer-aktiven-nazigegnerin_19304/embed#?secret=tgeoe6ScUQ" width="600" height="338" title="&#8222;Anschlag auf das Auto einer aktiven Nazigegnerin&#8220; &#8212; Störungsmelder" data-secret="tgeoe6ScUQ" frameborder="0" marginwidth="0" marginheight="0" scrolling="no" class="wp-embedded-content"></iframe><script type="text/javascript">
/* <![CDATA[ */
/*! This file is auto-generated */
!function(d,l){"use strict";l.querySelector&&d.addEventListener&&"undefined"!=typeof URL&&(d.wp=d.wp||{},d.wp.receiveEmbedMessage||(d.wp.receiveEmbedMessage=function(e){var t=e.data;if((t||t.secret||t.message||t.value)&&!/[^a-zA-Z0-9]/.test(t.secret)){for(var s,r,n,a=l.querySelectorAll('iframe[data-secret="'+t.secret+'"]'),o=l.querySelectorAll('blockquote[data-secret="'+t.secret+'"]'),c=new RegExp("^https?:$","i"),i=0;i<o.length;i++)o[i].style.display="none";for(i=0;i<a.length;i++)s=a[i],e.source===s.contentWindow&&(s.removeAttribute("style"),"height"===t.message?(1e3<(r=parseInt(t.value,10))?r=1e3:~~r<200&&(r=200),s.height=r):"link"===t.message&&(r=new URL(s.getAttribute("src")),n=new URL(t.value),c.test(n.protocol))&&n.host===r.host&&l.activeElement===s&&(d.top.location.href=t.value))}},d.addEventListener("message",d.wp.receiveEmbedMessage,!1),l.addEventListener("DOMContentLoaded",function(){for(var e,t,s=l.querySelectorAll("iframe.wp-embedded-content"),r=0;r<s.length;r++)(t=(e=s[r]).getAttribute("data-secret"))||(t=Math.random().toString(36).substring(2,12),e.src+="#?secret="+t,e.setAttribute("data-secret",t)),e.contentWindow.postMessage({message:"ready",secret:t},"*")},!1)))}(window,document);
/* ]]> */
</script>

In der Nacht auf den ersten Mai wurde das Auto einer Nazigegnerin aus Schwabach angegriffen. Der oder die Täter zerstörten Fensterscheiben und Autoreifen. Die Initiative für Demokratie gegen Rechtsextremismus vermutet Neonazis hinter dem Anschlag und hat ein Spendenkonto eingerichtet.
