{"version":"1.0","provider_name":"St\u00f6rungsmelder","provider_url":"https:\/\/blog.zeit.de\/stoerungsmelder","author_name":"St\u00f6rungsmelder","author_url":"https:\/\/blog.zeit.de\/stoerungsmelder\/author\/stoerungsmelder","title":"Rechtsrocker plant Bison-Zucht - St\u00f6rungsmelder","type":"rich","width":600,"height":338,"html":"<blockquote class=\"wp-embedded-content\" data-secret=\"ZNRF23dpVB\"><a href=\"https:\/\/blog.zeit.de\/stoerungsmelder\/2015\/06\/04\/rechtsrocker-plant-bison-zucht_19456\">Rechtsrocker plant Bison-Zucht<\/a><\/blockquote><iframe sandbox=\"allow-scripts\" security=\"restricted\" src=\"https:\/\/blog.zeit.de\/stoerungsmelder\/2015\/06\/04\/rechtsrocker-plant-bison-zucht_19456\/embed#?secret=ZNRF23dpVB\" width=\"600\" height=\"338\" title=\"&#8222;Rechtsrocker plant Bison-Zucht&#8220; &#8212; St\u00f6rungsmelder\" data-secret=\"ZNRF23dpVB\" frameborder=\"0\" marginwidth=\"0\" marginheight=\"0\" scrolling=\"no\" class=\"wp-embedded-content\"><\/iframe><script type=\"text\/javascript\">\n\/* <![CDATA[ *\/\n\/*! This file is auto-generated *\/\n!function(d,l){\"use strict\";l.querySelector&&d.addEventListener&&\"undefined\"!=typeof URL&&(d.wp=d.wp||{},d.wp.receiveEmbedMessage||(d.wp.receiveEmbedMessage=function(e){var t=e.data;if((t||t.secret||t.message||t.value)&&!\/[^a-zA-Z0-9]\/.test(t.secret)){for(var s,r,n,a=l.querySelectorAll('iframe[data-secret=\"'+t.secret+'\"]'),o=l.querySelectorAll('blockquote[data-secret=\"'+t.secret+'\"]'),c=new RegExp(\"^https?:$\",\"i\"),i=0;i<o.length;i++)o[i].style.display=\"none\";for(i=0;i<a.length;i++)s=a[i],e.source===s.contentWindow&&(s.removeAttribute(\"style\"),\"height\"===t.message?(1e3<(r=parseInt(t.value,10))?r=1e3:~~r<200&&(r=200),s.height=r):\"link\"===t.message&&(r=new URL(s.getAttribute(\"src\")),n=new URL(t.value),c.test(n.protocol))&&n.host===r.host&&l.activeElement===s&&(d.top.location.href=t.value))}},d.addEventListener(\"message\",d.wp.receiveEmbedMessage,!1),l.addEventListener(\"DOMContentLoaded\",function(){for(var e,t,s=l.querySelectorAll(\"iframe.wp-embedded-content\"),r=0;r<s.length;r++)(t=(e=s[r]).getAttribute(\"data-secret\"))||(t=Math.random().toString(36).substring(2,12),e.src+=\"#?secret=\"+t,e.setAttribute(\"data-secret\",t)),e.contentWindow.postMessage({message:\"ready\",secret:t},\"*\")},!1)))}(window,document);\n\/* ]]> *\/\n<\/script>\n","description":"Einen Moment lang ist er sprachlos, dann bricht sich seine Wut bahn: \u201eDie Sache ist l\u00e4ngst abgegessen, unn\u00f6tig, neues \u00d6l ins Feuer zu gie\u00dfen\u201c, erkl\u00e4rt Sacha Korn. Nachdem bekannt geworden war, dass der Liedermacher und S\u00e4nger plant, hinter dem Anwesen seiner Familie im Teltower Ortsteil Ruhlsdorf eine Bison-Zucht zu betreiben, kochen in sozialen Netzwerken die [&hellip;]","thumbnail_url":"https:\/\/blog.zeit.de\/stoerungsmelder\/files\/2011\/05\/korn-150x150.png"}

Störungsmelder

Rechtsrocker plant Bison-Zucht - Störungsmelder

<blockquote class="wp-embedded-content" data-secret="ZNRF23dpVB"><a href="https://blog.zeit.de/stoerungsmelder/2015/06/04/rechtsrocker-plant-bison-zucht_19456">Rechtsrocker plant Bison-Zucht</a></blockquote><iframe sandbox="allow-scripts" security="restricted" src="https://blog.zeit.de/stoerungsmelder/2015/06/04/rechtsrocker-plant-bison-zucht_19456/embed#?secret=ZNRF23dpVB" width="600" height="338" title="&#8222;Rechtsrocker plant Bison-Zucht&#8220; &#8212; Störungsmelder" data-secret="ZNRF23dpVB" frameborder="0" marginwidth="0" marginheight="0" scrolling="no" class="wp-embedded-content"></iframe><script type="text/javascript">
/* <![CDATA[ */
/*! This file is auto-generated */
!function(d,l){"use strict";l.querySelector&&d.addEventListener&&"undefined"!=typeof URL&&(d.wp=d.wp||{},d.wp.receiveEmbedMessage||(d.wp.receiveEmbedMessage=function(e){var t=e.data;if((t||t.secret||t.message||t.value)&&!/[^a-zA-Z0-9]/.test(t.secret)){for(var s,r,n,a=l.querySelectorAll('iframe[data-secret="'+t.secret+'"]'),o=l.querySelectorAll('blockquote[data-secret="'+t.secret+'"]'),c=new RegExp("^https?:$","i"),i=0;i<o.length;i++)o[i].style.display="none";for(i=0;i<a.length;i++)s=a[i],e.source===s.contentWindow&&(s.removeAttribute("style"),"height"===t.message?(1e3<(r=parseInt(t.value,10))?r=1e3:~~r<200&&(r=200),s.height=r):"link"===t.message&&(r=new URL(s.getAttribute("src")),n=new URL(t.value),c.test(n.protocol))&&n.host===r.host&&l.activeElement===s&&(d.top.location.href=t.value))}},d.addEventListener("message",d.wp.receiveEmbedMessage,!1),l.addEventListener("DOMContentLoaded",function(){for(var e,t,s=l.querySelectorAll("iframe.wp-embedded-content"),r=0;r<s.length;r++)(t=(e=s[r]).getAttribute("data-secret"))||(t=Math.random().toString(36).substring(2,12),e.src+="#?secret="+t,e.setAttribute("data-secret",t)),e.contentWindow.postMessage({message:"ready",secret:t},"*")},!1)))}(window,document);
/* ]]> */
</script>

Einen Moment lang ist er sprachlos, dann bricht sich seine Wut bahn: „Die Sache ist längst abgegessen, unnötig, neues Öl ins Feuer zu gießen“, erklärt Sacha Korn. Nachdem bekannt geworden war, dass der Liedermacher und Sänger plant, hinter dem Anwesen seiner Familie im Teltower Ortsteil Ruhlsdorf eine Bison-Zucht zu betreiben, kochen in sozialen Netzwerken die [&hellip;]
