{"id":3112,"date":"2010-04-27T09:41:29","date_gmt":"2010-04-27T07:41:29","guid":{"rendered":"http:\/\/blog.zeit.de\/stoerungsmelder2\/?page_id=3112"},"modified":"2020-12-17T18:16:16","modified_gmt":"2020-12-17T17:16:16","slug":"about","status":"publish","type":"page","link":"https:\/\/blog.zeit.de\/stoerungsmelder\/about","title":{"rendered":"Was wir machen und wer bei uns schreibt"},"content":{"rendered":"<p>Wir m\u00fcssen reden \u2013 \u00fcber Rechtsextremismus! Das ist das Thema dieses Blogs. Hier schreiben engagierte Autoren aus allen Regionen Deutschlands \u00fcber die extreme Rechte, Rassismus und Antisemitismus.<\/p>\n<p>Seit der Gr\u00fcndung 2007 wollen wir mit diesem Blog aufmerksam hinschauen. Was passiert in der Szene? Wo ist sie besonders aktiv? Welche Strategien wenden die Rechtsextremen an? Warum haben sie Zulauf? Und was kann man gegen sie tun?<\/p>\n<p>Zum Schutz vor Drohungen aus der rechtsextremen Szene schreiben manche unserer Autoren unter Pseudonym.<\/p>\n<p>&nbsp;<\/p>\n<p><font size=\"6\"><strong>Unsere Autoren<\/strong><\/font><\/p>\n<p><strong>Christoph Hedtke<\/strong> ist freier Journalist und arbeitet vor allem zu den Themen extreme Rechte und Migration. F\u00fcr den St\u00f6rungsmelder und andere Medien beobachtet er seit 2013 rechte Aktivit\u00e4ten in der Region Leipzig.<\/p>\n<p><a href=\"https:\/\/twitter.com\/c_hedtke\" rel=\"noopener noreferrer\" target=\"_blank\">Twitter-Profil von Christoph Hedtke<\/a><\/p>\n<p>&nbsp;<br \/>\n<strong>Hardy Kr\u00fcger<\/strong> schreibt und fotografiert als freier Journalist f\u00fcr verschiedene Medien zum Thema Rechtsextremismus. Neben dem St\u00f6rungsmelder ver\u00f6ffentlicht er unter anderem in den <em>Potsdamer Neuesten Nachrichten<\/em> und im <em>Tagesspiegel<\/em>. Dar\u00fcber hinaus schreibt und fotografiert er f\u00fcr den <em>Presseservice Rathenow<\/em> \u00fcber lokale Entwicklungen der extremen Rechten im westlichen Brandenburg und im n\u00f6rdlichen Sachsen-Anhalt.<\/p>\n<p><a href=\"https:\/\/twitter.com\/presseservicern\" rel=\"noopener noreferrer\" target=\"_blank\">Twitter-Profil von <em>Presseservice Rathenow<\/em><\/a><\/p>\n<p>&nbsp;<br \/>\n<strong>Sebastian Lipp<\/strong> recherchiert und berichtet als freier Journalist f\u00fcr verschiedene Medienh\u00e4user. Schwerpunkt: die Umtriebe von Neonazis und anderen Rechtsradikalen vor allem in Bayern. Als Chefredakteur bei <em>Allg\u00e4u \u21cf rechtsau\u00dfen<\/em> sieht er bei der dortigen Szene besonders genau hin.<\/p>\n<p><a href=\"https:\/\/allgaeu-rechtsaussen.de\/\" rel=\"noopener noreferrer\" target=\"_blank\"><em>Allg\u00e4u \u21cf rechtsau\u00dfen<\/em><\/a><\/p>\n<p>&nbsp;<br \/>\n<strong>Henrik Merker<\/strong> schreibt seit 2017 f\u00fcr den St\u00f6rungsmelder. Identit\u00e4re, Gerichtsprozesse und Berichte aus dem deutschen Outback sind sein Spezialgebiet. Schreiben kannst du ihm via Twitter.<\/p>\n<p><a href=\"https:\/\/twitter.com\/hrmrkr\" rel=\"noopener noreferrer\" target=\"_blank\">Twitter-Profil von Henrik Merker<\/a><\/p>\n<p>&nbsp;<br \/>\n<strong>Dennis Pesch<\/strong> schreibt als freier Journalist f\u00fcr verschiedene Medien zu Rechtsextremismus und sozialen Bewegungen in Nordrhein-Westfalen. Neben dem St\u00f6rungsmelder ist er f\u00fcr unter anderem f\u00fcr <em>Jungle World<\/em> und <em>neues deutschland<\/em> unterwegs.<\/p>\n<p><a href=\"https:\/\/twitter.com\/d_pesch\" rel=\"noopener noreferrer\" target=\"_blank\">Twitter-Profil von Dennis Pesch<\/a><\/p>\n<p>&nbsp;<br \/>\n<strong>Felix M. Steiner<\/strong> arbeitet seit mehreren Jahren als freier Journalist und Referent zum Thema extreme Rechte und soziale Bewegungen. Sein Schwerpunkt sind die Strukturen und Strategien der extremen Rechten in der Bundesrepublik Deutschland.<\/p>\n<p><a href=\"https:\/\/twitter.com\/felixmsteiner\" rel=\"noopener noreferrer\" target=\"_blank\">Twitter-Profil von Felix M. Steiner<\/a><\/p>\n","protected":false},"excerpt":{"rendered":"<p>Wir m\u00fcssen reden \u2013 \u00fcber Rechtsextremismus! Das ist das Thema dieses Blogs. Hier schreiben engagierte Autoren aus allen Regionen Deutschlands \u00fcber die extreme Rechte, Rassismus und Antisemitismus. Seit der Gr\u00fcndung 2007 wollen wir mit diesem Blog aufmerksam hinschauen. Was passiert in der Szene? Wo ist sie besonders aktiv? Welche Strategien wenden die Rechtsextremen an? Warum [&hellip;]<\/p>\n","protected":false},"author":229,"featured_media":0,"parent":0,"menu_order":0,"comment_status":"closed","ping_status":"closed","template":"","meta":{"footnotes":""},"class_list":["post-3112","page","type-page","status-publish","hentry"],"yoast_head":"<!-- This site is optimized with the Yoast SEO plugin v21.0 - https:\/\/yoast.com\/wordpress\/plugins\/seo\/ -->\n<title>Was wir machen und wer bei uns schreibt - St\u00f6rungsmelder<\/title>\n<meta name=\"robots\" content=\"index, follow, max-snippet:-1, max-image-preview:large, max-video-preview:-1\" \/>\n<link rel=\"canonical\" href=\"https:\/\/blog.zeit.de\/stoerungsmelder\/about\" \/>\n<meta property=\"og:locale\" content=\"de_DE\" \/>\n<meta property=\"og:type\" content=\"article\" \/>\n<meta property=\"og:title\" content=\"Was wir machen und wer bei uns schreibt - St\u00f6rungsmelder\" \/>\n<meta property=\"og:description\" content=\"Wir m\u00fcssen reden \u2013 \u00fcber Rechtsextremismus! Das ist das Thema dieses Blogs. Hier schreiben engagierte Autoren aus allen Regionen Deutschlands \u00fcber die extreme Rechte, Rassismus und Antisemitismus. Seit der Gr\u00fcndung 2007 wollen wir mit diesem Blog aufmerksam hinschauen. Was passiert in der Szene? Wo ist sie besonders aktiv? Welche Strategien wenden die Rechtsextremen an? Warum [&hellip;]\" \/>\n<meta property=\"og:url\" content=\"https:\/\/blog.zeit.de\/stoerungsmelder\/about\" \/>\n<meta property=\"og:site_name\" content=\"St\u00f6rungsmelder\" \/>\n<meta property=\"article:modified_time\" content=\"2020-12-17T17:16:16+00:00\" \/>\n<meta name=\"twitter:card\" content=\"summary_large_image\" \/>\n<meta name=\"twitter:label1\" content=\"Gesch\u00e4tzte Lesezeit\" \/>\n\t<meta name=\"twitter:data1\" content=\"2\u00a0Minuten\" \/>\n<script type=\"application\/ld+json\" class=\"yoast-schema-graph\">{\"@context\":\"https:\/\/schema.org\",\"@graph\":[{\"@type\":\"WebPage\",\"@id\":\"https:\/\/blog.zeit.de\/stoerungsmelder\/about\",\"url\":\"https:\/\/blog.zeit.de\/stoerungsmelder\/about\",\"name\":\"Was wir machen und wer bei uns schreibt - St\u00f6rungsmelder\",\"isPartOf\":{\"@id\":\"https:\/\/blog.zeit.de\/stoerungsmelder\/#website\"},\"datePublished\":\"2010-04-27T07:41:29+00:00\",\"dateModified\":\"2020-12-17T17:16:16+00:00\",\"breadcrumb\":{\"@id\":\"https:\/\/blog.zeit.de\/stoerungsmelder\/about#breadcrumb\"},\"inLanguage\":\"de\",\"potentialAction\":[{\"@type\":\"ReadAction\",\"target\":[\"https:\/\/blog.zeit.de\/stoerungsmelder\/about\"]}]},{\"@type\":\"BreadcrumbList\",\"@id\":\"https:\/\/blog.zeit.de\/stoerungsmelder\/about#breadcrumb\",\"itemListElement\":[{\"@type\":\"ListItem\",\"position\":1,\"name\":\"Startseite\",\"item\":\"https:\/\/blog.zeit.de\/stoerungsmelder\"},{\"@type\":\"ListItem\",\"position\":2,\"name\":\"Was wir machen und wer bei uns schreibt\"}]},{\"@type\":\"WebSite\",\"@id\":\"https:\/\/blog.zeit.de\/stoerungsmelder\/#website\",\"url\":\"https:\/\/blog.zeit.de\/stoerungsmelder\/\",\"name\":\"St\u00f6rungsmelder\",\"description\":\"Recherchen und Analysen \u00fcber die extreme Rechte\",\"potentialAction\":[{\"@type\":\"SearchAction\",\"target\":{\"@type\":\"EntryPoint\",\"urlTemplate\":\"https:\/\/blog.zeit.de\/stoerungsmelder\/?s={search_term_string}\"},\"query-input\":\"required name=search_term_string\"}],\"inLanguage\":\"de\"}]}<\/script>\n<!-- \/ Yoast SEO plugin. -->","yoast_head_json":{"title":"Was wir machen und wer bei uns schreibt - St\u00f6rungsmelder","robots":{"index":"index","follow":"follow","max-snippet":"max-snippet:-1","max-image-preview":"max-image-preview:large","max-video-preview":"max-video-preview:-1"},"canonical":"https:\/\/blog.zeit.de\/stoerungsmelder\/about","og_locale":"de_DE","og_type":"article","og_title":"Was wir machen und wer bei uns schreibt - St\u00f6rungsmelder","og_description":"Wir m\u00fcssen reden \u2013 \u00fcber Rechtsextremismus! Das ist das Thema dieses Blogs. Hier schreiben engagierte Autoren aus allen Regionen Deutschlands \u00fcber die extreme Rechte, Rassismus und Antisemitismus. Seit der Gr\u00fcndung 2007 wollen wir mit diesem Blog aufmerksam hinschauen. Was passiert in der Szene? Wo ist sie besonders aktiv? Welche Strategien wenden die Rechtsextremen an? Warum [&hellip;]","og_url":"https:\/\/blog.zeit.de\/stoerungsmelder\/about","og_site_name":"St\u00f6rungsmelder","article_modified_time":"2020-12-17T17:16:16+00:00","twitter_card":"summary_large_image","twitter_misc":{"Gesch\u00e4tzte Lesezeit":"2\u00a0Minuten"},"schema":{"@context":"https:\/\/schema.org","@graph":[{"@type":"WebPage","@id":"https:\/\/blog.zeit.de\/stoerungsmelder\/about","url":"https:\/\/blog.zeit.de\/stoerungsmelder\/about","name":"Was wir machen und wer bei uns schreibt - St\u00f6rungsmelder","isPartOf":{"@id":"https:\/\/blog.zeit.de\/stoerungsmelder\/#website"},"datePublished":"2010-04-27T07:41:29+00:00","dateModified":"2020-12-17T17:16:16+00:00","breadcrumb":{"@id":"https:\/\/blog.zeit.de\/stoerungsmelder\/about#breadcrumb"},"inLanguage":"de","potentialAction":[{"@type":"ReadAction","target":["https:\/\/blog.zeit.de\/stoerungsmelder\/about"]}]},{"@type":"BreadcrumbList","@id":"https:\/\/blog.zeit.de\/stoerungsmelder\/about#breadcrumb","itemListElement":[{"@type":"ListItem","position":1,"name":"Startseite","item":"https:\/\/blog.zeit.de\/stoerungsmelder"},{"@type":"ListItem","position":2,"name":"Was wir machen und wer bei uns schreibt"}]},{"@type":"WebSite","@id":"https:\/\/blog.zeit.de\/stoerungsmelder\/#website","url":"https:\/\/blog.zeit.de\/stoerungsmelder\/","name":"St\u00f6rungsmelder","description":"Recherchen und Analysen \u00fcber die extreme Rechte","potentialAction":[{"@type":"SearchAction","target":{"@type":"EntryPoint","urlTemplate":"https:\/\/blog.zeit.de\/stoerungsmelder\/?s={search_term_string}"},"query-input":"required name=search_term_string"}],"inLanguage":"de"}]}},"jetpack_sharing_enabled":true,"_links":{"self":[{"href":"https:\/\/blog.zeit.de\/stoerungsmelder\/wp-json\/wp\/v2\/pages\/3112","targetHints":{"allow":["GET"]}}],"collection":[{"href":"https:\/\/blog.zeit.de\/stoerungsmelder\/wp-json\/wp\/v2\/pages"}],"about":[{"href":"https:\/\/blog.zeit.de\/stoerungsmelder\/wp-json\/wp\/v2\/types\/page"}],"author":[{"embeddable":true,"href":"https:\/\/blog.zeit.de\/stoerungsmelder\/wp-json\/wp\/v2\/users\/229"}],"replies":[{"embeddable":true,"href":"https:\/\/blog.zeit.de\/stoerungsmelder\/wp-json\/wp\/v2\/comments?post=3112"}],"version-history":[{"count":8,"href":"https:\/\/blog.zeit.de\/stoerungsmelder\/wp-json\/wp\/v2\/pages\/3112\/revisions"}],"predecessor-version":[{"id":30454,"href":"https:\/\/blog.zeit.de\/stoerungsmelder\/wp-json\/wp\/v2\/pages\/3112\/revisions\/30454"}],"wp:attachment":[{"href":"https:\/\/blog.zeit.de\/stoerungsmelder\/wp-json\/wp\/v2\/media?parent=3112"}],"curies":[{"name":"wp","href":"https:\/\/api.w.org\/{rel}","templated":true}]}}

<p>Wir müssen reden – über Rechtsextremismus! Das ist das Thema dieses Blogs. Hier schreiben engagierte Autoren aus allen Regionen Deutschlands über die extreme Rechte, Rassismus und Antisemitismus.</p>
<p>Seit der Gründung 2007 wollen wir mit diesem Blog aufmerksam hinschauen. Was passiert in der Szene? Wo ist sie besonders aktiv? Welche Strategien wenden die Rechtsextremen an? Warum haben sie Zulauf? Und was kann man gegen sie tun?</p>
<p>Zum Schutz vor Drohungen aus der rechtsextremen Szene schreiben manche unserer Autoren unter Pseudonym.</p>
<p>&nbsp;</p>
<p><font size="6"><strong>Unsere Autoren</strong></font></p>
<p><strong>Christoph Hedtke</strong> ist freier Journalist und arbeitet vor allem zu den Themen extreme Rechte und Migration. Für den Störungsmelder und andere Medien beobachtet er seit 2013 rechte Aktivitäten in der Region Leipzig.</p>
<p><a href="https://twitter.com/c_hedtke" rel="noopener noreferrer" target="_blank">Twitter-Profil von Christoph Hedtke</a></p>
<p>&nbsp;<br />
<strong>Hardy Krüger</strong> schreibt und fotografiert als freier Journalist für verschiedene Medien zum Thema Rechtsextremismus. Neben dem Störungsmelder veröffentlicht er unter anderem in den <em>Potsdamer Neuesten Nachrichten</em> und im <em>Tagesspiegel</em>. Darüber hinaus schreibt und fotografiert er für den <em>Presseservice Rathenow</em> über lokale Entwicklungen der extremen Rechten im westlichen Brandenburg und im nördlichen Sachsen-Anhalt.</p>
<p><a href="https://twitter.com/presseservicern" rel="noopener noreferrer" target="_blank">Twitter-Profil von <em>Presseservice Rathenow</em></a></p>
<p>&nbsp;<br />
<strong>Sebastian Lipp</strong> recherchiert und berichtet als freier Journalist für verschiedene Medienhäuser. Schwerpunkt: die Umtriebe von Neonazis und anderen Rechtsradikalen vor allem in Bayern. Als Chefredakteur bei <em>Allgäu ⇏ rechtsaußen</em> sieht er bei der dortigen Szene besonders genau hin.</p>
<p><a href="https://allgaeu-rechtsaussen.de/" rel="noopener noreferrer" target="_blank"><em>Allgäu ⇏ rechtsaußen</em></a></p>
<p>&nbsp;<br />
<strong>Henrik Merker</strong> schreibt seit 2017 für den Störungsmelder. Identitäre, Gerichtsprozesse und Berichte aus dem deutschen Outback sind sein Spezialgebiet. Schreiben kannst du ihm via Twitter.</p>
<p><a href="https://twitter.com/hrmrkr" rel="noopener noreferrer" target="_blank">Twitter-Profil von Henrik Merker</a></p>
<p>&nbsp;<br />
<strong>Dennis Pesch</strong> schreibt als freier Journalist für verschiedene Medien zu Rechtsextremismus und sozialen Bewegungen in Nordrhein-Westfalen. Neben dem Störungsmelder ist er für unter anderem für <em>Jungle World</em> und <em>neues deutschland</em> unterwegs.</p>
<p><a href="https://twitter.com/d_pesch" rel="noopener noreferrer" target="_blank">Twitter-Profil von Dennis Pesch</a></p>
<p>&nbsp;<br />
<strong>Felix M. Steiner</strong> arbeitet seit mehreren Jahren als freier Journalist und Referent zum Thema extreme Rechte und soziale Bewegungen. Sein Schwerpunkt sind die Strukturen und Strategien der extremen Rechten in der Bundesrepublik Deutschland.</p>
<p><a href="https://twitter.com/felixmsteiner" rel="noopener noreferrer" target="_blank">Twitter-Profil von Felix M. Steiner</a></p>

<p>Wir müssen reden – über Rechtsextremismus! Das ist das Thema dieses Blogs. Hier schreiben engagierte Autoren aus allen Regionen Deutschlands über die extreme Rechte, Rassismus und Antisemitismus. Seit der Gründung 2007 wollen wir mit diesem Blog aufmerksam hinschauen. Was passiert in der Szene? Wo ist sie besonders aktiv? Welche Strategien wenden die Rechtsextremen an? Warum [&hellip;]</p>

<!-- This site is optimized with the Yoast SEO plugin v21.0 - https://yoast.com/wordpress/plugins/seo/ -->
<title>Was wir machen und wer bei uns schreibt - Störungsmelder</title>
<meta name="robots" content="index, follow, max-snippet:-1, max-image-preview:large, max-video-preview:-1" />
<link rel="canonical" href="https://blog.zeit.de/stoerungsmelder/about" />
<meta property="og:locale" content="de_DE" />
<meta property="og:type" content="article" />
<meta property="og:title" content="Was wir machen und wer bei uns schreibt - Störungsmelder" />
<meta property="og:description" content="Wir müssen reden – über Rechtsextremismus! Das ist das Thema dieses Blogs. Hier schreiben engagierte Autoren aus allen Regionen Deutschlands über die extreme Rechte, Rassismus und Antisemitismus. Seit der Gründung 2007 wollen wir mit diesem Blog aufmerksam hinschauen. Was passiert in der Szene? Wo ist sie besonders aktiv? Welche Strategien wenden die Rechtsextremen an? Warum [&hellip;]" />
<meta property="og:url" content="https://blog.zeit.de/stoerungsmelder/about" />
<meta property="og:site_name" content="Störungsmelder" />
<meta property="article:modified_time" content="2020-12-17T17:16:16+00:00" />
<meta name="twitter:card" content="summary_large_image" />
<meta name="twitter:label1" content="Geschätzte Lesezeit" />
	<meta name="twitter:data1" content="2 Minuten" />
<script type="application/ld+json" class="yoast-schema-graph">{"@context":"https://schema.org","@graph":[{"@type":"WebPage","@id":"https://blog.zeit.de/stoerungsmelder/about","url":"https://blog.zeit.de/stoerungsmelder/about","name":"Was wir machen und wer bei uns schreibt - Störungsmelder","isPartOf":{"@id":"https://blog.zeit.de/stoerungsmelder/#website"},"datePublished":"2010-04-27T07:41:29+00:00","dateModified":"2020-12-17T17:16:16+00:00","breadcrumb":{"@id":"https://blog.zeit.de/stoerungsmelder/about#breadcrumb"},"inLanguage":"de","potentialAction":[{"@type":"ReadAction","target":["https://blog.zeit.de/stoerungsmelder/about"]}]},{"@type":"BreadcrumbList","@id":"https://blog.zeit.de/stoerungsmelder/about#breadcrumb","itemListElement":[{"@type":"ListItem","position":1,"name":"Startseite","item":"https://blog.zeit.de/stoerungsmelder"},{"@type":"ListItem","position":2,"name":"Was wir machen und wer bei uns schreibt"}]},{"@type":"WebSite","@id":"https://blog.zeit.de/stoerungsmelder/#website","url":"https://blog.zeit.de/stoerungsmelder/","name":"Störungsmelder","description":"Recherchen und Analysen über die extreme Rechte","potentialAction":[{"@type":"SearchAction","target":{"@type":"EntryPoint","urlTemplate":"https://blog.zeit.de/stoerungsmelder/?s={search_term_string}"},"query-input":"required name=search_term_string"}],"inLanguage":"de"}]}</script>
<!-- / Yoast SEO plugin. -->

Was wir machen und wer bei uns schreibt - Störungsmelder

Wir müssen reden – über Rechtsextremismus! Das ist das Thema dieses Blogs. Hier schreiben engagierte Autoren aus allen Regionen Deutschlands über die extreme Rechte, Rassismus und Antisemitismus. Seit der Gründung 2007 wollen wir mit diesem Blog aufmerksam hinschauen. Was passiert in der Szene? Wo ist sie besonders aktiv? Welche Strategien wenden die Rechtsextremen an? Warum [&hellip;]

Störungsmelder

Recherchen und Analysen über die extreme Rechte
