{"version":"1.0","provider_name":"Tontr\u00e4ger","provider_url":"https:\/\/blog.zeit.de\/tontraeger","author_name":"Sebastian Reier","author_url":"https:\/\/blog.zeit.de\/tontraeger\/author\/sebastian-reier","title":"Gute Nachrichten aus der Welt der Klingelt\u00f6ne - Musikblog","type":"rich","width":600,"height":338,"html":"<blockquote class=\"wp-embedded-content\" data-secret=\"VqiIxDoWYx\"><a href=\"https:\/\/blog.zeit.de\/tontraeger\/2006\/06\/19\/gute-nachrichten-aus-der-welt-der-klingeltone_80\">Gute Nachrichten aus der Welt der Klingelt\u00f6ne<\/a><\/blockquote><iframe sandbox=\"allow-scripts\" security=\"restricted\" src=\"https:\/\/blog.zeit.de\/tontraeger\/2006\/06\/19\/gute-nachrichten-aus-der-welt-der-klingeltone_80\/embed#?secret=VqiIxDoWYx\" width=\"600\" height=\"338\" title=\"&#8222;Gute Nachrichten aus der Welt der Klingelt\u00f6ne&#8220; &#8212; Tontr\u00e4ger\" data-secret=\"VqiIxDoWYx\" frameborder=\"0\" marginwidth=\"0\" marginheight=\"0\" scrolling=\"no\" class=\"wp-embedded-content\"><\/iframe><script type=\"text\/javascript\">\n\/* <![CDATA[ *\/\n\/*! This file is auto-generated *\/\n!function(d,l){\"use strict\";l.querySelector&&d.addEventListener&&\"undefined\"!=typeof URL&&(d.wp=d.wp||{},d.wp.receiveEmbedMessage||(d.wp.receiveEmbedMessage=function(e){var t=e.data;if((t||t.secret||t.message||t.value)&&!\/[^a-zA-Z0-9]\/.test(t.secret)){for(var s,r,n,a=l.querySelectorAll('iframe[data-secret=\"'+t.secret+'\"]'),o=l.querySelectorAll('blockquote[data-secret=\"'+t.secret+'\"]'),c=new RegExp(\"^https?:$\",\"i\"),i=0;i<o.length;i++)o[i].style.display=\"none\";for(i=0;i<a.length;i++)s=a[i],e.source===s.contentWindow&&(s.removeAttribute(\"style\"),\"height\"===t.message?(1e3<(r=parseInt(t.value,10))?r=1e3:~~r<200&&(r=200),s.height=r):\"link\"===t.message&&(r=new URL(s.getAttribute(\"src\")),n=new URL(t.value),c.test(n.protocol))&&n.host===r.host&&l.activeElement===s&&(d.top.location.href=t.value))}},d.addEventListener(\"message\",d.wp.receiveEmbedMessage,!1),l.addEventListener(\"DOMContentLoaded\",function(){for(var e,t,s=l.querySelectorAll(\"iframe.wp-embedded-content\"),r=0;r<s.length;r++)(t=(e=s[r]).getAttribute(\"data-secret\"))||(t=Math.random().toString(36).substring(2,12),e.src+=\"#?secret=\"+t,e.setAttribute(\"data-secret\",t)),e.contentWindow.postMessage({message:\"ready\",secret:t},\"*\")},!1)))}(window,document);\n\/* ]]> *\/\n<\/script>\n","description":"Nelly Furtado reitet auch weiterhin ein wildes Stil-Rodeo. Auf ihrem raffinierten neuen Album \u201eLoose\u201c \u00f6ffnet jedes St\u00fcck eine neue T\u00fcr, hinter die meisten schaut man gerne Unfertig und konfus klangen die ersten beiden Alben von Nelly Furtado. Besonders das letzte, Folklore, bot einen stilistischen Kuddelmuddel. Zwar blitzte das Talent der Kanadierin mit portugiesischen Wurzeln hier [&hellip;]","thumbnail_url":"https:\/\/blog.zeit.de\/tontraeger\/files\/2006\/06\/furtado.jpg"}

Tonträger

Gute Nachrichten aus der Welt der Klingeltöne - Musikblog

<blockquote class="wp-embedded-content" data-secret="VqiIxDoWYx"><a href="https://blog.zeit.de/tontraeger/2006/06/19/gute-nachrichten-aus-der-welt-der-klingeltone_80">Gute Nachrichten aus der Welt der Klingeltöne</a></blockquote><iframe sandbox="allow-scripts" security="restricted" src="https://blog.zeit.de/tontraeger/2006/06/19/gute-nachrichten-aus-der-welt-der-klingeltone_80/embed#?secret=VqiIxDoWYx" width="600" height="338" title="&#8222;Gute Nachrichten aus der Welt der Klingeltöne&#8220; &#8212; Tonträger" data-secret="VqiIxDoWYx" frameborder="0" marginwidth="0" marginheight="0" scrolling="no" class="wp-embedded-content"></iframe><script type="text/javascript">
/* <![CDATA[ */
/*! This file is auto-generated */
!function(d,l){"use strict";l.querySelector&&d.addEventListener&&"undefined"!=typeof URL&&(d.wp=d.wp||{},d.wp.receiveEmbedMessage||(d.wp.receiveEmbedMessage=function(e){var t=e.data;if((t||t.secret||t.message||t.value)&&!/[^a-zA-Z0-9]/.test(t.secret)){for(var s,r,n,a=l.querySelectorAll('iframe[data-secret="'+t.secret+'"]'),o=l.querySelectorAll('blockquote[data-secret="'+t.secret+'"]'),c=new RegExp("^https?:$","i"),i=0;i<o.length;i++)o[i].style.display="none";for(i=0;i<a.length;i++)s=a[i],e.source===s.contentWindow&&(s.removeAttribute("style"),"height"===t.message?(1e3<(r=parseInt(t.value,10))?r=1e3:~~r<200&&(r=200),s.height=r):"link"===t.message&&(r=new URL(s.getAttribute("src")),n=new URL(t.value),c.test(n.protocol))&&n.host===r.host&&l.activeElement===s&&(d.top.location.href=t.value))}},d.addEventListener("message",d.wp.receiveEmbedMessage,!1),l.addEventListener("DOMContentLoaded",function(){for(var e,t,s=l.querySelectorAll("iframe.wp-embedded-content"),r=0;r<s.length;r++)(t=(e=s[r]).getAttribute("data-secret"))||(t=Math.random().toString(36).substring(2,12),e.src+="#?secret="+t,e.setAttribute("data-secret",t)),e.contentWindow.postMessage({message:"ready",secret:t},"*")},!1)))}(window,document);
/* ]]> */
</script>

Nelly Furtado reitet auch weiterhin ein wildes Stil-Rodeo. Auf ihrem raffinierten neuen Album „Loose“ öffnet jedes Stück eine neue Tür, hinter die meisten schaut man gerne Unfertig und konfus klangen die ersten beiden Alben von Nelly Furtado. Besonders das letzte, Folklore, bot einen stilistischen Kuddelmuddel. Zwar blitzte das Talent der Kanadierin mit portugiesischen Wurzeln hier [&hellip;]
