{"version":"1.0","provider_name":"ZEIT der Leser","provider_url":"https:\/\/blog.zeit.de\/zeit-der-leser","author_name":"Zeit der Leser","author_url":"https:\/\/blog.zeit.de\/zeit-der-leser\/author\/zeit-der-leser\/","title":"Das Brot teilen - ZEIT der Leser","type":"rich","width":600,"height":338,"html":"<blockquote class=\"wp-embedded-content\" data-secret=\"Pbb0Bjflsa\"><a href=\"https:\/\/blog.zeit.de\/zeit-der-leser\/2010\/06\/01\/das-brot-teilen\/\">Das Brot teilen<\/a><\/blockquote><iframe sandbox=\"allow-scripts\" security=\"restricted\" src=\"https:\/\/blog.zeit.de\/zeit-der-leser\/2010\/06\/01\/das-brot-teilen\/embed\/#?secret=Pbb0Bjflsa\" width=\"600\" height=\"338\" title=\"&#8222;Das Brot teilen&#8220; &#8212; ZEIT der Leser\" data-secret=\"Pbb0Bjflsa\" frameborder=\"0\" marginwidth=\"0\" marginheight=\"0\" scrolling=\"no\" class=\"wp-embedded-content\"><\/iframe><script type=\"text\/javascript\">\n\/* <![CDATA[ *\/\n\/*! This file is auto-generated *\/\n!function(d,l){\"use strict\";l.querySelector&&d.addEventListener&&\"undefined\"!=typeof URL&&(d.wp=d.wp||{},d.wp.receiveEmbedMessage||(d.wp.receiveEmbedMessage=function(e){var t=e.data;if((t||t.secret||t.message||t.value)&&!\/[^a-zA-Z0-9]\/.test(t.secret)){for(var s,r,n,a=l.querySelectorAll('iframe[data-secret=\"'+t.secret+'\"]'),o=l.querySelectorAll('blockquote[data-secret=\"'+t.secret+'\"]'),c=new RegExp(\"^https?:$\",\"i\"),i=0;i<o.length;i++)o[i].style.display=\"none\";for(i=0;i<a.length;i++)s=a[i],e.source===s.contentWindow&&(s.removeAttribute(\"style\"),\"height\"===t.message?(1e3<(r=parseInt(t.value,10))?r=1e3:~~r<200&&(r=200),s.height=r):\"link\"===t.message&&(r=new URL(s.getAttribute(\"src\")),n=new URL(t.value),c.test(n.protocol))&&n.host===r.host&&l.activeElement===s&&(d.top.location.href=t.value))}},d.addEventListener(\"message\",d.wp.receiveEmbedMessage,!1),l.addEventListener(\"DOMContentLoaded\",function(){for(var e,t,s=l.querySelectorAll(\"iframe.wp-embedded-content\"),r=0;r<s.length;r++)(t=(e=s[r]).getAttribute(\"data-secret\"))||(t=Math.random().toString(36).substring(2,12),e.src+=\"#?secret=\"+t,e.setAttribute(\"data-secret\",t)),e.contentWindow.postMessage({message:\"ready\",secret:t},\"*\")},!1)))}(window,document);\n\/* ]]> *\/\n<\/script>\n","description":"Seit f\u00fcnf Wochen sind wir in Spanien unterwegs. Herrliche Natur, stimmiges Wetter, kleine D\u00f6rfer mit B\u00e4ckerladen, aber das Brot? Mehr und mehr kommt die Sehnsucht nach einem kr\u00e4ftigen oberschw\u00e4bischen Graubrot hoch. Endlich im Baskenland, auf dem Markt in Guernica steht ein K\u00e4severk\u00e4ufer und bietet auch Holzofenbrot an: krustig, kompakt, fast Vollkorn, jeder Laib um die [&hellip;]","thumbnail_url":"https:\/\/blog.zeit.de\/zeit-der-leser\/files\/2010\/06\/brot.jpg"}

Seit fünf Wochen sind wir in Spanien unterwegs. Herrliche Natur, stimmiges Wetter, kleine Dörfer mit Bäckerladen, aber das Brot? Mehr und mehr kommt die Sehnsucht nach einem kräftigen oberschwäbischen Graubrot hoch. Endlich im Baskenland, auf dem Markt in Guernica steht ein Käseverkäufer und bietet auch Holzofenbrot an: krustig, kompakt, fast Vollkorn, jeder Laib um die [&hellip;]
