{"version":"1.0","provider_name":"ZEIT der Leser","provider_url":"https:\/\/blog.zeit.de\/zeit-der-leser","author_name":"Zeit der Leser","author_url":"https:\/\/blog.zeit.de\/zeit-der-leser\/author\/zeit-der-leser\/","title":"Stumme Bewegungen, gl\u00fcckliche Gesichter - ZEIT der Leser","type":"rich","width":600,"height":338,"html":"<blockquote class=\"wp-embedded-content\" data-secret=\"uHT5zDFzHm\"><a href=\"https:\/\/blog.zeit.de\/zeit-der-leser\/2011\/01\/14\/stumme-bewegungen-gluckliche-gesichter\/\">Stumme Bewegungen, gl\u00fcckliche Gesichter<\/a><\/blockquote><iframe sandbox=\"allow-scripts\" security=\"restricted\" src=\"https:\/\/blog.zeit.de\/zeit-der-leser\/2011\/01\/14\/stumme-bewegungen-gluckliche-gesichter\/embed\/#?secret=uHT5zDFzHm\" width=\"600\" height=\"338\" title=\"&#8222;Stumme Bewegungen, gl\u00fcckliche Gesichter&#8220; &#8212; ZEIT der Leser\" data-secret=\"uHT5zDFzHm\" frameborder=\"0\" marginwidth=\"0\" marginheight=\"0\" scrolling=\"no\" class=\"wp-embedded-content\"><\/iframe><script type=\"text\/javascript\">\n\/* <![CDATA[ *\/\n\/*! This file is auto-generated *\/\n!function(d,l){\"use strict\";l.querySelector&&d.addEventListener&&\"undefined\"!=typeof URL&&(d.wp=d.wp||{},d.wp.receiveEmbedMessage||(d.wp.receiveEmbedMessage=function(e){var t=e.data;if((t||t.secret||t.message||t.value)&&!\/[^a-zA-Z0-9]\/.test(t.secret)){for(var s,r,n,a=l.querySelectorAll('iframe[data-secret=\"'+t.secret+'\"]'),o=l.querySelectorAll('blockquote[data-secret=\"'+t.secret+'\"]'),c=new RegExp(\"^https?:$\",\"i\"),i=0;i<o.length;i++)o[i].style.display=\"none\";for(i=0;i<a.length;i++)s=a[i],e.source===s.contentWindow&&(s.removeAttribute(\"style\"),\"height\"===t.message?(1e3<(r=parseInt(t.value,10))?r=1e3:~~r<200&&(r=200),s.height=r):\"link\"===t.message&&(r=new URL(s.getAttribute(\"src\")),n=new URL(t.value),c.test(n.protocol))&&n.host===r.host&&l.activeElement===s&&(d.top.location.href=t.value))}},d.addEventListener(\"message\",d.wp.receiveEmbedMessage,!1),l.addEventListener(\"DOMContentLoaded\",function(){for(var e,t,s=l.querySelectorAll(\"iframe.wp-embedded-content\"),r=0;r<s.length;r++)(t=(e=s[r]).getAttribute(\"data-secret\"))||(t=Math.random().toString(36).substring(2,12),e.src+=\"#?secret=\"+t,e.setAttribute(\"data-secret\",t)),e.contentWindow.postMessage({message:\"ready\",secret:t},\"*\")},!1)))}(window,document);\n\/* ]]> *\/\n<\/script>\n","description":"Morgens, wenn ich meinen kleinen Sohn zum Kindergarten auf dem Gel\u00e4nde einer evangelischen Stiftung bringe, kommen wir an einem Gruppenraum vorbei, in dem jeden Morgen Menschen verschiedenen Alters, unterschiedlicher Statur und Grazie tanzen. Manche im Rollstuh dabei. Im Winter sind die Fenster geschlossen. Stumme Bewegungen, gl\u00fcckliche Gesichter. Im Sommer sind die bodentiefen Fenster ge\u00f6ffnet. Sambakl\u00e4nge, [&hellip;]"}

Stumme Bewegungen, glückliche Gesichter - ZEIT der Leser

<blockquote class="wp-embedded-content" data-secret="uHT5zDFzHm"><a href="https://blog.zeit.de/zeit-der-leser/2011/01/14/stumme-bewegungen-gluckliche-gesichter/">Stumme Bewegungen, glückliche Gesichter</a></blockquote><iframe sandbox="allow-scripts" security="restricted" src="https://blog.zeit.de/zeit-der-leser/2011/01/14/stumme-bewegungen-gluckliche-gesichter/embed/#?secret=uHT5zDFzHm" width="600" height="338" title="&#8222;Stumme Bewegungen, glückliche Gesichter&#8220; &#8212; ZEIT der Leser" data-secret="uHT5zDFzHm" frameborder="0" marginwidth="0" marginheight="0" scrolling="no" class="wp-embedded-content"></iframe><script type="text/javascript">
/* <![CDATA[ */
/*! This file is auto-generated */
!function(d,l){"use strict";l.querySelector&&d.addEventListener&&"undefined"!=typeof URL&&(d.wp=d.wp||{},d.wp.receiveEmbedMessage||(d.wp.receiveEmbedMessage=function(e){var t=e.data;if((t||t.secret||t.message||t.value)&&!/[^a-zA-Z0-9]/.test(t.secret)){for(var s,r,n,a=l.querySelectorAll('iframe[data-secret="'+t.secret+'"]'),o=l.querySelectorAll('blockquote[data-secret="'+t.secret+'"]'),c=new RegExp("^https?:$","i"),i=0;i<o.length;i++)o[i].style.display="none";for(i=0;i<a.length;i++)s=a[i],e.source===s.contentWindow&&(s.removeAttribute("style"),"height"===t.message?(1e3<(r=parseInt(t.value,10))?r=1e3:~~r<200&&(r=200),s.height=r):"link"===t.message&&(r=new URL(s.getAttribute("src")),n=new URL(t.value),c.test(n.protocol))&&n.host===r.host&&l.activeElement===s&&(d.top.location.href=t.value))}},d.addEventListener("message",d.wp.receiveEmbedMessage,!1),l.addEventListener("DOMContentLoaded",function(){for(var e,t,s=l.querySelectorAll("iframe.wp-embedded-content"),r=0;r<s.length;r++)(t=(e=s[r]).getAttribute("data-secret"))||(t=Math.random().toString(36).substring(2,12),e.src+="#?secret="+t,e.setAttribute("data-secret",t)),e.contentWindow.postMessage({message:"ready",secret:t},"*")},!1)))}(window,document);
/* ]]> */
</script>

Morgens, wenn ich meinen kleinen Sohn zum Kindergarten auf dem Gelände einer evangelischen Stiftung bringe, kommen wir an einem Gruppenraum vorbei, in dem jeden Morgen Menschen verschiedenen Alters, unterschiedlicher Statur und Grazie tanzen. Manche im Rollstuh dabei. Im Winter sind die Fenster geschlossen. Stumme Bewegungen, glückliche Gesichter. Im Sommer sind die bodentiefen Fenster geöffnet. Sambaklänge, [&hellip;]
