{"version":"1.0","provider_name":"ZEIT der Leser","provider_url":"https:\/\/blog.zeit.de\/zeit-der-leser","author_name":"Franziska Kelch","author_url":"https:\/\/blog.zeit.de\/zeit-der-leser\/author\/franziska-kelch\/","title":"65 Jahre DIE ZEIT - ZEIT der Leser","type":"rich","width":600,"height":338,"html":"<blockquote class=\"wp-embedded-content\" data-secret=\"v7FNAdervk\"><a href=\"https:\/\/blog.zeit.de\/zeit-der-leser\/2011\/03\/16\/65-jahre-die-zeit-2\/\">65 Jahre DIE ZEIT<\/a><\/blockquote><iframe sandbox=\"allow-scripts\" security=\"restricted\" src=\"https:\/\/blog.zeit.de\/zeit-der-leser\/2011\/03\/16\/65-jahre-die-zeit-2\/embed\/#?secret=v7FNAdervk\" width=\"600\" height=\"338\" title=\"&#8222;65 Jahre DIE ZEIT&#8220; &#8212; ZEIT der Leser\" data-secret=\"v7FNAdervk\" frameborder=\"0\" marginwidth=\"0\" marginheight=\"0\" scrolling=\"no\" class=\"wp-embedded-content\"><\/iframe><script type=\"text\/javascript\">\n\/* <![CDATA[ *\/\n\/*! This file is auto-generated *\/\n!function(d,l){\"use strict\";l.querySelector&&d.addEventListener&&\"undefined\"!=typeof URL&&(d.wp=d.wp||{},d.wp.receiveEmbedMessage||(d.wp.receiveEmbedMessage=function(e){var t=e.data;if((t||t.secret||t.message||t.value)&&!\/[^a-zA-Z0-9]\/.test(t.secret)){for(var s,r,n,a=l.querySelectorAll('iframe[data-secret=\"'+t.secret+'\"]'),o=l.querySelectorAll('blockquote[data-secret=\"'+t.secret+'\"]'),c=new RegExp(\"^https?:$\",\"i\"),i=0;i<o.length;i++)o[i].style.display=\"none\";for(i=0;i<a.length;i++)s=a[i],e.source===s.contentWindow&&(s.removeAttribute(\"style\"),\"height\"===t.message?(1e3<(r=parseInt(t.value,10))?r=1e3:~~r<200&&(r=200),s.height=r):\"link\"===t.message&&(r=new URL(s.getAttribute(\"src\")),n=new URL(t.value),c.test(n.protocol))&&n.host===r.host&&l.activeElement===s&&(d.top.location.href=t.value))}},d.addEventListener(\"message\",d.wp.receiveEmbedMessage,!1),l.addEventListener(\"DOMContentLoaded\",function(){for(var e,t,s=l.querySelectorAll(\"iframe.wp-embedded-content\"),r=0;r<s.length;r++)(t=(e=s[r]).getAttribute(\"data-secret\"))||(t=Math.random().toString(36).substring(2,12),e.src+=\"#?secret=\"+t,e.setAttribute(\"data-secret\",t)),e.contentWindow.postMessage({message:\"ready\",secret:t},\"*\")},!1)))}(window,document);\n\/* ]]> *\/\n<\/script>\n","description":"W\u00e4hrend die letzten Besuchsw\u00fcnsche ausgew\u00e4hlt werden, gehen die ersten ZEIT-Mitarbeiter im Rahmen der Jubil\u00e4umsaktion \u201eDIE ZEIT reist zu ihren Lesern\u201c bereits auf Reisen. Am 3. M\u00e4rz, machte sich Wirtschafsredakteurin Anna Marohn auf den Weg nach Ingelheim. Studienrat Christian Just hatte sie zur Diskussion an das Sebastian-M\u00fcnster-Gymnasium eingeladen. An dem Tag, an dem in vielen Regionen [&hellip;]","thumbnail_url":"https:\/\/blog.zeit.de\/zeit-der-leser\/files\/2011\/03\/Anna-Marohn-in-Ingelheim-008.jpg"}

Während die letzten Besuchswünsche ausgewählt werden, gehen die ersten ZEIT-Mitarbeiter im Rahmen der Jubiläumsaktion „DIE ZEIT reist zu ihren Lesern“ bereits auf Reisen. Am 3. März, machte sich Wirtschafsredakteurin Anna Marohn auf den Weg nach Ingelheim. Studienrat Christian Just hatte sie zur Diskussion an das Sebastian-Münster-Gymnasium eingeladen. An dem Tag, an dem in vielen Regionen [&hellip;]
