{"version":"1.0","provider_name":"ZEIT der Leser","provider_url":"https:\/\/blog.zeit.de\/zeit-der-leser","author_name":"\"Zeit der Leser\"-Redaktion","author_url":"https:\/\/blog.zeit.de\/zeit-der-leser\/author\/zeit-der-leser-redaktion\/","title":"Kritzelei der Woche - ZEIT der Leser","type":"rich","width":600,"height":338,"html":"<blockquote class=\"wp-embedded-content\" data-secret=\"EF3tyFDNQp\"><a href=\"https:\/\/blog.zeit.de\/zeit-der-leser\/2011\/04\/17\/kritzelei-der-woche-6\/\">Kritzelei der Woche<\/a><\/blockquote><iframe sandbox=\"allow-scripts\" security=\"restricted\" src=\"https:\/\/blog.zeit.de\/zeit-der-leser\/2011\/04\/17\/kritzelei-der-woche-6\/embed\/#?secret=EF3tyFDNQp\" width=\"600\" height=\"338\" title=\"&#8222;Kritzelei der Woche&#8220; &#8212; ZEIT der Leser\" data-secret=\"EF3tyFDNQp\" frameborder=\"0\" marginwidth=\"0\" marginheight=\"0\" scrolling=\"no\" class=\"wp-embedded-content\"><\/iframe><script type=\"text\/javascript\">\n\/* <![CDATA[ *\/\n\/*! This file is auto-generated *\/\n!function(d,l){\"use strict\";l.querySelector&&d.addEventListener&&\"undefined\"!=typeof URL&&(d.wp=d.wp||{},d.wp.receiveEmbedMessage||(d.wp.receiveEmbedMessage=function(e){var t=e.data;if((t||t.secret||t.message||t.value)&&!\/[^a-zA-Z0-9]\/.test(t.secret)){for(var s,r,n,a=l.querySelectorAll('iframe[data-secret=\"'+t.secret+'\"]'),o=l.querySelectorAll('blockquote[data-secret=\"'+t.secret+'\"]'),c=new RegExp(\"^https?:$\",\"i\"),i=0;i<o.length;i++)o[i].style.display=\"none\";for(i=0;i<a.length;i++)s=a[i],e.source===s.contentWindow&&(s.removeAttribute(\"style\"),\"height\"===t.message?(1e3<(r=parseInt(t.value,10))?r=1e3:~~r<200&&(r=200),s.height=r):\"link\"===t.message&&(r=new URL(s.getAttribute(\"src\")),n=new URL(t.value),c.test(n.protocol))&&n.host===r.host&&l.activeElement===s&&(d.top.location.href=t.value))}},d.addEventListener(\"message\",d.wp.receiveEmbedMessage,!1),l.addEventListener(\"DOMContentLoaded\",function(){for(var e,t,s=l.querySelectorAll(\"iframe.wp-embedded-content\"),r=0;r<s.length;r++)(t=(e=s[r]).getAttribute(\"data-secret\"))||(t=Math.random().toString(36).substring(2,12),e.src+=\"#?secret=\"+t,e.setAttribute(\"data-secret\",t)),e.contentWindow.postMessage({message:\"ready\",secret:t},\"*\")},!1)))}(window,document);\n\/* ]]> *\/\n<\/script>\n","description":"Sue\u00f1o ist das spanische Wort f\u00fcr \u00bbTraum\u00ab. Und w\u00e4hrend eines Tagtraums, mitten in einer Spanischstunde, ist diese Kritzelei entstanden. Thema des Unterrichts waren lateinamerikanische Kurzgeschichten und der magische Realismus, der ihnen stilistisch eigen ist. Eigentlich interessiert mich Spanisch, und f\u00fcr gew\u00f6hnlich schreibe und male ich nur so vor mich hin und h\u00f6re zu dabei. Aber [&hellip;]","thumbnail_url":"https:\/\/blog.zeit.de\/zeit-der-leser\/files\/2011\/04\/spanisch_kritzelei.jpg"}

Sueño ist das spanische Wort für »Traum«. Und während eines Tagtraums, mitten in einer Spanischstunde, ist diese Kritzelei entstanden. Thema des Unterrichts waren lateinamerikanische Kurzgeschichten und der magische Realismus, der ihnen stilistisch eigen ist. Eigentlich interessiert mich Spanisch, und für gewöhnlich schreibe und male ich nur so vor mich hin und höre zu dabei. Aber [&hellip;]
