{"version":"1.0","provider_name":"ZEIT der Leser","provider_url":"https:\/\/blog.zeit.de\/zeit-der-leser","author_name":"\"Zeit der Leser\"-Redaktion","author_url":"https:\/\/blog.zeit.de\/zeit-der-leser\/author\/zeit-der-leser-redaktion\/","title":"Was mein Leben reicher macht - ZEIT der Leser","type":"rich","width":600,"height":338,"html":"<blockquote class=\"wp-embedded-content\" data-secret=\"gnZGB7ESnl\"><a href=\"https:\/\/blog.zeit.de\/zeit-der-leser\/2011\/04\/20\/was-mein-leben-reicher-macht-175\/\">Was mein Leben reicher macht<\/a><\/blockquote><iframe sandbox=\"allow-scripts\" security=\"restricted\" src=\"https:\/\/blog.zeit.de\/zeit-der-leser\/2011\/04\/20\/was-mein-leben-reicher-macht-175\/embed\/#?secret=gnZGB7ESnl\" width=\"600\" height=\"338\" title=\"&#8222;Was mein Leben reicher macht&#8220; &#8212; ZEIT der Leser\" data-secret=\"gnZGB7ESnl\" frameborder=\"0\" marginwidth=\"0\" marginheight=\"0\" scrolling=\"no\" class=\"wp-embedded-content\"><\/iframe><script type=\"text\/javascript\">\n\/* <![CDATA[ *\/\n\/*! This file is auto-generated *\/\n!function(d,l){\"use strict\";l.querySelector&&d.addEventListener&&\"undefined\"!=typeof URL&&(d.wp=d.wp||{},d.wp.receiveEmbedMessage||(d.wp.receiveEmbedMessage=function(e){var t=e.data;if((t||t.secret||t.message||t.value)&&!\/[^a-zA-Z0-9]\/.test(t.secret)){for(var s,r,n,a=l.querySelectorAll('iframe[data-secret=\"'+t.secret+'\"]'),o=l.querySelectorAll('blockquote[data-secret=\"'+t.secret+'\"]'),c=new RegExp(\"^https?:$\",\"i\"),i=0;i<o.length;i++)o[i].style.display=\"none\";for(i=0;i<a.length;i++)s=a[i],e.source===s.contentWindow&&(s.removeAttribute(\"style\"),\"height\"===t.message?(1e3<(r=parseInt(t.value,10))?r=1e3:~~r<200&&(r=200),s.height=r):\"link\"===t.message&&(r=new URL(s.getAttribute(\"src\")),n=new URL(t.value),c.test(n.protocol))&&n.host===r.host&&l.activeElement===s&&(d.top.location.href=t.value))}},d.addEventListener(\"message\",d.wp.receiveEmbedMessage,!1),l.addEventListener(\"DOMContentLoaded\",function(){for(var e,t,s=l.querySelectorAll(\"iframe.wp-embedded-content\"),r=0;r<s.length;r++)(t=(e=s[r]).getAttribute(\"data-secret\"))||(t=Math.random().toString(36).substring(2,12),e.src+=\"#?secret=\"+t,e.setAttribute(\"data-secret\",t)),e.contentWindow.postMessage({message:\"ready\",secret:t},\"*\")},!1)))}(window,document);\n\/* ]]> *\/\n<\/script>\n","description":"Der 30. Geburtstag meines j\u00fcngsten Sohnes Jonas in Braunschweig. Zu diesem Tag waren meine Tochter Stephanie aus K\u00f6ln, mein \u00e4ltester Sohn Fabian aus Stuttgart und mein Mann und ich aus Lingen angereist. Der Geburtstag war an einem Donnerstag. Am n\u00e4chsten Morgen sa\u00dfen wir alle zusammen in der kleinen K\u00fcche, fr\u00fchst\u00fcckten und jeder erz\u00e4hlte. Es war [&hellip;]"}

Der 30. Geburtstag meines jüngsten Sohnes Jonas in Braunschweig. Zu diesem Tag waren meine Tochter Stephanie aus Köln, mein ältester Sohn Fabian aus Stuttgart und mein Mann und ich aus Lingen angereist. Der Geburtstag war an einem Donnerstag. Am nächsten Morgen saßen wir alle zusammen in der kleinen Küche, frühstückten und jeder erzählte. Es war [&hellip;]
