{"version":"1.0","provider_name":"ZEIT der Leser","provider_url":"https:\/\/blog.zeit.de\/zeit-der-leser","author_name":"\"Zeit der Leser\"-Redaktion","author_url":"https:\/\/blog.zeit.de\/zeit-der-leser\/author\/zeit-der-leser-redaktion\/","title":"Was mein Leben reicher macht - ZEIT der Leser","type":"rich","width":600,"height":338,"html":"<blockquote class=\"wp-embedded-content\" data-secret=\"FWvJXKy0PO\"><a href=\"https:\/\/blog.zeit.de\/zeit-der-leser\/2011\/09\/10\/was-mein-leben-reicher-macht-415\/\">Was mein Leben reicher macht<\/a><\/blockquote><iframe sandbox=\"allow-scripts\" security=\"restricted\" src=\"https:\/\/blog.zeit.de\/zeit-der-leser\/2011\/09\/10\/was-mein-leben-reicher-macht-415\/embed\/#?secret=FWvJXKy0PO\" width=\"600\" height=\"338\" title=\"&#8222;Was mein Leben reicher macht&#8220; &#8212; ZEIT der Leser\" data-secret=\"FWvJXKy0PO\" frameborder=\"0\" marginwidth=\"0\" marginheight=\"0\" scrolling=\"no\" class=\"wp-embedded-content\"><\/iframe><script type=\"text\/javascript\">\n\/* <![CDATA[ *\/\n\/*! This file is auto-generated *\/\n!function(d,l){\"use strict\";l.querySelector&&d.addEventListener&&\"undefined\"!=typeof URL&&(d.wp=d.wp||{},d.wp.receiveEmbedMessage||(d.wp.receiveEmbedMessage=function(e){var t=e.data;if((t||t.secret||t.message||t.value)&&!\/[^a-zA-Z0-9]\/.test(t.secret)){for(var s,r,n,a=l.querySelectorAll('iframe[data-secret=\"'+t.secret+'\"]'),o=l.querySelectorAll('blockquote[data-secret=\"'+t.secret+'\"]'),c=new RegExp(\"^https?:$\",\"i\"),i=0;i<o.length;i++)o[i].style.display=\"none\";for(i=0;i<a.length;i++)s=a[i],e.source===s.contentWindow&&(s.removeAttribute(\"style\"),\"height\"===t.message?(1e3<(r=parseInt(t.value,10))?r=1e3:~~r<200&&(r=200),s.height=r):\"link\"===t.message&&(r=new URL(s.getAttribute(\"src\")),n=new URL(t.value),c.test(n.protocol))&&n.host===r.host&&l.activeElement===s&&(d.top.location.href=t.value))}},d.addEventListener(\"message\",d.wp.receiveEmbedMessage,!1),l.addEventListener(\"DOMContentLoaded\",function(){for(var e,t,s=l.querySelectorAll(\"iframe.wp-embedded-content\"),r=0;r<s.length;r++)(t=(e=s[r]).getAttribute(\"data-secret\"))||(t=Math.random().toString(36).substring(2,12),e.src+=\"#?secret=\"+t,e.setAttribute(\"data-secret\",t)),e.contentWindow.postMessage({message:\"ready\",secret:t},\"*\")},!1)))}(window,document);\n\/* ]]> *\/\n<\/script>\n","description":"An einem hei\u00dfen Sommertag Betten beziehen mit den herrlich k\u00fchlen Leinenlaken, die die Gro\u00dfmutter meines Mannes 1908 (!) als Aussteuergut mit in die Ehe brachte. Mit den Fingern \u00fcber das wunderbar feste Gewebe und das verschlungen eingestickte Monogramm CV \u2013 Clara Voigt \u2013 streichen und dabei denken: &#8222;Die halten unsere Kinder auch noch aus.&#8220; Karin [&hellip;]"}

An einem heißen Sommertag Betten beziehen mit den herrlich kühlen Leinenlaken, die die Großmutter meines Mannes 1908 (!) als Aussteuergut mit in die Ehe brachte. Mit den Fingern über das wunderbar feste Gewebe und das verschlungen eingestickte Monogramm CV – Clara Voigt – streichen und dabei denken: &#8222;Die halten unsere Kinder auch noch aus.&#8220; Karin [&hellip;]
