{"version":"1.0","provider_name":"ZEIT der Leser","provider_url":"https:\/\/blog.zeit.de\/zeit-der-leser","author_name":"\"Zeit der Leser\"-Redaktion","author_url":"https:\/\/blog.zeit.de\/zeit-der-leser\/author\/zeit-der-leser-redaktion\/","title":"Liebe B\u00fcchergilde Gutenberg - ZEIT der Leser","type":"rich","width":600,"height":338,"html":"<blockquote class=\"wp-embedded-content\" data-secret=\"YW6pTyDRPx\"><a href=\"https:\/\/blog.zeit.de\/zeit-der-leser\/2011\/12\/05\/liebe-buchergilde-gutenberg\/\">Liebe B\u00fcchergilde Gutenberg<\/a><\/blockquote><iframe sandbox=\"allow-scripts\" security=\"restricted\" src=\"https:\/\/blog.zeit.de\/zeit-der-leser\/2011\/12\/05\/liebe-buchergilde-gutenberg\/embed\/#?secret=YW6pTyDRPx\" width=\"600\" height=\"338\" title=\"&#8222;Liebe B\u00fcchergilde Gutenberg&#8220; &#8212; ZEIT der Leser\" data-secret=\"YW6pTyDRPx\" frameborder=\"0\" marginwidth=\"0\" marginheight=\"0\" scrolling=\"no\" class=\"wp-embedded-content\"><\/iframe><script type=\"text\/javascript\">\n\/* <![CDATA[ *\/\n\/*! This file is auto-generated *\/\n!function(d,l){\"use strict\";l.querySelector&&d.addEventListener&&\"undefined\"!=typeof URL&&(d.wp=d.wp||{},d.wp.receiveEmbedMessage||(d.wp.receiveEmbedMessage=function(e){var t=e.data;if((t||t.secret||t.message||t.value)&&!\/[^a-zA-Z0-9]\/.test(t.secret)){for(var s,r,n,a=l.querySelectorAll('iframe[data-secret=\"'+t.secret+'\"]'),o=l.querySelectorAll('blockquote[data-secret=\"'+t.secret+'\"]'),c=new RegExp(\"^https?:$\",\"i\"),i=0;i<o.length;i++)o[i].style.display=\"none\";for(i=0;i<a.length;i++)s=a[i],e.source===s.contentWindow&&(s.removeAttribute(\"style\"),\"height\"===t.message?(1e3<(r=parseInt(t.value,10))?r=1e3:~~r<200&&(r=200),s.height=r):\"link\"===t.message&&(r=new URL(s.getAttribute(\"src\")),n=new URL(t.value),c.test(n.protocol))&&n.host===r.host&&l.activeElement===s&&(d.top.location.href=t.value))}},d.addEventListener(\"message\",d.wp.receiveEmbedMessage,!1),l.addEventListener(\"DOMContentLoaded\",function(){for(var e,t,s=l.querySelectorAll(\"iframe.wp-embedded-content\"),r=0;r<s.length;r++)(t=(e=s[r]).getAttribute(\"data-secret\"))||(t=Math.random().toString(36).substring(2,12),e.src+=\"#?secret=\"+t,e.setAttribute(\"data-secret\",t)),e.contentWindow.postMessage({message:\"ready\",secret:t},\"*\")},!1)))}(window,document);\n\/* ]]> *\/\n<\/script>\n","description":"in der Zeit nach dem Zweiten Weltkrieg, als Eltern und Lehrer sich noch l\u00e4ngst nicht vom Gedankengut der Nazis frei gemacht hatten, hast du uns Kindern mit den B\u00fcchern von Selma Lagerl\u00f6f, Kurt Held, James Kr\u00fcss und anderen eine gerechte, tolerante Welt erschlossen, vielf\u00e4ltig und bunt, voll Lebensfreude und V\u00f6lkerverst\u00e4ndigung. Kalle Blomquist sorgte f\u00fcr Spannung, [&hellip;]"}

Liebe Büchergilde Gutenberg - ZEIT der Leser

<blockquote class="wp-embedded-content" data-secret="YW6pTyDRPx"><a href="https://blog.zeit.de/zeit-der-leser/2011/12/05/liebe-buchergilde-gutenberg/">Liebe Büchergilde Gutenberg</a></blockquote><iframe sandbox="allow-scripts" security="restricted" src="https://blog.zeit.de/zeit-der-leser/2011/12/05/liebe-buchergilde-gutenberg/embed/#?secret=YW6pTyDRPx" width="600" height="338" title="&#8222;Liebe Büchergilde Gutenberg&#8220; &#8212; ZEIT der Leser" data-secret="YW6pTyDRPx" frameborder="0" marginwidth="0" marginheight="0" scrolling="no" class="wp-embedded-content"></iframe><script type="text/javascript">
/* <![CDATA[ */
/*! This file is auto-generated */
!function(d,l){"use strict";l.querySelector&&d.addEventListener&&"undefined"!=typeof URL&&(d.wp=d.wp||{},d.wp.receiveEmbedMessage||(d.wp.receiveEmbedMessage=function(e){var t=e.data;if((t||t.secret||t.message||t.value)&&!/[^a-zA-Z0-9]/.test(t.secret)){for(var s,r,n,a=l.querySelectorAll('iframe[data-secret="'+t.secret+'"]'),o=l.querySelectorAll('blockquote[data-secret="'+t.secret+'"]'),c=new RegExp("^https?:$","i"),i=0;i<o.length;i++)o[i].style.display="none";for(i=0;i<a.length;i++)s=a[i],e.source===s.contentWindow&&(s.removeAttribute("style"),"height"===t.message?(1e3<(r=parseInt(t.value,10))?r=1e3:~~r<200&&(r=200),s.height=r):"link"===t.message&&(r=new URL(s.getAttribute("src")),n=new URL(t.value),c.test(n.protocol))&&n.host===r.host&&l.activeElement===s&&(d.top.location.href=t.value))}},d.addEventListener("message",d.wp.receiveEmbedMessage,!1),l.addEventListener("DOMContentLoaded",function(){for(var e,t,s=l.querySelectorAll("iframe.wp-embedded-content"),r=0;r<s.length;r++)(t=(e=s[r]).getAttribute("data-secret"))||(t=Math.random().toString(36).substring(2,12),e.src+="#?secret="+t,e.setAttribute("data-secret",t)),e.contentWindow.postMessage({message:"ready",secret:t},"*")},!1)))}(window,document);
/* ]]> */
</script>

in der Zeit nach dem Zweiten Weltkrieg, als Eltern und Lehrer sich noch längst nicht vom Gedankengut der Nazis frei gemacht hatten, hast du uns Kindern mit den Büchern von Selma Lagerlöf, Kurt Held, James Krüss und anderen eine gerechte, tolerante Welt erschlossen, vielfältig und bunt, voll Lebensfreude und Völkerverständigung. Kalle Blomquist sorgte für Spannung, [&hellip;]
