{"version":"1.0","provider_name":"ZEIT der Leser","provider_url":"https:\/\/blog.zeit.de\/zeit-der-leser","author_name":"\"Zeit der Leser\"-Redaktion","author_url":"https:\/\/blog.zeit.de\/zeit-der-leser\/author\/zeit-der-leser-redaktion\/","title":"Christkindl: Mein Wort-Schatz - ZEIT der Leser","type":"rich","width":600,"height":338,"html":"<blockquote class=\"wp-embedded-content\" data-secret=\"c1uumIUER9\"><a href=\"https:\/\/blog.zeit.de\/zeit-der-leser\/2011\/12\/24\/mein-wort-schatz-christkindl\/\">Christkindl: Mein Wort-Schatz<\/a><\/blockquote><iframe sandbox=\"allow-scripts\" security=\"restricted\" src=\"https:\/\/blog.zeit.de\/zeit-der-leser\/2011\/12\/24\/mein-wort-schatz-christkindl\/embed\/#?secret=c1uumIUER9\" width=\"600\" height=\"338\" title=\"&#8222;Christkindl: Mein Wort-Schatz&#8220; &#8212; ZEIT der Leser\" data-secret=\"c1uumIUER9\" frameborder=\"0\" marginwidth=\"0\" marginheight=\"0\" scrolling=\"no\" class=\"wp-embedded-content\"><\/iframe><script type=\"text\/javascript\">\n\/* <![CDATA[ *\/\n\/*! This file is auto-generated *\/\n!function(d,l){\"use strict\";l.querySelector&&d.addEventListener&&\"undefined\"!=typeof URL&&(d.wp=d.wp||{},d.wp.receiveEmbedMessage||(d.wp.receiveEmbedMessage=function(e){var t=e.data;if((t||t.secret||t.message||t.value)&&!\/[^a-zA-Z0-9]\/.test(t.secret)){for(var s,r,n,a=l.querySelectorAll('iframe[data-secret=\"'+t.secret+'\"]'),o=l.querySelectorAll('blockquote[data-secret=\"'+t.secret+'\"]'),c=new RegExp(\"^https?:$\",\"i\"),i=0;i<o.length;i++)o[i].style.display=\"none\";for(i=0;i<a.length;i++)s=a[i],e.source===s.contentWindow&&(s.removeAttribute(\"style\"),\"height\"===t.message?(1e3<(r=parseInt(t.value,10))?r=1e3:~~r<200&&(r=200),s.height=r):\"link\"===t.message&&(r=new URL(s.getAttribute(\"src\")),n=new URL(t.value),c.test(n.protocol))&&n.host===r.host&&l.activeElement===s&&(d.top.location.href=t.value))}},d.addEventListener(\"message\",d.wp.receiveEmbedMessage,!1),l.addEventListener(\"DOMContentLoaded\",function(){for(var e,t,s=l.querySelectorAll(\"iframe.wp-embedded-content\"),r=0;r<s.length;r++)(t=(e=s[r]).getAttribute(\"data-secret\"))||(t=Math.random().toString(36).substring(2,12),e.src+=\"#?secret=\"+t,e.setAttribute(\"data-secret\",t)),e.contentWindow.postMessage({message:\"ready\",secret:t},\"*\")},!1)))}(window,document);\n\/* ]]> *\/\n<\/script>\n","description":"Seit \u00fcber 40 Jahren habe ich \u2013 immer im Dezember \u2013 ein Lieblingswort: Christkindl (Oder besser: \u00bbChrischdkindl\u00ab, wie wir im heimatlichen bayrisch-schw\u00e4bischen Dialekt sagen.) Schon das Wort ist weich und rund, und wir Kinder wussten, dass dieser kleine Kerl in kurzem d\u00fcnnem Kleidchen den ganzen Dezember die Fensterb\u00e4nke abflog und Wunschzettel einsammelte. Welche Macht dieses [&hellip;]"}

Seit über 40 Jahren habe ich – immer im Dezember – ein Lieblingswort: Christkindl (Oder besser: »Chrischdkindl«, wie wir im heimatlichen bayrisch-schwäbischen Dialekt sagen.) Schon das Wort ist weich und rund, und wir Kinder wussten, dass dieser kleine Kerl in kurzem dünnem Kleidchen den ganzen Dezember die Fensterbänke abflog und Wunschzettel einsammelte. Welche Macht dieses [&hellip;]
