{"version":"1.0","provider_name":"ZEIT der Leser","provider_url":"https:\/\/blog.zeit.de\/zeit-der-leser","author_name":"\"Zeit der Leser\"-Redaktion","author_url":"https:\/\/blog.zeit.de\/zeit-der-leser\/author\/zeit-der-leser-redaktion\/","title":"Nickerchen: Mein Wort-Schatz - ZEIT der Leser","type":"rich","width":600,"height":338,"html":"<blockquote class=\"wp-embedded-content\" data-secret=\"5tXe8et2sr\"><a href=\"https:\/\/blog.zeit.de\/zeit-der-leser\/2012\/03\/14\/mein-wort-schatz-nickerchen-2\/\">Nickerchen: Mein Wort-Schatz<\/a><\/blockquote><iframe sandbox=\"allow-scripts\" security=\"restricted\" src=\"https:\/\/blog.zeit.de\/zeit-der-leser\/2012\/03\/14\/mein-wort-schatz-nickerchen-2\/embed\/#?secret=5tXe8et2sr\" width=\"600\" height=\"338\" title=\"&#8222;Nickerchen: Mein Wort-Schatz&#8220; &#8212; ZEIT der Leser\" data-secret=\"5tXe8et2sr\" frameborder=\"0\" marginwidth=\"0\" marginheight=\"0\" scrolling=\"no\" class=\"wp-embedded-content\"><\/iframe><script type=\"text\/javascript\">\n\/* <![CDATA[ *\/\n\/*! This file is auto-generated *\/\n!function(d,l){\"use strict\";l.querySelector&&d.addEventListener&&\"undefined\"!=typeof URL&&(d.wp=d.wp||{},d.wp.receiveEmbedMessage||(d.wp.receiveEmbedMessage=function(e){var t=e.data;if((t||t.secret||t.message||t.value)&&!\/[^a-zA-Z0-9]\/.test(t.secret)){for(var s,r,n,a=l.querySelectorAll('iframe[data-secret=\"'+t.secret+'\"]'),o=l.querySelectorAll('blockquote[data-secret=\"'+t.secret+'\"]'),c=new RegExp(\"^https?:$\",\"i\"),i=0;i<o.length;i++)o[i].style.display=\"none\";for(i=0;i<a.length;i++)s=a[i],e.source===s.contentWindow&&(s.removeAttribute(\"style\"),\"height\"===t.message?(1e3<(r=parseInt(t.value,10))?r=1e3:~~r<200&&(r=200),s.height=r):\"link\"===t.message&&(r=new URL(s.getAttribute(\"src\")),n=new URL(t.value),c.test(n.protocol))&&n.host===r.host&&l.activeElement===s&&(d.top.location.href=t.value))}},d.addEventListener(\"message\",d.wp.receiveEmbedMessage,!1),l.addEventListener(\"DOMContentLoaded\",function(){for(var e,t,s=l.querySelectorAll(\"iframe.wp-embedded-content\"),r=0;r<s.length;r++)(t=(e=s[r]).getAttribute(\"data-secret\"))||(t=Math.random().toString(36).substring(2,12),e.src+=\"#?secret=\"+t,e.setAttribute(\"data-secret\",t)),e.contentWindow.postMessage({message:\"ready\",secret:t},\"*\")},!1)))}(window,document);\n\/* ]]> *\/\n<\/script>\n","description":"Als Mutter von vier Kindern (das ju\u0308ngste sieben Monate) ist mir sehr bewusst, welchen Wert der Schlaf hat. Selten finde ich Ruhe, mich am Tag kurz hinzulegen. Aber manchmal eben doch: Die gro\u00dfen Kinder sind besch\u00e4ftigt, kein Termin dr\u00e4ngt, S\u00f6hnchen reibt sich m\u00fcde die Augen. Dann lege ich mich mit meinem Baby ins Bett und [&hellip;]"}

Als Mutter von vier Kindern (das jüngste sieben Monate) ist mir sehr bewusst, welchen Wert der Schlaf hat. Selten finde ich Ruhe, mich am Tag kurz hinzulegen. Aber manchmal eben doch: Die großen Kinder sind beschäftigt, kein Termin drängt, Söhnchen reibt sich müde die Augen. Dann lege ich mich mit meinem Baby ins Bett und [&hellip;]
