{"version":"1.0","provider_name":"ZEIT der Leser","provider_url":"https:\/\/blog.zeit.de\/zeit-der-leser","author_name":"\"Zeit der Leser\"-Redaktion","author_url":"https:\/\/blog.zeit.de\/zeit-der-leser\/author\/zeit-der-leser-redaktion\/","title":"D\u00e4mmerst\u00fcndchen: Mein Wort-Schatz - ZEIT der Leser","type":"rich","width":600,"height":338,"html":"<blockquote class=\"wp-embedded-content\" data-secret=\"BSGpBwtP6e\"><a href=\"https:\/\/blog.zeit.de\/zeit-der-leser\/2012\/03\/19\/mein-wort-schatz-daemmerstuendchen\/\">D\u00e4mmerst\u00fcndchen: Mein Wort-Schatz<\/a><\/blockquote><iframe sandbox=\"allow-scripts\" security=\"restricted\" src=\"https:\/\/blog.zeit.de\/zeit-der-leser\/2012\/03\/19\/mein-wort-schatz-daemmerstuendchen\/embed\/#?secret=BSGpBwtP6e\" width=\"600\" height=\"338\" title=\"&#8222;D\u00e4mmerst\u00fcndchen: Mein Wort-Schatz&#8220; &#8212; ZEIT der Leser\" data-secret=\"BSGpBwtP6e\" frameborder=\"0\" marginwidth=\"0\" marginheight=\"0\" scrolling=\"no\" class=\"wp-embedded-content\"><\/iframe><script type=\"text\/javascript\">\n\/* <![CDATA[ *\/\n\/*! This file is auto-generated *\/\n!function(d,l){\"use strict\";l.querySelector&&d.addEventListener&&\"undefined\"!=typeof URL&&(d.wp=d.wp||{},d.wp.receiveEmbedMessage||(d.wp.receiveEmbedMessage=function(e){var t=e.data;if((t||t.secret||t.message||t.value)&&!\/[^a-zA-Z0-9]\/.test(t.secret)){for(var s,r,n,a=l.querySelectorAll('iframe[data-secret=\"'+t.secret+'\"]'),o=l.querySelectorAll('blockquote[data-secret=\"'+t.secret+'\"]'),c=new RegExp(\"^https?:$\",\"i\"),i=0;i<o.length;i++)o[i].style.display=\"none\";for(i=0;i<a.length;i++)s=a[i],e.source===s.contentWindow&&(s.removeAttribute(\"style\"),\"height\"===t.message?(1e3<(r=parseInt(t.value,10))?r=1e3:~~r<200&&(r=200),s.height=r):\"link\"===t.message&&(r=new URL(s.getAttribute(\"src\")),n=new URL(t.value),c.test(n.protocol))&&n.host===r.host&&l.activeElement===s&&(d.top.location.href=t.value))}},d.addEventListener(\"message\",d.wp.receiveEmbedMessage,!1),l.addEventListener(\"DOMContentLoaded\",function(){for(var e,t,s=l.querySelectorAll(\"iframe.wp-embedded-content\"),r=0;r<s.length;r++)(t=(e=s[r]).getAttribute(\"data-secret\"))||(t=Math.random().toString(36).substring(2,12),e.src+=\"#?secret=\"+t,e.setAttribute(\"data-secret\",t)),e.contentWindow.postMessage({message:\"ready\",secret:t},\"*\")},!1)))}(window,document);\n\/* ]]> *\/\n<\/script>\n","description":"Wenn es dunkel wird, knipse ich das Licht an. Einfach so, ohne weiter dar\u00fcber nachzudenken. Meine Urgro\u00dftante Bertha und viele ihrer Zeitgenossen im ausgehenden 19. Jahrhundert zelebrierten hingegen ihr D\u00e4mmerst\u00fcndchen. Dann sa\u00df die Dorfschullehrerin Bertha allein in ihrem Zimmer bei einer Tasse Thee oder Chocolade, schaute in der hereinbrechenden D\u00e4mmerung \u00fcber die Felder hin\u00fcber zum [&hellip;]"}

Dämmerstündchen: Mein Wort-Schatz - ZEIT der Leser

<blockquote class="wp-embedded-content" data-secret="BSGpBwtP6e"><a href="https://blog.zeit.de/zeit-der-leser/2012/03/19/mein-wort-schatz-daemmerstuendchen/">Dämmerstündchen: Mein Wort-Schatz</a></blockquote><iframe sandbox="allow-scripts" security="restricted" src="https://blog.zeit.de/zeit-der-leser/2012/03/19/mein-wort-schatz-daemmerstuendchen/embed/#?secret=BSGpBwtP6e" width="600" height="338" title="&#8222;Dämmerstündchen: Mein Wort-Schatz&#8220; &#8212; ZEIT der Leser" data-secret="BSGpBwtP6e" frameborder="0" marginwidth="0" marginheight="0" scrolling="no" class="wp-embedded-content"></iframe><script type="text/javascript">
/* <![CDATA[ */
/*! This file is auto-generated */
!function(d,l){"use strict";l.querySelector&&d.addEventListener&&"undefined"!=typeof URL&&(d.wp=d.wp||{},d.wp.receiveEmbedMessage||(d.wp.receiveEmbedMessage=function(e){var t=e.data;if((t||t.secret||t.message||t.value)&&!/[^a-zA-Z0-9]/.test(t.secret)){for(var s,r,n,a=l.querySelectorAll('iframe[data-secret="'+t.secret+'"]'),o=l.querySelectorAll('blockquote[data-secret="'+t.secret+'"]'),c=new RegExp("^https?:$","i"),i=0;i<o.length;i++)o[i].style.display="none";for(i=0;i<a.length;i++)s=a[i],e.source===s.contentWindow&&(s.removeAttribute("style"),"height"===t.message?(1e3<(r=parseInt(t.value,10))?r=1e3:~~r<200&&(r=200),s.height=r):"link"===t.message&&(r=new URL(s.getAttribute("src")),n=new URL(t.value),c.test(n.protocol))&&n.host===r.host&&l.activeElement===s&&(d.top.location.href=t.value))}},d.addEventListener("message",d.wp.receiveEmbedMessage,!1),l.addEventListener("DOMContentLoaded",function(){for(var e,t,s=l.querySelectorAll("iframe.wp-embedded-content"),r=0;r<s.length;r++)(t=(e=s[r]).getAttribute("data-secret"))||(t=Math.random().toString(36).substring(2,12),e.src+="#?secret="+t,e.setAttribute("data-secret",t)),e.contentWindow.postMessage({message:"ready",secret:t},"*")},!1)))}(window,document);
/* ]]> */
</script>

Wenn es dunkel wird, knipse ich das Licht an. Einfach so, ohne weiter darüber nachzudenken. Meine Urgroßtante Bertha und viele ihrer Zeitgenossen im ausgehenden 19. Jahrhundert zelebrierten hingegen ihr Dämmerstündchen. Dann saß die Dorfschullehrerin Bertha allein in ihrem Zimmer bei einer Tasse Thee oder Chocolade, schaute in der hereinbrechenden Dämmerung über die Felder hinüber zum [&hellip;]
