{"version":"1.0","provider_name":"ZEIT der Leser","provider_url":"https:\/\/blog.zeit.de\/zeit-der-leser","author_name":"\"Zeit der Leser\"-Redaktion","author_url":"https:\/\/blog.zeit.de\/zeit-der-leser\/author\/zeit-der-leser-redaktion\/","title":"Rechtschreibung! - ZEIT der Leser","type":"rich","width":600,"height":338,"html":"<blockquote class=\"wp-embedded-content\" data-secret=\"wPbFavIfZJ\"><a href=\"https:\/\/blog.zeit.de\/zeit-der-leser\/2012\/05\/07\/rechtschreibung\/\">Rechtschreibung!<\/a><\/blockquote><iframe sandbox=\"allow-scripts\" security=\"restricted\" src=\"https:\/\/blog.zeit.de\/zeit-der-leser\/2012\/05\/07\/rechtschreibung\/embed\/#?secret=wPbFavIfZJ\" width=\"600\" height=\"338\" title=\"&#8222;Rechtschreibung!&#8220; &#8212; ZEIT der Leser\" data-secret=\"wPbFavIfZJ\" frameborder=\"0\" marginwidth=\"0\" marginheight=\"0\" scrolling=\"no\" class=\"wp-embedded-content\"><\/iframe><script type=\"text\/javascript\">\n\/* <![CDATA[ *\/\n\/*! This file is auto-generated *\/\n!function(d,l){\"use strict\";l.querySelector&&d.addEventListener&&\"undefined\"!=typeof URL&&(d.wp=d.wp||{},d.wp.receiveEmbedMessage||(d.wp.receiveEmbedMessage=function(e){var t=e.data;if((t||t.secret||t.message||t.value)&&!\/[^a-zA-Z0-9]\/.test(t.secret)){for(var s,r,n,a=l.querySelectorAll('iframe[data-secret=\"'+t.secret+'\"]'),o=l.querySelectorAll('blockquote[data-secret=\"'+t.secret+'\"]'),c=new RegExp(\"^https?:$\",\"i\"),i=0;i<o.length;i++)o[i].style.display=\"none\";for(i=0;i<a.length;i++)s=a[i],e.source===s.contentWindow&&(s.removeAttribute(\"style\"),\"height\"===t.message?(1e3<(r=parseInt(t.value,10))?r=1e3:~~r<200&&(r=200),s.height=r):\"link\"===t.message&&(r=new URL(s.getAttribute(\"src\")),n=new URL(t.value),c.test(n.protocol))&&n.host===r.host&&l.activeElement===s&&(d.top.location.href=t.value))}},d.addEventListener(\"message\",d.wp.receiveEmbedMessage,!1),l.addEventListener(\"DOMContentLoaded\",function(){for(var e,t,s=l.querySelectorAll(\"iframe.wp-embedded-content\"),r=0;r<s.length;r++)(t=(e=s[r]).getAttribute(\"data-secret\"))||(t=Math.random().toString(36).substring(2,12),e.src+=\"#?secret=\"+t,e.setAttribute(\"data-secret\",t)),e.contentWindow.postMessage({message:\"ready\",secret:t},\"*\")},!1)))}(window,document);\n\/* ]]> *\/\n<\/script>\n","description":"Wir haben hier in meiner Wahlheimat Rheda-Wiedenbr\u00fcck wenig Graffiti, deshalb f\u00e4llt eine solche Meinungs\u00e4u\u00dferung im \u00f6ffentlichen Raum \u2013 auf einer Plakatwand \u2013 auch direkt ins Auge. Allerdings wurde der K\u00fcnstler durch das Motiv wohl so verwirrt, dass sich ein Rechtschreibfehler eingeschlichen hat. Thomas Krompos, Rheda-Wiedenbr\u00fcck, Westfalen","thumbnail_url":"https:\/\/blog.zeit.de\/zeit-der-leser\/files\/2012\/05\/s98-strassenbild.jpg"}

Wir haben hier in meiner Wahlheimat Rheda-Wiedenbrück wenig Graffiti, deshalb fällt eine solche Meinungsäußerung im öffentlichen Raum – auf einer Plakatwand – auch direkt ins Auge. Allerdings wurde der Künstler durch das Motiv wohl so verwirrt, dass sich ein Rechtschreibfehler eingeschlichen hat. Thomas Krompos, Rheda-Wiedenbrück, Westfalen
