{"version":"1.0","provider_name":"ZEIT der Leser","provider_url":"https:\/\/blog.zeit.de\/zeit-der-leser","author_name":"\"Zeit der Leser\"-Redaktion","author_url":"https:\/\/blog.zeit.de\/zeit-der-leser\/author\/zeit-der-leser-redaktion\/","title":"Ferngespr\u00e4ch: Mein Wort-Schatz - ZEIT der Leser","type":"rich","width":600,"height":338,"html":"<blockquote class=\"wp-embedded-content\" data-secret=\"V9bTA1vsxj\"><a href=\"https:\/\/blog.zeit.de\/zeit-der-leser\/2012\/08\/10\/mein-wort-schatz-ferngespraech\/\">Ferngespr\u00e4ch: Mein Wort-Schatz<\/a><\/blockquote><iframe sandbox=\"allow-scripts\" security=\"restricted\" src=\"https:\/\/blog.zeit.de\/zeit-der-leser\/2012\/08\/10\/mein-wort-schatz-ferngespraech\/embed\/#?secret=V9bTA1vsxj\" width=\"600\" height=\"338\" title=\"&#8222;Ferngespr\u00e4ch: Mein Wort-Schatz&#8220; &#8212; ZEIT der Leser\" data-secret=\"V9bTA1vsxj\" frameborder=\"0\" marginwidth=\"0\" marginheight=\"0\" scrolling=\"no\" class=\"wp-embedded-content\"><\/iframe><script type=\"text\/javascript\">\n\/* <![CDATA[ *\/\n\/*! This file is auto-generated *\/\n!function(d,l){\"use strict\";l.querySelector&&d.addEventListener&&\"undefined\"!=typeof URL&&(d.wp=d.wp||{},d.wp.receiveEmbedMessage||(d.wp.receiveEmbedMessage=function(e){var t=e.data;if((t||t.secret||t.message||t.value)&&!\/[^a-zA-Z0-9]\/.test(t.secret)){for(var s,r,n,a=l.querySelectorAll('iframe[data-secret=\"'+t.secret+'\"]'),o=l.querySelectorAll('blockquote[data-secret=\"'+t.secret+'\"]'),c=new RegExp(\"^https?:$\",\"i\"),i=0;i<o.length;i++)o[i].style.display=\"none\";for(i=0;i<a.length;i++)s=a[i],e.source===s.contentWindow&&(s.removeAttribute(\"style\"),\"height\"===t.message?(1e3<(r=parseInt(t.value,10))?r=1e3:~~r<200&&(r=200),s.height=r):\"link\"===t.message&&(r=new URL(s.getAttribute(\"src\")),n=new URL(t.value),c.test(n.protocol))&&n.host===r.host&&l.activeElement===s&&(d.top.location.href=t.value))}},d.addEventListener(\"message\",d.wp.receiveEmbedMessage,!1),l.addEventListener(\"DOMContentLoaded\",function(){for(var e,t,s=l.querySelectorAll(\"iframe.wp-embedded-content\"),r=0;r<s.length;r++)(t=(e=s[r]).getAttribute(\"data-secret\"))||(t=Math.random().toString(36).substring(2,12),e.src+=\"#?secret=\"+t,e.setAttribute(\"data-secret\",t)),e.contentWindow.postMessage({message:\"ready\",secret:t},\"*\")},!1)))}(window,document);\n\/* ]]> *\/\n<\/script>\n","description":"Ferngespr\u00e4ch, das klingt nach etwas Besonderem, nach Ferne. Neulich stie\u00df ich in einem Telefonat mit einem Freund auf dieses Wort. Er sagte zu einem Kollegen, als er mit mir telefonierte, er f\u00fchre ein \u00bbFerngespr\u00e4ch\u00ab. Reaktion: Verwunderung. Er wohnt im Westen, genauer in Walldorf bei Frankfurt, und ich lebe in Dresden, also im Osten. Wir necken [&hellip;]"}

Ferngespräch: Mein Wort-Schatz - ZEIT der Leser

<blockquote class="wp-embedded-content" data-secret="V9bTA1vsxj"><a href="https://blog.zeit.de/zeit-der-leser/2012/08/10/mein-wort-schatz-ferngespraech/">Ferngespräch: Mein Wort-Schatz</a></blockquote><iframe sandbox="allow-scripts" security="restricted" src="https://blog.zeit.de/zeit-der-leser/2012/08/10/mein-wort-schatz-ferngespraech/embed/#?secret=V9bTA1vsxj" width="600" height="338" title="&#8222;Ferngespräch: Mein Wort-Schatz&#8220; &#8212; ZEIT der Leser" data-secret="V9bTA1vsxj" frameborder="0" marginwidth="0" marginheight="0" scrolling="no" class="wp-embedded-content"></iframe><script type="text/javascript">
/* <![CDATA[ */
/*! This file is auto-generated */
!function(d,l){"use strict";l.querySelector&&d.addEventListener&&"undefined"!=typeof URL&&(d.wp=d.wp||{},d.wp.receiveEmbedMessage||(d.wp.receiveEmbedMessage=function(e){var t=e.data;if((t||t.secret||t.message||t.value)&&!/[^a-zA-Z0-9]/.test(t.secret)){for(var s,r,n,a=l.querySelectorAll('iframe[data-secret="'+t.secret+'"]'),o=l.querySelectorAll('blockquote[data-secret="'+t.secret+'"]'),c=new RegExp("^https?:$","i"),i=0;i<o.length;i++)o[i].style.display="none";for(i=0;i<a.length;i++)s=a[i],e.source===s.contentWindow&&(s.removeAttribute("style"),"height"===t.message?(1e3<(r=parseInt(t.value,10))?r=1e3:~~r<200&&(r=200),s.height=r):"link"===t.message&&(r=new URL(s.getAttribute("src")),n=new URL(t.value),c.test(n.protocol))&&n.host===r.host&&l.activeElement===s&&(d.top.location.href=t.value))}},d.addEventListener("message",d.wp.receiveEmbedMessage,!1),l.addEventListener("DOMContentLoaded",function(){for(var e,t,s=l.querySelectorAll("iframe.wp-embedded-content"),r=0;r<s.length;r++)(t=(e=s[r]).getAttribute("data-secret"))||(t=Math.random().toString(36).substring(2,12),e.src+="#?secret="+t,e.setAttribute("data-secret",t)),e.contentWindow.postMessage({message:"ready",secret:t},"*")},!1)))}(window,document);
/* ]]> */
</script>

Ferngespräch, das klingt nach etwas Besonderem, nach Ferne. Neulich stieß ich in einem Telefonat mit einem Freund auf dieses Wort. Er sagte zu einem Kollegen, als er mit mir telefonierte, er führe ein »Ferngespräch«. Reaktion: Verwunderung. Er wohnt im Westen, genauer in Walldorf bei Frankfurt, und ich lebe in Dresden, also im Osten. Wir necken [&hellip;]
