{"version":"1.0","provider_name":"ZEIT der Leser","provider_url":"https:\/\/blog.zeit.de\/zeit-der-leser","author_name":"\"Zeit der Leser\"-Redaktion","author_url":"https:\/\/blog.zeit.de\/zeit-der-leser\/author\/zeit-der-leser-redaktion\/","title":"D\u00e4mmerstunde: Mein Wort-Schatz - ZEIT der Leser","type":"rich","width":600,"height":338,"html":"<blockquote class=\"wp-embedded-content\" data-secret=\"n0gnuTSccZ\"><a href=\"https:\/\/blog.zeit.de\/zeit-der-leser\/2012\/12\/06\/mein-wort-schatz-daemmerstunde\/\">D\u00e4mmerstunde: Mein Wort-Schatz<\/a><\/blockquote><iframe sandbox=\"allow-scripts\" security=\"restricted\" src=\"https:\/\/blog.zeit.de\/zeit-der-leser\/2012\/12\/06\/mein-wort-schatz-daemmerstunde\/embed\/#?secret=n0gnuTSccZ\" width=\"600\" height=\"338\" title=\"&#8222;D\u00e4mmerstunde: Mein Wort-Schatz&#8220; &#8212; ZEIT der Leser\" data-secret=\"n0gnuTSccZ\" frameborder=\"0\" marginwidth=\"0\" marginheight=\"0\" scrolling=\"no\" class=\"wp-embedded-content\"><\/iframe><script type=\"text\/javascript\">\n\/* <![CDATA[ *\/\n\/*! This file is auto-generated *\/\n!function(d,l){\"use strict\";l.querySelector&&d.addEventListener&&\"undefined\"!=typeof URL&&(d.wp=d.wp||{},d.wp.receiveEmbedMessage||(d.wp.receiveEmbedMessage=function(e){var t=e.data;if((t||t.secret||t.message||t.value)&&!\/[^a-zA-Z0-9]\/.test(t.secret)){for(var s,r,n,a=l.querySelectorAll('iframe[data-secret=\"'+t.secret+'\"]'),o=l.querySelectorAll('blockquote[data-secret=\"'+t.secret+'\"]'),c=new RegExp(\"^https?:$\",\"i\"),i=0;i<o.length;i++)o[i].style.display=\"none\";for(i=0;i<a.length;i++)s=a[i],e.source===s.contentWindow&&(s.removeAttribute(\"style\"),\"height\"===t.message?(1e3<(r=parseInt(t.value,10))?r=1e3:~~r<200&&(r=200),s.height=r):\"link\"===t.message&&(r=new URL(s.getAttribute(\"src\")),n=new URL(t.value),c.test(n.protocol))&&n.host===r.host&&l.activeElement===s&&(d.top.location.href=t.value))}},d.addEventListener(\"message\",d.wp.receiveEmbedMessage,!1),l.addEventListener(\"DOMContentLoaded\",function(){for(var e,t,s=l.querySelectorAll(\"iframe.wp-embedded-content\"),r=0;r<s.length;r++)(t=(e=s[r]).getAttribute(\"data-secret\"))||(t=Math.random().toString(36).substring(2,12),e.src+=\"#?secret=\"+t,e.setAttribute(\"data-secret\",t)),e.contentWindow.postMessage({message:\"ready\",secret:t},\"*\")},!1)))}(window,document);\n\/* ]]> *\/\n<\/script>\n","description":"Als Kind lebte ich mit meinen Eltern in einer kleinen Wohnung in Augsburg. Wenn es im Winter fr\u00fch dunkel wurde, klemmte meine Mutter sp\u00e4tnachmittags immer eine kleine Leselampe an unseren K\u00fcchentisch, legte einen Apfel zum Braten auf die hei\u00dfe Herdplatte und l\u00f6schte die Deckenbeleuchtung in unserer Wohnk\u00fcche. Dann kuschelten wir uns eng aneinander auf das [&hellip;]"}

Dämmerstunde: Mein Wort-Schatz - ZEIT der Leser

<blockquote class="wp-embedded-content" data-secret="n0gnuTSccZ"><a href="https://blog.zeit.de/zeit-der-leser/2012/12/06/mein-wort-schatz-daemmerstunde/">Dämmerstunde: Mein Wort-Schatz</a></blockquote><iframe sandbox="allow-scripts" security="restricted" src="https://blog.zeit.de/zeit-der-leser/2012/12/06/mein-wort-schatz-daemmerstunde/embed/#?secret=n0gnuTSccZ" width="600" height="338" title="&#8222;Dämmerstunde: Mein Wort-Schatz&#8220; &#8212; ZEIT der Leser" data-secret="n0gnuTSccZ" frameborder="0" marginwidth="0" marginheight="0" scrolling="no" class="wp-embedded-content"></iframe><script type="text/javascript">
/* <![CDATA[ */
/*! This file is auto-generated */
!function(d,l){"use strict";l.querySelector&&d.addEventListener&&"undefined"!=typeof URL&&(d.wp=d.wp||{},d.wp.receiveEmbedMessage||(d.wp.receiveEmbedMessage=function(e){var t=e.data;if((t||t.secret||t.message||t.value)&&!/[^a-zA-Z0-9]/.test(t.secret)){for(var s,r,n,a=l.querySelectorAll('iframe[data-secret="'+t.secret+'"]'),o=l.querySelectorAll('blockquote[data-secret="'+t.secret+'"]'),c=new RegExp("^https?:$","i"),i=0;i<o.length;i++)o[i].style.display="none";for(i=0;i<a.length;i++)s=a[i],e.source===s.contentWindow&&(s.removeAttribute("style"),"height"===t.message?(1e3<(r=parseInt(t.value,10))?r=1e3:~~r<200&&(r=200),s.height=r):"link"===t.message&&(r=new URL(s.getAttribute("src")),n=new URL(t.value),c.test(n.protocol))&&n.host===r.host&&l.activeElement===s&&(d.top.location.href=t.value))}},d.addEventListener("message",d.wp.receiveEmbedMessage,!1),l.addEventListener("DOMContentLoaded",function(){for(var e,t,s=l.querySelectorAll("iframe.wp-embedded-content"),r=0;r<s.length;r++)(t=(e=s[r]).getAttribute("data-secret"))||(t=Math.random().toString(36).substring(2,12),e.src+="#?secret="+t,e.setAttribute("data-secret",t)),e.contentWindow.postMessage({message:"ready",secret:t},"*")},!1)))}(window,document);
/* ]]> */
</script>

Als Kind lebte ich mit meinen Eltern in einer kleinen Wohnung in Augsburg. Wenn es im Winter früh dunkel wurde, klemmte meine Mutter spätnachmittags immer eine kleine Leselampe an unseren Küchentisch, legte einen Apfel zum Braten auf die heiße Herdplatte und löschte die Deckenbeleuchtung in unserer Wohnküche. Dann kuschelten wir uns eng aneinander auf das [&hellip;]
